{"id":126,"date":"2022-06-09T09:41:22","date_gmt":"2022-06-09T09:41:22","guid":{"rendered":"http:\/\/www.uhu.es\/fondoubertostabile\/?page_id=126"},"modified":"2022-06-09T09:41:22","modified_gmt":"2022-06-09T09:41:22","slug":"poesia-y-kontrakultura","status":"publish","type":"page","link":"http:\/\/www.uhu.es\/fondoubertostabile\/poesia-y-kontrakultura\/","title":{"rendered":"Poes\u00eda y Kontrakultura en el Fondo Uberto Stabile (8\/3\/2018)"},"content":{"rendered":"\n\n\t<p><strong>Poes\u00eda y Kontrakultura en el Fondo Uberto Stabile (8\/3\/2018)<\/strong><\/p>\n<p>El poeta, editor y gestor cultural Uberto Stabile imparti\u00f3 la conferencia &#8220;Poes\u00eda y Kontrakultura en el Fondo Uberto Stabile&#8221; en la Facultad de Humanidades, en la que reflexion\u00f3 sobre la presencia del pensamiento contrahegem\u00f3nico en sus proyectos po\u00e9ticos, tanto en los personales como en los que ha venido impulsando como editor. Stabile describi\u00f3 la fascinaci\u00f3n de los j\u00f3venes de los setenta por la literatura beat y la filosof\u00eda hippy, que llegaba de Estados Unidos de modo clandestino, a trav\u00e9s de bases militares como la de Rota, y que acab\u00f3 por infiltrar la producci\u00f3n contracultural de la \u00e9poca.<\/p>\n<p>La charla, a la que sigui\u00f3 un interesante debate con estudiantes de postgrado, tuvo lugar en la Sala de Juntas del Centro.<\/p>\n\t\t\t\t<img loading=\"lazy\" src=\"http:\/\/www.uhu.es\/fondoubertostabile\/wp-content\/uploads\/2022\/06\/poesia-y-kontrakultura.jpg\" alt=\"poesia y kontrakultura\" itemprop=\"image\" height=\"1263\" width=\"1786\" title=\"poesia y kontrakultura\" onerror=\"this.style.display='none'\"  \/>\n\t\t\t\t<img loading=\"lazy\" src=\"http:\/\/www.uhu.es\/fondoubertostabile\/wp-content\/uploads\/2022\/06\/28698693_344485732704777_4447233626868850599_o-1.jpg\" alt=\"28698693_344485732704777_4447233626868850599_o\" itemprop=\"image\" height=\"1512\" width=\"2016\" title=\"28698693_344485732704777_4447233626868850599_o\" onerror=\"this.style.display='none'\"  \/>\n\t\t\t\t<img loading=\"lazy\" src=\"http:\/\/www.uhu.es\/fondoubertostabile\/wp-content\/uploads\/2022\/06\/28618924_344485769371440_6127986062619384431_o.jpg\" alt=\"28618924_344485769371440_6127986062619384431_o\" itemprop=\"image\" height=\"1512\" width=\"2016\" title=\"28618924_344485769371440_6127986062619384431_o\" onerror=\"this.style.display='none'\"  \/>\n\t\t\t\t<img loading=\"lazy\" src=\"http:\/\/www.uhu.es\/fondoubertostabile\/wp-content\/uploads\/2022\/06\/28616854_344485656038118_6936754398285001331_o.jpg\" alt=\"28616854_344485656038118_6936754398285001331_o\" itemprop=\"image\" height=\"1512\" width=\"2016\" title=\"28616854_344485656038118_6936754398285001331_o\" onerror=\"this.style.display='none'\"  \/>\n\n","protected":false},"excerpt":{"rendered":"<p>Poes\u00eda y Kontrakultura en el Fondo Uberto Stabile (8\/3\/2018) El poeta, editor y gestor cultural Uberto Stabile imparti\u00f3 la conferencia &#8220;Poes\u00eda y Kontrakultura en el Fondo Uberto Stabile&#8221; en la Facultad de Humanidades, en la que reflexion\u00f3 sobre la presencia del pensamiento contrahegem\u00f3nico en sus proyectos po\u00e9ticos, tanto en los personales como en los que &hellip;<\/p>\n<p class=\"read-more\"> <a class=\"\" href=\"http:\/\/www.uhu.es\/fondoubertostabile\/poesia-y-kontrakultura\/\"> <span class=\"screen-reader-text\">Poes\u00eda y Kontrakultura en el Fondo Uberto Stabile (8\/3\/2018)<\/span> Read More &raquo;<\/a><\/p>\n","protected":false},"author":1,"featured_media":0,"parent":0,"menu_order":0,"comment_status":"closed","ping_status":"closed","template":"","meta":{"site-sidebar-layout":"no-sidebar","site-content-layout":"page-builder","ast-global-header-display":"","ast-main-header-display":"","ast-hfb-above-header-display":"","ast-hfb-below-header-display":"","ast-hfb-mobile-header-display":"","site-post-title":"disabled","ast-breadcrumbs-content":"","ast-featured-img":"disabled","footer-sml-layout":"","theme-transparent-header-meta":"default","adv-header-id-meta":"","stick-header-meta":"","header-above-stick-meta":"","header-main-stick-meta":"","header-below-stick-meta":""},"_links":{"self":[{"href":"http:\/\/www.uhu.es\/fondoubertostabile\/wp-json\/wp\/v2\/pages\/126"}],"collection":[{"href":"http:\/\/www.uhu.es\/fondoubertostabile\/wp-json\/wp\/v2\/pages"}],"about":[{"href":"http:\/\/www.uhu.es\/fondoubertostabile\/wp-json\/wp\/v2\/types\/page"}],"author":[{"embeddable":true,"href":"http:\/\/www.uhu.es\/fondoubertostabile\/wp-json\/wp\/v2\/users\/1"}],"replies":[{"embeddable":true,"href":"http:\/\/www.uhu.es\/fondoubertostabile\/wp-json\/wp\/v2\/comments?post=126"}],"version-history":[{"count":2,"href":"http:\/\/www.uhu.es\/fondoubertostabile\/wp-json\/wp\/v2\/pages\/126\/revisions"}],"predecessor-version":[{"id":132,"href":"http:\/\/www.uhu.es\/fondoubertostabile\/wp-json\/wp\/v2\/pages\/126\/revisions\/132"}],"wp:attachment":[{"href":"http:\/\/www.uhu.es\/fondoubertostabile\/wp-json\/wp\/v2\/media?parent=126"}],"curies":[{"name":"wp","href":"https:\/\/api.w.org\/{rel}","templated":true}]}}