{"id":134,"date":"2022-06-09T09:47:41","date_gmt":"2022-06-09T09:47:41","guid":{"rendered":"http:\/\/www.uhu.es\/fondoubertostabile\/?page_id=134"},"modified":"2022-06-09T09:54:47","modified_gmt":"2022-06-09T09:54:47","slug":"conferencia-de-nazario","status":"publish","type":"page","link":"http:\/\/www.uhu.es\/fondoubertostabile\/conferencia-de-nazario\/","title":{"rendered":"Conferencia de Nazario (27\/9\/2018)"},"content":{"rendered":"\n\n\t<p><strong>Conferencia de Nazario (27\/9\/2018)<\/strong><\/p>\n<p>Nazario Luque, el m\u00edtico dibujante del <em>underground<\/em> hisp\u00e1nico, imparti\u00f3 una charla el jueves 27 de septiembre de 2018 en el Sal\u00f3n de Actos de la Facultad de Educaci\u00f3n (Campus El Carmen).<\/p>\n<p>Nazario es uno de los artistas m\u00e1s destacados de la contracultura espa\u00f1ola de las \u00faltimas d\u00e9cadas. Su carrera transcurre entre Sevilla, de donde es originario, y Barcelona, a donde se traslada en 1972. All\u00ed pone en marcha, junto a Mariscal, Farry y Pepichek, el c\u00f3mic <em>El Rrollo<\/em>, edita el fanzine <em>La Pira\u00f1a Divina<\/em>, que le causar\u00e1 problemas con la polic\u00eda, y se hace un hueco en numerosas revistas nacionales e internacionales como <em>It<\/em>, <em>Frigidaire<\/em> o <em>Gai Pied<\/em>. Dibuja la portada del primer n\u00famero de la revista <em>El V\u00edbora<\/em>, en la que desarrollar\u00e1 la c\u00e9lebre serie &#8220;Anarcoma&#8221;, que narra las historias de una detective travesti y por la que se har\u00e1 famoso entre un p\u00fablico amplio. Lou Reed colocar\u00e1, sin permiso, un dibujo de Nazario como portada de su disco <em>Live: Take no prisoners<\/em> (1978), lo que ocasionar\u00e1 un pleito que ganar\u00e1 el artista sevillano algunos a\u00f1os despu\u00e9s.<\/p>\n<p>La vista de Nazario a la Universidad de Huelva es muy valiosa por la calidad de su testimonio, pero tambi\u00e9n porque su figura est\u00e1 presente en el propio Fondo Uberto Stabile, donde se encuentran varias publicaciones en las que ha participado y de las cuales se pudo ver una peque\u00f1a muestra el mismo d\u00eda de la conferencia.<\/p>\n\t<iframe loading=\"lazy\" src=\"https:\/\/www.facebook.com\/plugins\/video.php?height=314&#038;href=https%3A%2F%2Fwww.facebook.com%2FCIPHCN%2Fvideos%2F1980119155364267%2F&#038;show_text=false&#038;width=560&#038;t=0\" width=\"560\" height=\"314\" scrolling=\"no\" frameborder=\"0\" allowfullscreen=\"true\" allow=\"autoplay; clipboard-write; encrypted-media; picture-in-picture; web-share\" allowFullScreen=\"true\"><\/iframe>\n\t\t\t\t<img loading=\"lazy\" src=\"http:\/\/www.uhu.es\/fondoubertostabile\/wp-content\/uploads\/2022\/06\/Conferencia-Nazario-1.jpg\" alt=\"Conferencia-Nazario-1\" itemprop=\"image\" height=\"311\" width=\"700\" title=\"Conferencia-Nazario-1\" onerror=\"this.style.display='none'\"  \/>\n\t<p><strong>Revista de prensa<\/strong><\/p>\n<p><a href=\"https:\/\/huelvabuenasnoticias.com\/2018\/10\/01\/nazario-desgrana-en-la-universidad-de-huelva-el-movimiento-libertario-de-la-barcelona-de-los-anos-70\/\" target=\"_blank\" rel=\"noopener\">Nazario desgrana en la Universidad de Huelva el movimiento libertario de la Barcelona de los a\u00f1os 70 &#8211; Huelva Buenas Noticias<\/a><\/p>\n<p><a href=\"https:\/\/www.diariodehuelva.es\/2018\/09\/25\/dibujante-underground-nazario-da-una-charla-la-uhu\/\" target=\"_blank\" rel=\"noopener\">El dibujante <em>underground<\/em> Nazario da una charla en la UHU &#8211; Diario de Huelva<\/a><\/p>\n<p><a href=\"http:\/\/Nazario aborda en la UHU el movimiento libertario de la Barcelona de los 70\" target=\"_blank\" rel=\"noopener\">Nazario aborda en la UHU el movimiento libertario de la Barcelona de los 70 &#8211; HuelvaYa<\/a><\/p>\n\n","protected":false},"excerpt":{"rendered":"<p>Conferencia de Nazario (27\/9\/2018) Nazario Luque, el m\u00edtico dibujante del underground hisp\u00e1nico, imparti\u00f3 una charla el jueves 27 de septiembre de 2018 en el Sal\u00f3n de Actos de la Facultad de Educaci\u00f3n (Campus El Carmen). Nazario es uno de los artistas m\u00e1s destacados de la contracultura espa\u00f1ola de las \u00faltimas d\u00e9cadas. Su carrera transcurre entre &hellip;<\/p>\n<p class=\"read-more\"> <a class=\"\" href=\"http:\/\/www.uhu.es\/fondoubertostabile\/conferencia-de-nazario\/\"> <span class=\"screen-reader-text\">Conferencia de Nazario (27\/9\/2018)<\/span> Read More &raquo;<\/a><\/p>\n","protected":false},"author":1,"featured_media":0,"parent":0,"menu_order":0,"comment_status":"closed","ping_status":"closed","template":"","meta":{"site-sidebar-layout":"no-sidebar","site-content-layout":"page-builder","ast-global-header-display":"","ast-main-header-display":"","ast-hfb-above-header-display":"","ast-hfb-below-header-display":"","ast-hfb-mobile-header-display":"","site-post-title":"disabled","ast-breadcrumbs-content":"","ast-featured-img":"disabled","footer-sml-layout":"","theme-transparent-header-meta":"default","adv-header-id-meta":"","stick-header-meta":"","header-above-stick-meta":"","header-main-stick-meta":"","header-below-stick-meta":""},"_links":{"self":[{"href":"http:\/\/www.uhu.es\/fondoubertostabile\/wp-json\/wp\/v2\/pages\/134"}],"collection":[{"href":"http:\/\/www.uhu.es\/fondoubertostabile\/wp-json\/wp\/v2\/pages"}],"about":[{"href":"http:\/\/www.uhu.es\/fondoubertostabile\/wp-json\/wp\/v2\/types\/page"}],"author":[{"embeddable":true,"href":"http:\/\/www.uhu.es\/fondoubertostabile\/wp-json\/wp\/v2\/users\/1"}],"replies":[{"embeddable":true,"href":"http:\/\/www.uhu.es\/fondoubertostabile\/wp-json\/wp\/v2\/comments?post=134"}],"version-history":[{"count":4,"href":"http:\/\/www.uhu.es\/fondoubertostabile\/wp-json\/wp\/v2\/pages\/134\/revisions"}],"predecessor-version":[{"id":138,"href":"http:\/\/www.uhu.es\/fondoubertostabile\/wp-json\/wp\/v2\/pages\/134\/revisions\/138"}],"wp:attachment":[{"href":"http:\/\/www.uhu.es\/fondoubertostabile\/wp-json\/wp\/v2\/media?parent=134"}],"curies":[{"name":"wp","href":"https:\/\/api.w.org\/{rel}","templated":true}]}}

<p><strong>Conferencia de Nazario (27/9/2018)</strong></p>
<p>Nazario Luque, el mítico dibujante del <em>underground</em> hispánico, impartió una charla el jueves 27 de septiembre de 2018 en el Salón de Actos de la Facultad de Educación (Campus El Carmen).</p>
<p>Nazario es uno de los artistas más destacados de la contracultura española de las últimas décadas. Su carrera transcurre entre Sevilla, de donde es originario, y Barcelona, a donde se traslada en 1972. Allí pone en marcha, junto a Mariscal, Farry y Pepichek, el cómic <em>El Rrollo</em>, edita el fanzine <em>La Piraña Divina</em>, que le causará problemas con la policía, y se hace un hueco en numerosas revistas nacionales e internacionales como <em>It</em>, <em>Frigidaire</em> o <em>Gai Pied</em>. Dibuja la portada del primer número de la revista <em>El Víbora</em>, en la que desarrollará la célebre serie &#8220;Anarcoma&#8221;, que narra las historias de una detective travesti y por la que se hará famoso entre un público amplio. Lou Reed colocará, sin permiso, un dibujo de Nazario como portada de su disco <em>Live: Take no prisoners</em> (1978), lo que ocasionará un pleito que ganará el artista sevillano algunos años después.</p>
<p>La vista de Nazario a la Universidad de Huelva es muy valiosa por la calidad de su testimonio, pero también porque su figura está presente en el propio Fondo Uberto Stabile, donde se encuentran varias publicaciones en las que ha participado y de las cuales se pudo ver una pequeña muestra el mismo día de la conferencia.</p>
	<iframe loading="lazy" src="https://www.facebook.com/plugins/video.php?height=314&#038;href=https%3A%2F%2Fwww.facebook.com%2FCIPHCN%2Fvideos%2F1980119155364267%2F&#038;show_text=false&#038;width=560&#038;t=0" width="560" height="314" scrolling="no" frameborder="0" allowfullscreen="true" allow="autoplay; clipboard-write; encrypted-media; picture-in-picture; web-share" allowFullScreen="true"></iframe>
				<img loading="lazy" src="http://www.uhu.es/fondoubertostabile/wp-content/uploads/2022/06/Conferencia-Nazario-1.jpg" alt="Conferencia-Nazario-1" itemprop="image" height="311" width="700" title="Conferencia-Nazario-1" onerror="this.style.display='none'"  />
	<p><strong>Revista de prensa</strong></p>
<p><a href="https://huelvabuenasnoticias.com/2018/10/01/nazario-desgrana-en-la-universidad-de-huelva-el-movimiento-libertario-de-la-barcelona-de-los-anos-70/" target="_blank" rel="noopener">Nazario desgrana en la Universidad de Huelva el movimiento libertario de la Barcelona de los años 70 &#8211; Huelva Buenas Noticias</a></p>
<p><a href="https://www.diariodehuelva.es/2018/09/25/dibujante-underground-nazario-da-una-charla-la-uhu/" target="_blank" rel="noopener">El dibujante <em>underground</em> Nazario da una charla en la UHU &#8211; Diario de Huelva</a></p>
<p><a href="http://Nazario aborda en la UHU el movimiento libertario de la Barcelona de los 70" target="_blank" rel="noopener">Nazario aborda en la UHU el movimiento libertario de la Barcelona de los 70 &#8211; HuelvaYa</a></p>

<p>Conferencia de Nazario (27/9/2018) Nazario Luque, el mítico dibujante del underground hispánico, impartió una charla el jueves 27 de septiembre de 2018 en el Salón de Actos de la Facultad de Educación (Campus El Carmen). Nazario es uno de los artistas más destacados de la contracultura española de las últimas décadas. Su carrera transcurre entre &hellip;</p>
<p class="read-more"> <a class="" href="http://www.uhu.es/fondoubertostabile/conferencia-de-nazario/"> <span class="screen-reader-text">Conferencia de Nazario (27/9/2018)</span> Read More &raquo;</a></p>
