{"id":54,"date":"2022-06-08T08:02:03","date_gmt":"2022-06-08T08:02:03","guid":{"rendered":"http:\/\/www.uhu.es\/fondoubertostabile\/?page_id=54"},"modified":"2022-06-13T06:13:16","modified_gmt":"2022-06-13T06:13:16","slug":"inicio","status":"publish","type":"page","link":"http:\/\/www.uhu.es\/fondoubertostabile\/","title":{"rendered":"Inicio"},"content":{"rendered":"\n\n\t<p><strong>El Fondo Uberto Stabile<\/strong><\/p>\n\t\t\t\t<img loading=\"lazy\" src=\"http:\/\/www.uhu.es\/fondoubertostabile\/wp-content\/uploads\/2022\/06\/IMG_4310-1024x768-1.jpg\" alt=\"IMG_4310-1024x768\" itemprop=\"image\" height=\"768\" width=\"1024\" title=\"IMG_4310-1024x768\" onerror=\"this.style.display='none'\"  \/>\n\t\t\t\t<img loading=\"lazy\" src=\"http:\/\/www.uhu.es\/fondoubertostabile\/wp-content\/uploads\/2022\/06\/IMG_4312-1024x768-1.jpg\" alt=\"IMG_4312-1024x768\" itemprop=\"image\" height=\"768\" width=\"1024\" title=\"IMG_4312-1024x768\" onerror=\"this.style.display='none'\"  \/>\n\t\t\t\t<img loading=\"lazy\" src=\"http:\/\/www.uhu.es\/fondoubertostabile\/wp-content\/uploads\/2022\/06\/IMG_4309-1024x768-1.jpg\" alt=\"IMG_4309-1024x768\" itemprop=\"image\" height=\"768\" width=\"1024\" title=\"IMG_4309-1024x768\" onerror=\"this.style.display='none'\"  \/>\n\t<p>El Fondo Uberto Stabile es fruto de la donaci\u00f3n realizada por Uberto Stabile (Valencia, 1959) a la Facultad de Humanidades de la Universidad de Huelva en 2017. Recoge un important\u00edsimo material bibliogr\u00e1fico, vivo y en crecimiento, que el propio Stabile ha ido recopilando a lo largo de su actividad como poeta, editor, periodista, cr\u00edtico, traductor y dinamizador cultural en Valencia, Madrid, Roma, Alicante, Bolonia Huelva.<\/p>\n<p>Tras impulsar revistas como <em>Xenia<\/em>, <em>Samarcanda<\/em>, <em>Cuadernos del mar<\/em>, <em>Bananas<\/em> u <em>Obra Abierta<\/em>, Stabile (Valencia, 1959) fue cofundador de la Uni\u00f3 d&#8217;Escriptors del Pa\u00eds Valenci\u00e0 y editor de la revista <em>Aullido<\/em>, en la que participaron voces fundamentales de la poes\u00eda ib\u00e9rica. Desde 1994, organiza el Encuentro Internacional de Editoriales Independientes y Ediciones Alternativas (EDITA) que ha ido ampliando su espectro al \u00e1mbito iberoamericano y, en los \u00faltimos a\u00f1os, participa en Palabra Ib\u00e9rica, un encuentro de escritores hispano-luso.<\/p>\n<p>El Fondo est\u00e1 constituido por revistas, con m\u00e1s de mil doscientos t\u00edtulos, pero tambi\u00e9n por libros y publicaciones de dif\u00edcil clasificaci\u00f3n, como revistas ensambladas y arte postal, que suman un total de m\u00e1s de diez mil vol\u00famenes. Adem\u00e1s, el Fondo posee un enorme valor patrimonial por la amplitud del espacio geogr\u00e1fico que abarca y por la singularidad de muchas de sus cabeceras, de corta pervivencia en el tiempo y ligadas a movimientos alternativos de las \u00faltimas d\u00e9cadas. Desde <em>La Luna de Madrid<\/em> hasta <em>La Lata<\/em> o <em>Chili con Carne<\/em>, este dep\u00f3sito constituye un espacio polif\u00f3nico y un recurso inestimable para iluminar y estudiar m\u00e1rgenes de la producci\u00f3n cultural de las \u00faltimas d\u00e9cadas que han quedado oscurecidos por el discurso dominante.<\/p>\n\n\t\t\t\t<img loading=\"lazy\" src=\"http:\/\/www.uhu.es\/fondoubertostabile\/wp-content\/uploads\/2022\/06\/E8BE104D-D5BA-42A5-8624-13BC4F7BAE3E-1024x768-1.jpeg\" alt=\"E8BE104D-D5BA-42A5-8624-13BC4F7BAE3E-1024x768\" itemprop=\"image\" height=\"768\" width=\"1024\" title=\"E8BE104D-D5BA-42A5-8624-13BC4F7BAE3E-1024x768\" onerror=\"this.style.display='none'\"  \/>\n\t\t\t\t<img loading=\"lazy\" src=\"http:\/\/www.uhu.es\/fondoubertostabile\/wp-content\/uploads\/2022\/06\/27D3DCF1-A560-4779-B756-3D83C5F04474-1024x716-1.jpeg\" alt=\"27D3DCF1-A560-4779-B756-3D83C5F04474-1024x716\" itemprop=\"image\" height=\"716\" width=\"1024\" title=\"27D3DCF1-A560-4779-B756-3D83C5F04474-1024x716\" onerror=\"this.style.display='none'\"  \/>\n\t\t\t\t<img loading=\"lazy\" src=\"http:\/\/www.uhu.es\/fondoubertostabile\/wp-content\/uploads\/2022\/06\/C66503B5-D601-4C5E-84FB-867CFF546067-1024x768-1.jpeg\" alt=\"C66503B5-D601-4C5E-84FB-867CFF546067-1024x768\" itemprop=\"image\" height=\"768\" width=\"1024\" title=\"C66503B5-D601-4C5E-84FB-867CFF546067-1024x768\" onerror=\"this.style.display='none'\"  \/>\n\t\t\t\t<img loading=\"lazy\" src=\"http:\/\/www.uhu.es\/fondoubertostabile\/wp-content\/uploads\/2022\/06\/IMG_2607-1024x768-1.jpg\" alt=\"IMG_2607-1024x768\" itemprop=\"image\" height=\"768\" width=\"1024\" title=\"IMG_2607-1024x768\" onerror=\"this.style.display='none'\"  \/>\n\t\t\t\t<img loading=\"lazy\" src=\"http:\/\/www.uhu.es\/fondoubertostabile\/wp-content\/uploads\/2022\/06\/IMG_2607-1024x768-2.jpg\" alt=\"IMG_2607-1024x768\" itemprop=\"image\" height=\"768\" width=\"1024\" title=\"IMG_2607-1024x768\" onerror=\"this.style.display='none'\"  \/>\n\t\t\t\t<img loading=\"lazy\" src=\"http:\/\/www.uhu.es\/fondoubertostabile\/wp-content\/uploads\/2022\/06\/IMG_2601-1024x768-1.jpg\" alt=\"IMG_2601-1024x768\" itemprop=\"image\" height=\"768\" width=\"1024\" title=\"IMG_2601-1024x768\" onerror=\"this.style.display='none'\"  \/>\n\t<p>El Fondo Uberto Stabile est\u00e1 custodiado en el <a href=\"http:\/\/www.uhu.es\/ciphcn\" target=\"_blank\" rel=\"noopener\">Centro de Investigaci\u00f3n en Patrimonio Hist\u00f3rico, Cultural y Natural de la Facultad de Humanidades de la Universidad de Huelva<\/a>. Su ordenaci\u00f3n y estudio del Fondo est\u00e1n siendo objeto del proyecto de investigaci\u00f3n <a href=\"http:\/\/www.uhu.es\/fondoubertostabile\/proyecto-de-investigacion\/\"><u>&#8220;<\/u><u>Catalogaci\u00f3n, digitalizaci\u00f3n y estudio del Fondo Uberto Stabile de publicaciones peri\u00f3dicas: hacia una puesta en valor del patrimonio cultural de la Universidad de Huelva (1970-actualidad) (UHU-1260402<\/u><u>)&#8221;<\/u><\/a>, financiado por Programa Operativo FEDER Andaluc\u00eda 2014-2020, para el periodo 2020-2022, en colaboraci\u00f3n con la Biblioteca Universitaria.<\/p>\n\t<iframe loading=\"lazy\" width=\"560\" height=\"315\" src=\"https:\/\/www.youtube.com\/embed\/k8hdDTSxGDA\" title=\"YouTube video player\" frameborder=\"0\" allow=\"accelerometer; autoplay; clipboard-write; encrypted-media; gyroscope; picture-in-picture\" allowfullscreen><\/iframe>\n\n","protected":false},"excerpt":{"rendered":"<p>El Fondo Uberto Stabile El Fondo Uberto Stabile es fruto de la donaci\u00f3n realizada por Uberto Stabile (Valencia, 1959) a la Facultad de Humanidades de la Universidad de Huelva en 2017. Recoge un important\u00edsimo material bibliogr\u00e1fico, vivo y en crecimiento, que el propio Stabile ha ido recopilando a lo largo de su actividad como poeta, &hellip;<\/p>\n<p class=\"read-more\"> <a class=\"\" href=\"http:\/\/www.uhu.es\/fondoubertostabile\/\"> <span class=\"screen-reader-text\">Inicio<\/span> Read More &raquo;<\/a><\/p>\n","protected":false},"author":1,"featured_media":0,"parent":0,"menu_order":0,"comment_status":"closed","ping_status":"closed","template":"","meta":{"site-sidebar-layout":"no-sidebar","site-content-layout":"page-builder","ast-global-header-display":"","ast-main-header-display":"","ast-hfb-above-header-display":"","ast-hfb-below-header-display":"","ast-hfb-mobile-header-display":"","site-post-title":"disabled","ast-breadcrumbs-content":"","ast-featured-img":"disabled","footer-sml-layout":"","theme-transparent-header-meta":"default","adv-header-id-meta":"","stick-header-meta":"","header-above-stick-meta":"","header-main-stick-meta":"","header-below-stick-meta":""},"_links":{"self":[{"href":"http:\/\/www.uhu.es\/fondoubertostabile\/wp-json\/wp\/v2\/pages\/54"}],"collection":[{"href":"http:\/\/www.uhu.es\/fondoubertostabile\/wp-json\/wp\/v2\/pages"}],"about":[{"href":"http:\/\/www.uhu.es\/fondoubertostabile\/wp-json\/wp\/v2\/types\/page"}],"author":[{"embeddable":true,"href":"http:\/\/www.uhu.es\/fondoubertostabile\/wp-json\/wp\/v2\/users\/1"}],"replies":[{"embeddable":true,"href":"http:\/\/www.uhu.es\/fondoubertostabile\/wp-json\/wp\/v2\/comments?post=54"}],"version-history":[{"count":9,"href":"http:\/\/www.uhu.es\/fondoubertostabile\/wp-json\/wp\/v2\/pages\/54\/revisions"}],"predecessor-version":[{"id":213,"href":"http:\/\/www.uhu.es\/fondoubertostabile\/wp-json\/wp\/v2\/pages\/54\/revisions\/213"}],"wp:attachment":[{"href":"http:\/\/www.uhu.es\/fondoubertostabile\/wp-json\/wp\/v2\/media?parent=54"}],"curies":[{"name":"wp","href":"https:\/\/api.w.org\/{rel}","templated":true}]}}

<p><strong>El Fondo Uberto Stabile</strong></p>
				<img loading="lazy" src="http://www.uhu.es/fondoubertostabile/wp-content/uploads/2022/06/IMG_4310-1024x768-1.jpg" alt="IMG_4310-1024x768" itemprop="image" height="768" width="1024" title="IMG_4310-1024x768" onerror="this.style.display='none'"  />
				<img loading="lazy" src="http://www.uhu.es/fondoubertostabile/wp-content/uploads/2022/06/IMG_4312-1024x768-1.jpg" alt="IMG_4312-1024x768" itemprop="image" height="768" width="1024" title="IMG_4312-1024x768" onerror="this.style.display='none'"  />
				<img loading="lazy" src="http://www.uhu.es/fondoubertostabile/wp-content/uploads/2022/06/IMG_4309-1024x768-1.jpg" alt="IMG_4309-1024x768" itemprop="image" height="768" width="1024" title="IMG_4309-1024x768" onerror="this.style.display='none'"  />
	<p>El Fondo Uberto Stabile es fruto de la donación realizada por Uberto Stabile (Valencia, 1959) a la Facultad de Humanidades de la Universidad de Huelva en 2017. Recoge un importantísimo material bibliográfico, vivo y en crecimiento, que el propio Stabile ha ido recopilando a lo largo de su actividad como poeta, editor, periodista, crítico, traductor y dinamizador cultural en Valencia, Madrid, Roma, Alicante, Bolonia Huelva.</p>
<p>Tras impulsar revistas como <em>Xenia</em>, <em>Samarcanda</em>, <em>Cuadernos del mar</em>, <em>Bananas</em> u <em>Obra Abierta</em>, Stabile (Valencia, 1959) fue cofundador de la Unió d&#8217;Escriptors del País Valencià y editor de la revista <em>Aullido</em>, en la que participaron voces fundamentales de la poesía ibérica. Desde 1994, organiza el Encuentro Internacional de Editoriales Independientes y Ediciones Alternativas (EDITA) que ha ido ampliando su espectro al ámbito iberoamericano y, en los últimos años, participa en Palabra Ibérica, un encuentro de escritores hispano-luso.</p>
<p>El Fondo está constituido por revistas, con más de mil doscientos títulos, pero también por libros y publicaciones de difícil clasificación, como revistas ensambladas y arte postal, que suman un total de más de diez mil volúmenes. Además, el Fondo posee un enorme valor patrimonial por la amplitud del espacio geográfico que abarca y por la singularidad de muchas de sus cabeceras, de corta pervivencia en el tiempo y ligadas a movimientos alternativos de las últimas décadas. Desde <em>La Luna de Madrid</em> hasta <em>La Lata</em> o <em>Chili con Carne</em>, este depósito constituye un espacio polifónico y un recurso inestimable para iluminar y estudiar márgenes de la producción cultural de las últimas décadas que han quedado oscurecidos por el discurso dominante.</p>

				<img loading="lazy" src="http://www.uhu.es/fondoubertostabile/wp-content/uploads/2022/06/E8BE104D-D5BA-42A5-8624-13BC4F7BAE3E-1024x768-1.jpeg" alt="E8BE104D-D5BA-42A5-8624-13BC4F7BAE3E-1024x768" itemprop="image" height="768" width="1024" title="E8BE104D-D5BA-42A5-8624-13BC4F7BAE3E-1024x768" onerror="this.style.display='none'"  />
				<img loading="lazy" src="http://www.uhu.es/fondoubertostabile/wp-content/uploads/2022/06/27D3DCF1-A560-4779-B756-3D83C5F04474-1024x716-1.jpeg" alt="27D3DCF1-A560-4779-B756-3D83C5F04474-1024x716" itemprop="image" height="716" width="1024" title="27D3DCF1-A560-4779-B756-3D83C5F04474-1024x716" onerror="this.style.display='none'"  />
				<img loading="lazy" src="http://www.uhu.es/fondoubertostabile/wp-content/uploads/2022/06/C66503B5-D601-4C5E-84FB-867CFF546067-1024x768-1.jpeg" alt="C66503B5-D601-4C5E-84FB-867CFF546067-1024x768" itemprop="image" height="768" width="1024" title="C66503B5-D601-4C5E-84FB-867CFF546067-1024x768" onerror="this.style.display='none'"  />
				<img loading="lazy" src="http://www.uhu.es/fondoubertostabile/wp-content/uploads/2022/06/IMG_2607-1024x768-1.jpg" alt="IMG_2607-1024x768" itemprop="image" height="768" width="1024" title="IMG_2607-1024x768" onerror="this.style.display='none'"  />
				<img loading="lazy" src="http://www.uhu.es/fondoubertostabile/wp-content/uploads/2022/06/IMG_2607-1024x768-2.jpg" alt="IMG_2607-1024x768" itemprop="image" height="768" width="1024" title="IMG_2607-1024x768" onerror="this.style.display='none'"  />
				<img loading="lazy" src="http://www.uhu.es/fondoubertostabile/wp-content/uploads/2022/06/IMG_2601-1024x768-1.jpg" alt="IMG_2601-1024x768" itemprop="image" height="768" width="1024" title="IMG_2601-1024x768" onerror="this.style.display='none'"  />
	<p>El Fondo Uberto Stabile está custodiado en el <a href="http://www.uhu.es/ciphcn" target="_blank" rel="noopener">Centro de Investigación en Patrimonio Histórico, Cultural y Natural de la Facultad de Humanidades de la Universidad de Huelva</a>. Su ordenación y estudio del Fondo están siendo objeto del proyecto de investigación <a href="http://www.uhu.es/fondoubertostabile/proyecto-de-investigacion/"><u>&#8220;</u><u>Catalogación, digitalización y estudio del Fondo Uberto Stabile de publicaciones periódicas: hacia una puesta en valor del patrimonio cultural de la Universidad de Huelva (1970-actualidad) (UHU-1260402</u><u>)&#8221;</u></a>, financiado por Programa Operativo FEDER Andalucía 2014-2020, para el periodo 2020-2022, en colaboración con la Biblioteca Universitaria.</p>
	<iframe loading="lazy" width="560" height="315" src="https://www.youtube.com/embed/k8hdDTSxGDA" title="YouTube video player" frameborder="0" allow="accelerometer; autoplay; clipboard-write; encrypted-media; gyroscope; picture-in-picture" allowfullscreen></iframe>

<p>El Fondo Uberto Stabile El Fondo Uberto Stabile es fruto de la donación realizada por Uberto Stabile (Valencia, 1959) a la Facultad de Humanidades de la Universidad de Huelva en 2017. Recoge un importantísimo material bibliográfico, vivo y en crecimiento, que el propio Stabile ha ido recopilando a lo largo de su actividad como poeta, &hellip;</p>
<p class="read-more"> <a class="" href="http://www.uhu.es/fondoubertostabile/"> <span class="screen-reader-text">Inicio</span> Read More &raquo;</a></p>
