{"id":85,"date":"2023-03-06T18:55:38","date_gmt":"2023-03-06T18:55:38","guid":{"rendered":"http:\/\/uhu.es\/aula-museo-geologia\/?page_id=85"},"modified":"2023-03-08T16:35:06","modified_gmt":"2023-03-08T16:35:06","slug":"proyecto-museo-mineralogia","status":"publish","type":"page","link":"https:\/\/www.uhu.es\/aula-museo-geologia\/proyecto-museo-mineralogia\/","title":{"rendered":"Proyecto"},"content":{"rendered":"\n<div class=\"wp-block-cover alignfull\"><span aria-hidden=\"true\" class=\"wp-block-cover__background has-ast-global-color-0-background-color has-background-dim\"><\/span><img decoding=\"async\" loading=\"lazy\" width=\"1920\" height=\"401\" class=\"wp-block-cover__image-background wp-image-138\" alt=\"\" src=\"http:\/\/uhu.es\/aula-museo-geologia\/wp-content\/uploads\/2023\/03\/novedades.jpg\" data-object-fit=\"cover\" srcset=\"https:\/\/www.uhu.es\/aula-museo-geologia\/wp-content\/uploads\/2023\/03\/novedades.jpg 1920w, https:\/\/www.uhu.es\/aula-museo-geologia\/wp-content\/uploads\/2023\/03\/novedades-300x63.jpg 300w, https:\/\/www.uhu.es\/aula-museo-geologia\/wp-content\/uploads\/2023\/03\/novedades-1024x214.jpg 1024w, https:\/\/www.uhu.es\/aula-museo-geologia\/wp-content\/uploads\/2023\/03\/novedades-768x160.jpg 768w, https:\/\/www.uhu.es\/aula-museo-geologia\/wp-content\/uploads\/2023\/03\/novedades-1536x321.jpg 1536w\" sizes=\"(max-width: 1920px) 100vw, 1920px\" \/><div class=\"wp-block-cover__inner-container\">\n<h2 class=\"has-text-align-center has-large-font-size\">Proyecto de Museo de Mineralog\u00eda<\/h2>\n<\/div><\/div>\n\n\n\n<div style=\"height:100px\" aria-hidden=\"true\" class=\"wp-block-spacer\"><\/div>\n\n\n\n<h2>El proyecto<\/h2>\n\n\n\n<p>Con esta propuesta se ha creado un centro o museo virtual de Mineralog\u00eda mediante la aplicaci\u00f3n de metodolog\u00edas, herramientas y recursos inform\u00e1ticos que favorecen la valorizaci\u00f3n y difusi\u00f3n del patrimonio mineral\u00f3gico de la UHU, a trav\u00e9s de un espacio web corporativo organizado mediante una estructura hipertextual. As\u00ed mismo, el proyecto se concibe con una decidida voluntad pedag\u00f3gica y educativa, que permitir\u00e1 la creaci\u00f3n de un recurso did\u00e1ctico interactivo, como complemento y potenciaci\u00f3n del aprendizaje de la Mineralog\u00eda en un entorno virtual.<\/p>\n\n\n\n<p>La creaci\u00f3n del museo virtual de Mineralog\u00eda de la UHU es un proyecto abierto y flexible, con posibilidades de ampliar sus contenidos a otros elementos geol\u00f3gicos de inter\u00e9s museogr\u00e1fico, como las rocas y los f\u00f3siles. Por consiguiente, la idea se proyecta hacia el futuro con la intenci\u00f3n de crear un centro virtual de divulgaci\u00f3n de las Ciencias Geol\u00f3gicas.<\/p>\n\n\n\n<p>El museo virtual de Mineralog\u00eda no pretende suplantar a las exposiciones y colecciones reales de la UHU, ni el contacto f\u00edsico de los estudiantes con los minerales, se trata de un recurso complementario para incentivar la visita presencial y el trabajo en las sesiones de pr\u00e1cticas.<\/p>\n\n\n\n<h2>Justificaci\u00f3n<\/h2>\n\n\n\n<p>El Vicerrectorado de Investigaci\u00f3n de la UHU ha habilitado recientemente en el edificio Marie Curie un espacio expositivo donde se exhibe una colecci\u00f3n de minerales mediante el sistema tradicional de museo-vitrina. La exposici\u00f3n tiene un indudable inter\u00e9s cient\u00edfico y educativo para la formaci\u00f3n de muchos graduados (ge\u00f3logos, ingenieros de minas, qu\u00edmicos, ambient\u00f3logos, etc.), y contribuye a la divulgaci\u00f3n de estos peque\u00f1os tesoros de la naturaleza entre la comunidad universitaria y visitantes en general.<\/p>\n\n\n\n<p>Las muestras de la exposici\u00f3n forman parte del patrimonio mineral\u00f3gico de la UHU, junto con otras piezas almacenadas en las litotecas de los Departamentos de Geolog\u00eda y de Ingenier\u00eda Minera, que habitualmente se utilizan en las clases de reconocimiento visual de minerales y, por consiguiente, tienen un uso limitado al alumnado durante las sesiones de pr\u00e1cticas.<\/p>\n\n\n\n<p>El advenimiento de los sistemas de comunicaci\u00f3n digitales a trav\u00e9s de redes de ordenador, y m\u00e1s concretamente Internet, est\u00e1n creando un nuevo modelo de presentaci\u00f3n y accesibilidad para museos y centros de divulgaci\u00f3n cient\u00edfica, redefiniendo su papel como instituciones dedicadas a aumentar el grado de percepci\u00f3n p\u00fablica de la ciencia y de la tecnolog\u00eda (Sabbatini, 2004). Surge, por tanto, la posibilidad de utilizar el entorno virtual como medio educacional, superando las limitaciones impuestas por el m\u00e9todo tradicional de organizar y presentar la informaci\u00f3n, y al mismo tiempo como una opci\u00f3n ideal para poner en valor el patrimonio mineral\u00f3gico que atesora la UHU.<\/p>\n\n\n\n<p>En efecto, los museos virtuales poseen el potencial de trascender las limitaciones f\u00edsicas de espacio y tiempo del museo tradicional, proporcionando m\u00faltiples niveles, perspectivas y dimensiones de informaci\u00f3n, en este caso sobre la ciencia de los minerales. Con la incorporaci\u00f3n de sistemas multimedia y nuevos entornos did\u00e1cticos virtuales, la UHU puede ofrecer un acceso universal a las piezas y a la informaci\u00f3n mineral\u00f3gica de un modo \u00e1gil, din\u00e1mico e interactivo, facilitando un aprendizaje m\u00e1s aut\u00f3nomo y una mayor participaci\u00f3n en las actividades grupales, lo cual suele aumentar el inter\u00e9s y la motivaci\u00f3n de los estudiantes, e incentivar la visita presencial.<\/p>\n\n\n\n<p>En definitiva, la creaci\u00f3n del museo virtual de Mineralog\u00eda de la UHU es un paso m\u00e1s en el proceso de adaptaci\u00f3n a las nuevas tecnolog\u00edas de informaci\u00f3n y comunicaci\u00f3n, para afrontar los retos que plantea el nuevo modelo educativo de ense\u00f1anza-aprendizaje.<\/p>\n\n\n\n<p><strong>Referencias:<\/strong><br>abbatini M. (2004): Museos y Centros de Ciencia Virtuales. Complementaci\u00f3n y Potenciaci\u00f3n del Aprendizaje a trav\u00e9s de Experimentos Virtuales. Tesis Doctoral, Universidad de Salamanca.<\/p>\n\n\n\n<h2>Objetivos<\/h2>\n\n\n\n<p>La creaci\u00f3n del museo virtual de Mineralog\u00eda de la UHU tiene los siguientes objetivos concretos:<\/p>\n\n\n\n<ol>\n<li>Proyectar de una forma novedosa e interactiva el patrimonio mineral\u00f3gico de la UHU, a trav\u00e9s de un espacio web corporativo organizado mediante una estructura hipertextual que permita reunir textos, im\u00e1genes e interactividad.<\/li>\n\n\n\n<li>Proporcionar un recurso did\u00e1ctico que sirva como complemento y potenciaci\u00f3n del aprendizaje de la Ciencia de los Minerales en un entorno virtual, a\u00f1adiendo a la conservaci\u00f3n y presentaci\u00f3n del patrimonio mineral\u00f3gico una decidida voluntad pedag\u00f3gica y educativa.<\/li>\n<\/ol>\n\n\n\n<h2>Metodolog\u00eda<\/h2>\n\n\n\n<p>El plan metodol\u00f3gico ha incluido las siguientes actuaciones:<\/p>\n\n\n\n<ol>\n<li><strong>Selecci\u00f3n y catalogaci\u00f3n de piezas<\/strong><\/li>\n\n\n\n<li><strong>Digitalizaci\u00f3n y edici\u00f3n fotogr\u00e1fica<\/strong><\/li>\n\n\n\n<li><strong>Estructuraci\u00f3n de los contenidos digitales<\/strong><\/li>\n\n\n\n<li><strong>Dise\u00f1o e implementaci\u00f3n de la p\u00e1gina web<\/strong><\/li>\n<\/ol>\n\n\n\n<h2>Alumnos<\/h2>\n\n\n\n<p>El alumnado de la Universidad de Huelva (UHU) directamente afectado por el Proyecto se encuentra en la Facultad de Ciencias Experimentales, donde se imparten asignaturas relacionadas con la Mineralog\u00eda en los Grados de Geolog\u00eda, Qu\u00edmica y Ambientales, as\u00ed como en la Escuela T\u00e9cnica Superior de Ingenier\u00eda, en el Grado de Ingenier\u00eda en Explotaci\u00f3n de Minas y Recursos Energ\u00e9ticos.<\/p>\n\n\n\n<p>No obstante, el museo virtual tiene la ventaja de permitir el acceso remoto a cualquier cibernauta interesado en sus contenidos digitales, a cualquier hora y desde cualquier lugar del mundo, por lo que su radio de acci\u00f3n puede considerarse ilimitado.<\/p>\n\n\n\n<h2>Equipo<\/h2>\n\n\n\n<ul>\n<li>Juan Carlos Fern\u00e1ndez Caliani Departamento Geolog\u00eda UHU caliani@uhu.es <\/li>\n\n\n\n<li>Jes\u00fas de la Rosa D\u00edaz Departamento Geolog\u00eda UHU jesus@uhu.es <\/li>\n\n\n\n<li>Emilio Romero Mac\u00edas Departamento Ingenier\u00eda Minera UHU romaci@uhu.es <\/li>\n\n\n\n<li>Ana Requena Abujeta Departamento Ingenier\u00eda Minera UHU requena@uhu.es <\/li>\n\n\n\n<li>Daniel Ponce Guardiola Servicio de Ense\u00f1anza Virtual UHU dani.ponce@cv.uhu.es <\/li>\n\n\n\n<li>Emilio Gal\u00e1n Huertos Catedr\u00e1tico de Cristalograf\u00eda y Mineralog\u00eda de la Universidad de Sevilla Director del Museo de Geolog\u00eda de la Universidad de Sevilla egalan@us.es <\/li>\n\n\n\n<li>Rafael Lozano Fern\u00e1ndez Doctor en Ciencias Geol\u00f3gicas Investigador Titular OPI en el Museo Geominero del Instituto Geol\u00f3gico y Minero de Espa\u00f1a r.lozano@igme.es<\/li>\n\n\n\n<li>Aquilino Delgado Dom\u00ednguez Director del Museo Minero y Ferroviario de Riotinto museomineroriotinto@telefonica.net <\/li>\n\n\n\n<li>Ana S\u00e1nchez de la Campa Doctora en Geolog\u00eda Contratada del Programa Juan de la Cierva en la Estaci\u00f3n Experimental del Zaid\u00edn (CSIC) asanchezdelacampa@gmail.com <\/li>\n\n\n\n<li>Rafael Rodr\u00edguez Dur\u00e1n Estudiante de la Licenciatura de Geolog\u00eda de la UHU Alumno colaborador del Proyecto rafael.duran@alu.uhu.es <\/li>\n\n\n\n<li>Miguel \u00c1ngel Casalv\u00e1zquez Jaramillo T\u00e9cnico de Laboratorio del Departamento de Geolog\u00eda de la UHU Webmaster del Proyecto casalvaz@uhu.es<\/li>\n<\/ul>\n","protected":false},"excerpt":{"rendered":"<p>El proyecto Con esta propuesta se ha creado un centro o museo virtual de Mineralog\u00eda mediante la aplicaci\u00f3n de metodolog\u00edas, herramientas y recursos inform\u00e1ticos que favorecen la valorizaci\u00f3n y difusi\u00f3n del patrimonio mineral\u00f3gico de la UHU, a trav\u00e9s de un espacio web corporativo organizado mediante una estructura hipertextual. As\u00ed mismo, el proyecto se concibe con &hellip;<\/p>\n<p class=\"read-more\"> <a class=\"\" href=\"https:\/\/www.uhu.es\/aula-museo-geologia\/proyecto-museo-mineralogia\/\"> <span class=\"screen-reader-text\">Proyecto<\/span> Read More &raquo;<\/a><\/p>\n","protected":false},"author":1,"featured_media":0,"parent":0,"menu_order":0,"comment_status":"closed","ping_status":"closed","template":"","meta":{"site-sidebar-layout":"default","site-content-layout":"","ast-site-content-layout":"","site-content-style":"default","site-sidebar-style":"default","ast-global-header-display":"","ast-banner-title-visibility":"","ast-main-header-display":"","ast-hfb-above-header-display":"","ast-hfb-below-header-display":"","ast-hfb-mobile-header-display":"","site-post-title":"","ast-breadcrumbs-content":"","ast-featured-img":"","footer-sml-layout":"","theme-transparent-header-meta":"","adv-header-id-meta":"","stick-header-meta":"","header-above-stick-meta":"","header-main-stick-meta":"","header-below-stick-meta":"","astra-migrate-meta-layouts":""},"acf":[],"_links":{"self":[{"href":"https:\/\/www.uhu.es\/aula-museo-geologia\/wp-json\/wp\/v2\/pages\/85"}],"collection":[{"href":"https:\/\/www.uhu.es\/aula-museo-geologia\/wp-json\/wp\/v2\/pages"}],"about":[{"href":"https:\/\/www.uhu.es\/aula-museo-geologia\/wp-json\/wp\/v2\/types\/page"}],"author":[{"embeddable":true,"href":"https:\/\/www.uhu.es\/aula-museo-geologia\/wp-json\/wp\/v2\/users\/1"}],"replies":[{"embeddable":true,"href":"https:\/\/www.uhu.es\/aula-museo-geologia\/wp-json\/wp\/v2\/comments?post=85"}],"version-history":[{"count":3,"href":"https:\/\/www.uhu.es\/aula-museo-geologia\/wp-json\/wp\/v2\/pages\/85\/revisions"}],"predecessor-version":[{"id":168,"href":"https:\/\/www.uhu.es\/aula-museo-geologia\/wp-json\/wp\/v2\/pages\/85\/revisions\/168"}],"wp:attachment":[{"href":"https:\/\/www.uhu.es\/aula-museo-geologia\/wp-json\/wp\/v2\/media?parent=85"}],"curies":[{"name":"wp","href":"https:\/\/api.w.org\/{rel}","templated":true}]}}