{"id":101,"date":"2022-11-15T16:16:46","date_gmt":"2022-11-15T16:16:46","guid":{"rendered":"http:\/\/www.uhu.es\/catedra-aguasdehuelva\/?page_id=101"},"modified":"2024-12-20T11:57:54","modified_gmt":"2024-12-20T11:57:54","slug":"caminos-del-agua","status":"publish","type":"page","link":"https:\/\/www.uhu.es\/catedra-aguasdehuelva\/?page_id=101","title":{"rendered":"Caminos del Agua"},"content":{"rendered":"<p>[et_pb_section fb_built=\u00bb1&#8243; inner_shadow=\u00bbon\u00bb fullwidth=\u00bbon\u00bb _builder_version=\u00bb4.17.3&#8243; _module_preset=\u00bbdefault\u00bb background_enable_color=\u00bboff\u00bb global_colors_info=\u00bb{}\u00bb][et_pb_fullwidth_header title=\u00bbCaminos del Agua\u00bb _builder_version=\u00bb4.17.3&#8243; _module_preset=\u00bbdefault\u00bb title_font_size=\u00bb40px\u00bb custom_padding=\u00bb30px||30px|||\u00bb animation_style=\u00bbfade\u00bb global_colors_info=\u00bb{}\u00bb button_one_text_size__hover_enabled=\u00bboff\u00bb button_two_text_size__hover_enabled=\u00bboff\u00bb button_one_text_color__hover_enabled=\u00bboff\u00bb button_two_text_color__hover_enabled=\u00bboff\u00bb button_one_border_width__hover_enabled=\u00bboff\u00bb button_two_border_width__hover_enabled=\u00bboff\u00bb button_one_border_color__hover_enabled=\u00bboff\u00bb button_two_border_color__hover_enabled=\u00bboff\u00bb button_one_border_radius__hover_enabled=\u00bboff\u00bb button_two_border_radius__hover_enabled=\u00bboff\u00bb button_one_letter_spacing__hover_enabled=\u00bboff\u00bb button_two_letter_spacing__hover_enabled=\u00bboff\u00bb button_one_bg_color__hover_enabled=\u00bboff\u00bb button_two_bg_color__hover_enabled=\u00bboff\u00bb][\/et_pb_fullwidth_header][\/et_pb_section][et_pb_section fb_built=\u00bb1&#8243; _builder_version=\u00bb4.16&#8243; _module_preset=\u00bbdefault\u00bb background_color=\u00bb#f7f7f7&#8243; global_colors_info=\u00bb{}\u00bb][et_pb_row _builder_version=\u00bb4.17.3&#8243; _module_preset=\u00bbdefault\u00bb global_colors_info=\u00bb{}\u00bb][et_pb_column type=\u00bb4_4&#8243; _builder_version=\u00bb4.17.3&#8243; _module_preset=\u00bbdefault\u00bb global_colors_info=\u00bb{}\u00bb][et_pb_toggle title=\u00bbHistoria del agua de Huelva\u00bb icon_color=\u00bb#013871&#8243; toggle_icon=\u00bb&#x3b;||divi||400&#8243; _builder_version=\u00bb4.17.3&#8243; _module_preset=\u00bbdefault\u00bb background_enable_mask_style=\u00bbon\u00bb background_mask_style=\u00bbtriangles\u00bb animation_style=\u00bbfade\u00bb box_shadow_style=\u00bbpreset1&#8243; global_colors_info=\u00bb{}\u00bb]<\/p>\n<p>La antigua ciudad de Huelva, que ha sido una tierra en la que tartesos, fenicios, romanos y \u00e1rabes ha vivido a lo largo de los a\u00f1os y que, a pesar de lo que se cre\u00eda, ha sido una ciudad con bastante importancia. Es, actualmente, de las ciudades m\u00e1s antiguas de Europa, aproximadamente del siglo X a. C e igual de antiguo es su sistema de transporte de aguas, desde \u00e9pocas que a\u00fan desconocemos hasta fechas muy recientes, todo el abastecimiento del agua en Huelva gir\u00f3 en torno a un acueducto subterr\u00e1neo de cuya existencia muy pocos onubenses han o\u00eddo hablar.<\/p>\n<p>Se da la peculiaridad de que Huelva se encuentra ubicada en la confluencia de los r\u00edos Tinto y Odiel, formando una pen\u00ednsula cerrada por el estuario que crean ambos r\u00edos en su desembocadura. Sin embargo, la ciudad esta retirada a bastante distancia de los cursos superficiales de agua dulce, carece de manantiales naturales y de otros afloramientos permanentes de aguas abundantes.<\/p>\n<p>Por ello, se piensa que tuvo que alimentarse, desde sus inicios, de dos posibles formas de localizar el agua: Una primera, demostrada por excavaciones arqueol\u00f3gicas, han demostrado que \u00a0el agua de Huelva se guardaba en pozos realizados en el nivel fre\u00e1tico, con las pizarras de las antiguas casas tart\u00e9sicas.<\/p>\n<p>Pero son los ingenieros romanos, por otra parte, quienes ya idearon a mediados del siglo I un acueducto en la vieja Onuba Aestuaria, la segunda forma de abastecimiento, aprovechando el agua de la lluvia en lo alto de la ciudad transport\u00e1ndose lentamente por sistemas de alta ingenier\u00eda a trav\u00e9s de los cabezos, principalmente El Conquero. Era muy importante este recurso para la ciudad porque requer\u00eda grandes cantidades de agua para la pr\u00f3spera industria del salaz\u00f3n del pescado.<\/p>\n<p>El pueblo lo llam\u00f3 la \u201cFuente Vieja\u201d y hasta bien entrado el siglo XIX sirvi\u00f3 de manantial junto a otros muchos pozos que jalonaban la ciudad de Huelva como \u00fanica red del cotidiano vivir donde los vecinos saciaban la sed. Uno de los m\u00e1s conocidos fue el Pozo Dulce, en la barriada del Matadero, pero tambi\u00e9n existieron el de Vizca\u00edno, en la explanada de las llamadas Tres Calles,\u00a0 el de Regaza, en los aleda\u00f1os de la calle san Andr\u00e9s, y el Pozo del Rey, en la plaza de la Soledad, o la llamada Noria de Far\u00eda, en las proximidades del Lazareto.<\/p>\n<p>Del acu\u00edfero que suministraba agua a trav\u00e9s de las laderas del Conquero, se puede extraer la gran ingenier\u00eda trazada sabiamente para transportar el agua. Esto hace pensar que la magnitud de la vieja Onuba a nivel comercial y cultural era bastante importante ya que una infraestructura de tal nivel no estaba al alcance de una poblaci\u00f3n que no tuviese cierta entidad.<\/p>\n<p>El sistema era sencillo pero inteligentemente construido de forma que se aproveche el agua de lluvia que recibe la zona alta de la ciudad y la transporte en sentido este-oeste \u00a0a trav\u00e9s de poros del terreno, a lo largo de unos cientos de metros por un trazado de galer\u00edas brillantemente dise\u00f1ado y construido que captaba y canalizaba el l\u00edquido elemento a distintas fuentes en la ladera del Monte Conquero, principalmente la Fuente Vieja. Con este sistema, Huelva tuvo resuelto el suministro de agua hasta la primera parte del siglo XX.<\/p>\n<p>Se estima que el volumen de agua que transportar\u00eda este acueducto subterr\u00e1neo podr\u00eda ser en torno a 100-200 mil litros diarios en los meses con cierta lluvia. Actualmente, la Fuente Vieja, situada en la barriada de las Colonias drena unos 30 mil litros al d\u00eda debido a la obstrucci\u00f3n que sufre la galer\u00eda y a la poca permeabilidad de la zona urbana actual.<\/p>\n<p>Este acueducto subterr\u00e1neo ten\u00eda alg\u00fan ramal de derivaci\u00f3n y exist\u00eda alguna parte exterior que serv\u00eda para salvar alguna vaguada, como la actual Cuesta del Carnicero.<\/p>\n<p>Huelva tuvo resuelto el suministro de agua hasta el siglo XX cuando, debido a las obstrucciones, el caudal era insuficiente en las fuentes urbanas de San Pedro y otras, como la que se coloc\u00f3 en 1772 en la Plaza de San Juan (actual Plaza de las Monjas), teniendo que acudir la poblaci\u00f3n a la Fuente Vieja, que se encontraba a cierta distancia del n\u00facleo habitado. Por aquel entonces, surgieron los aguadores, que repart\u00edan agua a domicilio ya no demasiado transparente, debi\u00e9ndose clarificar en grandes tinajas para que \u201cel cieno se posara en el fondo, antes de usarla\u201d como dice A. J. Mart\u00ednez Navarro en un art\u00edculo del Huelva Informaci\u00f3n del a\u00f1o 94<span>\u00a0<\/span><em>\u201cLos aguadores en la noche onubense de los tiempos\u201d<\/em>.<\/p>\n<p>La sociedad onubense va avanzando y en el siglo XIX, entrando en la modernidad, la ciudad demanda m\u00e1s agua y busca m\u00e1s all\u00e1 de su per\u00edmetro: Norias de Farias y del Palmarete, Pozo Dulce\u2026 incluso se realiza alguna prospecci\u00f3n en la zona de La Ribera.<\/p>\n<p>En estos a\u00f1os, la actividad comercial es fuerte y existe un despertar social, cultural y econ\u00f3mico de la ciudad gracias al despegue de las minas de Rio Tinto. Se realizan obras en la ciudad como el muelle de Ferrocarril de Riotinto o la Casa Col\u00f3n con vistas a la celebraci\u00f3n del Cuarto Centenario del descubrimiento de Am\u00e9rica.<\/p>\n<p>Algunos emprendedores aprovechan la oportunidad de negocio del abastecimiento de agua como los Mora, V\u00e1zquez, Sundheim\u2026, que llevan a cabo tra\u00eddas de agua desde La Ribera o Peguerillas, abriendo pozos profundos, trazando conducciones por las calles y construyendo dep\u00f3sitos reguladores y surtidores para la venta de agua.<\/p>\n<p>Aun as\u00ed, la demanda social segu\u00eda creciendo y pronto estas actuaciones quedaron limitadas tanto por el origen del agua como su capacidad de transporte, distribuci\u00f3n o calidad dudosa.<\/p>\n<p>Por ello, el Ayuntamiento en 1911 encarga la construcci\u00f3n de una presa para embalsar el agua en Arroyo Casta\u00f1o, en el t\u00e9rmino de Beas. El pantano o dique de Beas, como popularmente se hizo com\u00fan, est\u00e1 muy ligado a Juan Quintero B\u00e1ez, Alcalde de Huelva por esa \u00e9poca. Pronto el pantano se vio insuficiente para satisfacer las demandas urbanas acrecentadas con la llegada del Polo en el a\u00f1o 64, el desarrollo industrial requiri\u00f3 entonces una nueva soluci\u00f3n a los problemas h\u00eddricos y la garant\u00eda del abastecimiento del capital onubense. Lleg\u00f3 entonces el final de la vida \u00fatil del acueducto que qued\u00f3 abandonado a su muerte.<\/p>\n<p>Emahsa centra su actividad en los servicios del ciclo integral del agua en Huelva capital y es empresa de referencia en Huelva donde opera desde 1970.<\/p>\n<p>Con la Huelva industrial, llega la privatizaci\u00f3n del suministro y el agua pasa a ser un negocio. Pero en 1904 se dan los primeros pasos para la municipalizaci\u00f3n de las aguas y en\u00a0 1.970 se constituye la actual Empresa Municipal de Aguas, que en sus primeros a\u00f1os de vida impuls\u00f3 fuertemente la red de distribuci\u00f3n. Del embalse de Beas, los onubenses pasamos a suministrarnos por la construcci\u00f3n del pantano Chanza-Piedras que fue inaugurado en 1987 y cuyo \u00e1mbito geogr\u00e1fico corresponde a la Confederaci\u00f3n Hidrogr\u00e1fica del Guadiana.<\/p>\n<p>Actualmente, la Empresa Municipal Aguas de Huelva est\u00e1 gestionando todo el Ciclo Integral del Agua, por lo que el Ayuntamiento se preocupa por cuidar y garantizar el suministro y la calidad de nuestra agua. La puesta en marcha de la estaci\u00f3n Depuradora de Aguas Residuales culmina todo un largo y apasionante proceso en aras de un moderno y seguro servicio.<\/p>\n<p>Teniendo en cuenta los tiempos de sequ\u00eda y sus catastr\u00f3ficas consecuencias, el compromiso de este Ayuntamiento es garantizar el suministro y la calidad del agua a las generaciones presente y futura.<\/p>\n<p><img src=\"https:\/\/www.uhu.es\/catedra-aguasdehuelva\/wp-content\/uploads\/2023\/01\/fuente-vieja.jpg\" style=\"display: block; margin-left: auto; margin-right: auto;\" \/><\/p>\n<p style=\"text-align: center;\"><span>Entrada a la Fuente Vieja<\/span><\/p>\n<p>[\/et_pb_toggle][\/et_pb_column][\/et_pb_row][et_pb_row column_structure=\u00bb1_2,1_2&#8243; _builder_version=\u00bb4.17.3&#8243; _module_preset=\u00bbdefault\u00bb background_enable_mask_style=\u00bbon\u00bb background_mask_style=\u00bbtriangles\u00bb custom_padding=\u00bb|15px||15px|true|true\u00bb animation_style=\u00bbfade\u00bb box_shadow_style=\u00bbpreset1&#8243; global_colors_info=\u00bb{}\u00bb][et_pb_column type=\u00bb1_2&#8243; _builder_version=\u00bb4.17.3&#8243; _module_preset=\u00bbdefault\u00bb global_colors_info=\u00bb{}\u00bb][et_pb_image src=\u00bbhttps:\/\/www.uhu.es\/catedra-aguasdehuelva\/wp-content\/uploads\/2023\/01\/libro1.png\u00bb title_text=\u00bblibro1&#8243; url=\u00bbhttp:\/\/www.uhu.es\/publicaciones\/index.php?q=libros&#038;code=1287&#8243; url_new_window=\u00bbon\u00bb align=\u00bbcenter\u00bb _builder_version=\u00bb4.17.3&#8243; _module_preset=\u00bbdefault\u00bb border_radii=\u00bbon|1px|1px|1px|1px\u00bb border_width_all=\u00bb1px\u00bb box_shadow_style=\u00bbpreset1&#8243; global_colors_info=\u00bb{}\u00bb][\/et_pb_image][et_pb_text _builder_version=\u00bb4.17.3&#8243; _module_preset=\u00bbdefault\u00bb global_colors_info=\u00bb{}\u00bb]<\/p>\n<p style=\"text-align: center;\"><a href=\"http:\/\/www.uhu.es\/publicaciones\/index.php?q=libros&amp;code=1287\" target=\"_blank\" rel=\"noopener\">Descargar<\/a><\/p>\n<p style=\"text-align: center;\">[\/et_pb_text][\/et_pb_column][et_pb_column type=\u00bb1_2&#8243; _builder_version=\u00bb4.17.3&#8243; _module_preset=\u00bbdefault\u00bb global_colors_info=\u00bb{}\u00bb][et_pb_text _builder_version=\u00bb4.17.3&#8243; _module_preset=\u00bbdefault\u00bb global_colors_info=\u00bb{}\u00bb]<\/p>\n<h5 style=\"text-align: left;\"><strong>Libro <em>Caminos del Agua en Huelva y su Entorno<\/em><\/strong><\/h5>\n<p><strong><em><\/em><\/strong><\/p>\n<p>La C\u00e1tedra de Innovaci\u00f3n Social de Aguas de Huelva presenta el libro <em>Caminos del Agua en Huelva y su Entorno<\/em>. Con este libro se pretende difundir y poner en valor el valioso patrimonio natural e hist\u00f3rico ligado al agua con el que contamos en la ciudad de Huelva y su entorno, al mismo tiempo que potenciar el turismo sostenible. Para ello, se invita al lector a recorrer varias rutas para conocer y disfrutar de los humedales que tenemos tan cercanos, de forma que seamos conscientes de su importancia para nuestro bienestar y el de nuestros descendientes. En una segunda parte, se plantean recorridos para viajar a nuestro pasado a trav\u00e9s de la historia del abastecimiento del agua, que ha tenido importantes repercusiones en la configuraci\u00f3n actual de nuestra ciudad y nuestra forma de vida. Como no puede ser de otra forma, se incluye un apartado sobre las galer\u00edas subterr\u00e1neas de origen romano localizadas bajo el Conquero, que constituyen los vestigios m\u00e1s importantes que se conservan en la ciudad de Huelva de ese importante periodo. Por \u00faltimo, esta gu\u00eda permite conocer algunos de los usos y costumbres tradicionales ligados al agua, como las salinas, molinos mareales, riego de huertas fundamentales para la alimentaci\u00f3n de la poblaci\u00f3n en el pasado, etc.<\/p>\n<p>[\/et_pb_text][\/et_pb_column][\/et_pb_row][et_pb_row _builder_version=\u00bb4.17.3&#8243; _module_preset=\u00bbdefault\u00bb global_colors_info=\u00bb{}\u00bb][et_pb_column type=\u00bb4_4&#8243; _builder_version=\u00bb4.17.3&#8243; _module_preset=\u00bbdefault\u00bb global_colors_info=\u00bb{}\u00bb][et_pb_divider _builder_version=\u00bb4.17.3&#8243; _module_preset=\u00bbdefault\u00bb global_colors_info=\u00bb{}\u00bb][\/et_pb_divider][\/et_pb_column][\/et_pb_row][et_pb_row column_structure=\u00bb1_2,1_2&#8243; _builder_version=\u00bb4.17.3&#8243; _module_preset=\u00bbdefault\u00bb background_enable_mask_style=\u00bbon\u00bb background_mask_style=\u00bbtriangles\u00bb custom_padding=\u00bb|15px||15px|false|true\u00bb animation_style=\u00bbfade\u00bb box_shadow_style=\u00bbpreset1&#8243; global_colors_info=\u00bb{}\u00bb][et_pb_column type=\u00bb1_2&#8243; _builder_version=\u00bb4.17.3&#8243; _module_preset=\u00bbdefault\u00bb global_colors_info=\u00bb{}\u00bb][et_pb_image src=\u00bbhttps:\/\/www.uhu.es\/catedra-aguasdehuelva\/wp-content\/uploads\/2023\/01\/libro2.png\u00bb title_text=\u00bblibro2&#8243; url=\u00bbhttps:\/\/www.platalea.com\/\u00bb url_new_window=\u00bbon\u00bb align=\u00bbcenter\u00bb _builder_version=\u00bb4.17.3&#8243; _module_preset=\u00bbdefault\u00bb width=\u00bb66%\u00bb hover_enabled=\u00bb0&#8243; border_radii=\u00bbon|1px|1px|1px|1px\u00bb border_width_all=\u00bb1px\u00bb box_shadow_style=\u00bbpreset1&#8243; global_colors_info=\u00bb{}\u00bb sticky_enabled=\u00bb0&#8243;][\/et_pb_image][et_pb_text _builder_version=\u00bb4.17.3&#8243; _module_preset=\u00bbdefault\u00bb hover_enabled=\u00bb0&#8243; global_colors_info=\u00bb{}\u00bb sticky_enabled=\u00bb0&#8243;]<\/p>\n<p style=\"text-align: center;\"><a href=\"https:\/\/www.platalea.com\/\" target=\"_blank\" rel=\"noopener\">Informaci\u00f3n y reserva de la visita gratuita.<\/a><\/p>\n<p>[\/et_pb_text][\/et_pb_column][et_pb_column type=\u00bb1_2&#8243; _builder_version=\u00bb4.17.3&#8243; _module_preset=\u00bbdefault\u00bb global_colors_info=\u00bb{}\u00bb][et_pb_text _builder_version=\u00bb4.17.3&#8243; _module_preset=\u00bbdefault\u00bb global_colors_info=\u00bb{}\u00bb]<\/p>\n<h5><strong>Patrocinio de visitas de Platalea<\/strong><\/h5>\n<p><strong><\/strong><\/p>\n<p>La C\u00e1tedra de Innovaci\u00f3n Social de Aguas de Huelva patrocina un programa de visitas realizados por Platalea. Naturaleza y Patrimonio, mediante en que se pretende dar a conocer la Historia del suministro de agua a la ciudad de Huelva. Las visitas Se\u00f1ores del Agua se centran en las tra\u00eddas de agua que se llevaron a cabo a partir de finales del siglo XIX, cuando el acueducto no surt\u00eda el suficiente caudal para mantener a una ciudad en desarrollo portuario e industrial.<\/p>\n<p>[\/et_pb_text][\/et_pb_column][\/et_pb_row][et_pb_row _builder_version=\u00bb4.17.3&#8243; _module_preset=\u00bbdefault\u00bb global_colors_info=\u00bb{}\u00bb][et_pb_column type=\u00bb4_4&#8243; _builder_version=\u00bb4.17.3&#8243; _module_preset=\u00bbdefault\u00bb global_colors_info=\u00bb{}\u00bb][et_pb_divider _builder_version=\u00bb4.17.3&#8243; _module_preset=\u00bbdefault\u00bb global_colors_info=\u00bb{}\u00bb][\/et_pb_divider][\/et_pb_column][\/et_pb_row][et_pb_row column_structure=\u00bb1_2,1_2&#8243; _builder_version=\u00bb4.17.3&#8243; _module_preset=\u00bbdefault\u00bb background_enable_mask_style=\u00bbon\u00bb background_mask_style=\u00bbtriangles\u00bb custom_padding=\u00bb|15px||15px|false|true\u00bb animation_style=\u00bbfade\u00bb box_shadow_style=\u00bbpreset1&#8243; global_colors_info=\u00bb{}\u00bb][et_pb_column type=\u00bb1_2&#8243; _builder_version=\u00bb4.17.3&#8243; _module_preset=\u00bbdefault\u00bb global_colors_info=\u00bb{}\u00bb][et_pb_video src=\u00bbhttps:\/\/youtu.be\/DQe7RC7vQio\u00bb _builder_version=\u00bb4.17.3&#8243; _module_preset=\u00bbdefault\u00bb global_colors_info=\u00bb{}\u00bb][\/et_pb_video][\/et_pb_column][et_pb_column type=\u00bb1_2&#8243; _builder_version=\u00bb4.17.3&#8243; _module_preset=\u00bbdefault\u00bb global_colors_info=\u00bb{}\u00bb][et_pb_text _builder_version=\u00bb4.17.3&#8243; _module_preset=\u00bbdefault\u00bb global_colors_info=\u00bb{}\u00bb]<\/p>\n<h5><strong>Video: Dentro del Monte Conquero (El Acueducto de Onoba)<\/strong><\/h5>\n<p><strong><\/strong><\/p>\n<p>La C\u00e1tedra Aguas de Huelva en colaboraci\u00f3n con los profesores de la Universidad de Huelva, Javier Bermejo y Juan Manuel Campos (Grupo Vrbanitas: Arqueolog\u00eda y Patrimonio), ha realizado un video para conocer el interior de las galer\u00edas subterr\u00e1neas que parten desde Fuente Vieja y se introducen por debajo de El Conquero. En este video se resumen los \u00faltimos avances en el conocimiento del acueducto de Onoba Aestuaria, la obra romana de ingenier\u00eda civil m\u00e1s importante del panorama arqueol\u00f3gico de Huelva, a partir de las recientes investigaciones interdisciplinares que se han llevado a cabo.<\/p>\n<p>[\/et_pb_text][\/et_pb_column][\/et_pb_row][\/et_pb_section]<\/p>\n","protected":false},"excerpt":{"rendered":"<p>La antigua ciudad de Huelva, que ha sido una tierra en la que tartesos, fenicios, romanos y \u00e1rabes ha vivido a lo largo de los a\u00f1os y que, a pesar de lo que se cre\u00eda, ha sido una ciudad con bastante importancia. Es, actualmente, de las ciudades m\u00e1s antiguas de Europa, aproximadamente del siglo X [&hellip;]<\/p>\n","protected":false},"author":1,"featured_media":0,"parent":0,"menu_order":0,"comment_status":"closed","ping_status":"closed","template":"","meta":{"_et_pb_use_builder":"on","_et_pb_old_content":"","_et_gb_content_width":""},"_links":{"self":[{"href":"https:\/\/www.uhu.es\/catedra-aguasdehuelva\/index.php?rest_route=\/wp\/v2\/pages\/101"}],"collection":[{"href":"https:\/\/www.uhu.es\/catedra-aguasdehuelva\/index.php?rest_route=\/wp\/v2\/pages"}],"about":[{"href":"https:\/\/www.uhu.es\/catedra-aguasdehuelva\/index.php?rest_route=\/wp\/v2\/types\/page"}],"author":[{"embeddable":true,"href":"https:\/\/www.uhu.es\/catedra-aguasdehuelva\/index.php?rest_route=\/wp\/v2\/users\/1"}],"replies":[{"embeddable":true,"href":"https:\/\/www.uhu.es\/catedra-aguasdehuelva\/index.php?rest_route=%2Fwp%2Fv2%2Fcomments&post=101"}],"version-history":[{"count":8,"href":"https:\/\/www.uhu.es\/catedra-aguasdehuelva\/index.php?rest_route=\/wp\/v2\/pages\/101\/revisions"}],"predecessor-version":[{"id":860,"href":"https:\/\/www.uhu.es\/catedra-aguasdehuelva\/index.php?rest_route=\/wp\/v2\/pages\/101\/revisions\/860"}],"wp:attachment":[{"href":"https:\/\/www.uhu.es\/catedra-aguasdehuelva\/index.php?rest_route=%2Fwp%2Fv2%2Fmedia&parent=101"}],"curies":[{"name":"wp","href":"https:\/\/api.w.org\/{rel}","templated":true}]}}