{"id":288,"date":"2023-01-26T12:34:31","date_gmt":"2023-01-26T12:34:31","guid":{"rendered":"http:\/\/www.uhu.es\/catedra-aguasdehuelva\/?page_id=288"},"modified":"2024-12-20T12:14:21","modified_gmt":"2024-12-20T12:14:21","slug":"catedras-externas","status":"publish","type":"page","link":"https:\/\/www.uhu.es\/catedra-aguasdehuelva\/?page_id=288","title":{"rendered":"C\u00e1tedras Externas"},"content":{"rendered":"<p>[et_pb_section fb_built=\u00bb1&#8243; inner_shadow=\u00bbon\u00bb fullwidth=\u00bbon\u00bb _builder_version=\u00bb4.17.3&#8243; _module_preset=\u00bbdefault\u00bb background_enable_color=\u00bboff\u00bb global_colors_info=\u00bb{}\u00bb][et_pb_fullwidth_header title=\u00bbActividades C\u00e1tedras Externas UHU\u00bb _builder_version=\u00bb4.17.3&#8243; _module_preset=\u00bbdefault\u00bb title_font_size=\u00bb40px\u00bb custom_padding=\u00bb30px||30px|||\u00bb animation_style=\u00bbfade\u00bb global_colors_info=\u00bb{}\u00bb button_one_text_size__hover_enabled=\u00bboff\u00bb button_two_text_size__hover_enabled=\u00bboff\u00bb button_one_text_color__hover_enabled=\u00bboff\u00bb button_two_text_color__hover_enabled=\u00bboff\u00bb button_one_border_width__hover_enabled=\u00bboff\u00bb button_two_border_width__hover_enabled=\u00bboff\u00bb button_one_border_color__hover_enabled=\u00bboff\u00bb button_two_border_color__hover_enabled=\u00bboff\u00bb button_one_border_radius__hover_enabled=\u00bboff\u00bb button_two_border_radius__hover_enabled=\u00bboff\u00bb button_one_letter_spacing__hover_enabled=\u00bboff\u00bb button_two_letter_spacing__hover_enabled=\u00bboff\u00bb button_one_bg_color__hover_enabled=\u00bboff\u00bb button_two_bg_color__hover_enabled=\u00bboff\u00bb][\/et_pb_fullwidth_header][\/et_pb_section][et_pb_section fb_built=\u00bb1&#8243; _builder_version=\u00bb4.16&#8243; _module_preset=\u00bbdefault\u00bb background_color=\u00bb#f7f7f7&#8243; global_colors_info=\u00bb{}\u00bb][et_pb_row _builder_version=\u00bb4.17.3&#8243; _module_preset=\u00bbdefault\u00bb animation_style=\u00bbfade\u00bb global_colors_info=\u00bb{}\u00bb][et_pb_column type=\u00bb4_4&#8243; _builder_version=\u00bb4.17.3&#8243; _module_preset=\u00bbdefault\u00bb global_colors_info=\u00bb{}\u00bb][et_pb_text _builder_version=\u00bb4.17.3&#8243; _module_preset=\u00bbdefault\u00bb animation_style=\u00bbfade\u00bb global_colors_info=\u00bb{}\u00bb]<\/p>\n<p>La C\u00e1tedra de Innovaci\u00f3n Social de Aguas de Huelva participa en la convocatoria para financiaci\u00f3n de actividades de las C\u00e1tedras Externas de la Universidad de Huelva. Mediante esta convocatoria se pretende la cofinanciaci\u00f3n de eventos relacionados con el \u00e1mbito cient\u00edfico, human\u00edstico, social y cultural que se desarrollen en la Universidad de Huelva, y\/o con entidades relacionadas en dichos \u00e1mbitos a trav\u00e9s de las C\u00e1tedras.<\/p>\n<p>[\/et_pb_text][et_pb_blog fullwidth=\u00bboff\u00bb include_categories=\u00bb9&#8243; use_manual_excerpt=\u00bboff\u00bb show_more=\u00bbon\u00bb show_author=\u00bboff\u00bb show_date=\u00bboff\u00bb show_categories=\u00bboff\u00bb module_class=\u00bbblog_igualado\u00bb _builder_version=\u00bb4.17.3&#8243; _module_preset=\u00bbdefault\u00bb hover_enabled=\u00bb0&#8243; border_radii_image=\u00bbon|1px|1px|1px|1px\u00bb border_width_all_image=\u00bb1px\u00bb global_colors_info=\u00bb{}\u00bb show_thumbnail=\u00bboff\u00bb sticky_enabled=\u00bb0&#8243;][\/et_pb_blog][\/et_pb_column][\/et_pb_row][\/et_pb_section]<\/p>\n","protected":false},"excerpt":{"rendered":"<p>La C\u00e1tedra de Innovaci\u00f3n Social de Aguas de Huelva participa en la convocatoria para financiaci\u00f3n de actividades de las C\u00e1tedras Externas de la Universidad de Huelva. Mediante esta convocatoria se pretende la cofinanciaci\u00f3n de eventos relacionados con el \u00e1mbito cient\u00edfico, human\u00edstico, social y cultural que se desarrollen en la Universidad de Huelva, y\/o con entidades [&hellip;]<\/p>\n","protected":false},"author":1,"featured_media":0,"parent":0,"menu_order":0,"comment_status":"closed","ping_status":"closed","template":"","meta":{"_et_pb_use_builder":"on","_et_pb_old_content":"","_et_gb_content_width":""},"_links":{"self":[{"href":"https:\/\/www.uhu.es\/catedra-aguasdehuelva\/index.php?rest_route=\/wp\/v2\/pages\/288"}],"collection":[{"href":"https:\/\/www.uhu.es\/catedra-aguasdehuelva\/index.php?rest_route=\/wp\/v2\/pages"}],"about":[{"href":"https:\/\/www.uhu.es\/catedra-aguasdehuelva\/index.php?rest_route=\/wp\/v2\/types\/page"}],"author":[{"embeddable":true,"href":"https:\/\/www.uhu.es\/catedra-aguasdehuelva\/index.php?rest_route=\/wp\/v2\/users\/1"}],"replies":[{"embeddable":true,"href":"https:\/\/www.uhu.es\/catedra-aguasdehuelva\/index.php?rest_route=%2Fwp%2Fv2%2Fcomments&post=288"}],"version-history":[{"count":11,"href":"https:\/\/www.uhu.es\/catedra-aguasdehuelva\/index.php?rest_route=\/wp\/v2\/pages\/288\/revisions"}],"predecessor-version":[{"id":872,"href":"https:\/\/www.uhu.es\/catedra-aguasdehuelva\/index.php?rest_route=\/wp\/v2\/pages\/288\/revisions\/872"}],"wp:attachment":[{"href":"https:\/\/www.uhu.es\/catedra-aguasdehuelva\/index.php?rest_route=%2Fwp%2Fv2%2Fmedia&parent=288"}],"curies":[{"name":"wp","href":"https:\/\/api.w.org\/{rel}","templated":true}]}}

Cátedras Externas

<p>[et_pb_section fb_built=»1&#8243; inner_shadow=»on» fullwidth=»on» _builder_version=»4.17.3&#8243; _module_preset=»default» background_enable_color=»off» global_colors_info=»{}»][et_pb_fullwidth_header title=»Actividades Cátedras Externas UHU» _builder_version=»4.17.3&#8243; _module_preset=»default» title_font_size=»40px» custom_padding=»30px||30px|||» animation_style=»fade» global_colors_info=»{}» button_one_text_size__hover_enabled=»off» button_two_text_size__hover_enabled=»off» button_one_text_color__hover_enabled=»off» button_two_text_color__hover_enabled=»off» button_one_border_width__hover_enabled=»off» button_two_border_width__hover_enabled=»off» button_one_border_color__hover_enabled=»off» button_two_border_color__hover_enabled=»off» button_one_border_radius__hover_enabled=»off» button_two_border_radius__hover_enabled=»off» button_one_letter_spacing__hover_enabled=»off» button_two_letter_spacing__hover_enabled=»off» button_one_bg_color__hover_enabled=»off» button_two_bg_color__hover_enabled=»off»][/et_pb_fullwidth_header][/et_pb_section][et_pb_section fb_built=»1&#8243; _builder_version=»4.16&#8243; _module_preset=»default» background_color=»#f7f7f7&#8243; global_colors_info=»{}»][et_pb_row _builder_version=»4.17.3&#8243; _module_preset=»default» animation_style=»fade» global_colors_info=»{}»][et_pb_column type=»4_4&#8243; _builder_version=»4.17.3&#8243; _module_preset=»default» global_colors_info=»{}»][et_pb_text _builder_version=»4.17.3&#8243; _module_preset=»default» animation_style=»fade» global_colors_info=»{}»]</p>
<p>La Cátedra de Innovación Social de Aguas de Huelva participa en la convocatoria para financiación de actividades de las Cátedras Externas de la Universidad de Huelva. Mediante esta convocatoria se pretende la cofinanciación de eventos relacionados con el ámbito científico, humanístico, social y cultural que se desarrollen en la Universidad de Huelva, y/o con entidades relacionadas en dichos ámbitos a través de las Cátedras.</p>
<p>[/et_pb_text][et_pb_blog fullwidth=»off» include_categories=»9&#8243; use_manual_excerpt=»off» show_more=»on» show_author=»off» show_date=»off» show_categories=»off» module_class=»blog_igualado» _builder_version=»4.17.3&#8243; _module_preset=»default» hover_enabled=»0&#8243; border_radii_image=»on|1px|1px|1px|1px» border_width_all_image=»1px» global_colors_info=»{}» show_thumbnail=»off» sticky_enabled=»0&#8243;][/et_pb_blog][/et_pb_column][/et_pb_row][/et_pb_section]</p>

<p>La Cátedra de Innovación Social de Aguas de Huelva participa en la convocatoria para financiación de actividades de las Cátedras Externas de la Universidad de Huelva. Mediante esta convocatoria se pretende la cofinanciación de eventos relacionados con el ámbito científico, humanístico, social y cultural que se desarrollen en la Universidad de Huelva, y/o con entidades [&hellip;]</p>
