{"id":92,"date":"2022-11-15T16:14:17","date_gmt":"2022-11-15T16:14:17","guid":{"rendered":"http:\/\/www.uhu.es\/catedra-aguasdehuelva\/?page_id=92"},"modified":"2023-03-27T11:20:55","modified_gmt":"2023-03-27T11:20:55","slug":"lineas-de-actuacion","status":"publish","type":"page","link":"https:\/\/www.uhu.es\/catedra-aguasdehuelva\/?page_id=92","title":{"rendered":"L\u00edneas de actuaci\u00f3n"},"content":{"rendered":"<p>[et_pb_section fb_built=\u00bb1&#8243; inner_shadow=\u00bbon\u00bb fullwidth=\u00bbon\u00bb _builder_version=\u00bb4.17.3&#8243; _module_preset=\u00bbdefault\u00bb background_enable_color=\u00bboff\u00bb global_colors_info=\u00bb{}\u00bb][et_pb_fullwidth_header title=\u00bbL\u00edneas de actuaci\u00f3n\u00bb _builder_version=\u00bb4.17.3&#8243; _module_preset=\u00bbdefault\u00bb title_font_size=\u00bb40px\u00bb custom_padding=\u00bb30px||30px|||\u00bb animation_style=\u00bbfade\u00bb global_colors_info=\u00bb{}\u00bb button_one_text_size__hover_enabled=\u00bboff\u00bb button_two_text_size__hover_enabled=\u00bboff\u00bb button_one_text_color__hover_enabled=\u00bboff\u00bb button_two_text_color__hover_enabled=\u00bboff\u00bb button_one_border_width__hover_enabled=\u00bboff\u00bb button_two_border_width__hover_enabled=\u00bboff\u00bb button_one_border_color__hover_enabled=\u00bboff\u00bb button_two_border_color__hover_enabled=\u00bboff\u00bb button_one_border_radius__hover_enabled=\u00bboff\u00bb button_two_border_radius__hover_enabled=\u00bboff\u00bb button_one_letter_spacing__hover_enabled=\u00bboff\u00bb button_two_letter_spacing__hover_enabled=\u00bboff\u00bb button_one_bg_color__hover_enabled=\u00bboff\u00bb button_two_bg_color__hover_enabled=\u00bboff\u00bb][\/et_pb_fullwidth_header][\/et_pb_section][et_pb_section fb_built=\u00bb1&#8243; _builder_version=\u00bb4.16&#8243; _module_preset=\u00bbdefault\u00bb background_color=\u00bb#f7f7f7&#8243; global_colors_info=\u00bb{}\u00bb][et_pb_row _builder_version=\u00bb4.17.3&#8243; _module_preset=\u00bbdefault\u00bb global_colors_info=\u00bb{}\u00bb][et_pb_column type=\u00bb4_4&#8243; _builder_version=\u00bb4.17.3&#8243; _module_preset=\u00bbdefault\u00bb global_colors_info=\u00bb{}\u00bb][et_pb_text _builder_version=\u00bb4.17.3&#8243; _module_preset=\u00bbdefault\u00bb global_colors_info=\u00bb{}\u00bb]<\/p>\n<p><span style=\"font-weight: 400;\">La C\u00e1tedra cuenta con dos ejes principales de actuaci\u00f3n:<\/span><\/p>\n<p>[\/et_pb_text][et_pb_toggle title=\u00bbINNOVACI\u00d3N SOCIAL\u00bb _builder_version=\u00bb4.17.3&#8243; _module_preset=\u00bbdefault\u00bb background_enable_mask_style=\u00bbon\u00bb background_mask_style=\u00bbtriangles\u00bb background_mask_color=\u00bbrgba(255,255,255,0.46)\u00bb text_orientation=\u00bbleft\u00bb animation_style=\u00bbfade\u00bb global_colors_info=\u00bb{}\u00bb]<\/p>\n<p>Son las personas quienes innovan, por lo que deben situarse en el centro y motor del impulso social. Para ello, se debe desarrollar una cultura de la innovaci\u00f3n, que fomente el cambio y potencie valores como la creatividad, la asunci\u00f3n de riesgos, la curiosidad, el esp\u00edritu emprendedor, la aceptaci\u00f3n del fracaso, etc.<\/p>\n<p>Es necesario, por tanto capacitar a las personas en nuevos conocimientos y habilidades. De este modo, los procesos involucrados en la innovaci\u00f3n social dan como resultado aprendizajes, compromisos y transformaciones significativas a nivel local y deben construirse sobre la participaci\u00f3n de los agentes locales, el empoderamiento y el compromiso ciudadano.<\/p>\n<p>Los objetivos de esta l\u00ednea son<\/p>\n<ul>\n<li>Aportar soluciones a los cambios y retos de la sociedad, para contribuir a su mejora y transformaci\u00f3n hacia un desarrollo justo y equilibrado.<\/li>\n<li>Captar y gestionar proyectos e impulsar las actividades de transferencia de conocimiento.<\/li>\n<li>Fomentar el talento, la creatividad y la empleabilidad.<\/li>\n<li>Colaborar estrechamente con el mundo empresarial, institucional y social.<\/li>\n<li>Apoyar en la promoci\u00f3n y difusi\u00f3n de los resultados de las investigaciones sociales.<\/li>\n<\/ul>\n<p><strong>DESARROLLO DE PROYECTOS SOCIALES ESPEC\u00cdFICOS EN HUELVA<\/strong><\/p>\n<p>La C\u00e1tedra impulsa actividades espec\u00edficas en el entorno social onubense con distintos objetivos, como favorecer la integraci\u00f3n de personas con capacidades diferentes, la puesta en valor del patrimonio hist\u00f3rico y cultural, la investigaci\u00f3n para la b\u00fasqueda de soluciones para los numerosos retos sociales a los que nos enfrentamos, etc.<\/p>\n<p>Un buen ejemplo de este tipo de objetivos es el patrocinio del programa de alojamiento para alumnos de la UHU \u201cAlojamiento alternativo en la Casa Paco Gir\u00f3n\u201d..<\/p>\n<p>[\/et_pb_toggle][et_pb_toggle title=\u00bbINNOVACI\u00d3N OPERATIVA Y CONSERVACI\u00d3N DEL MEDIO AMBIENTE\u00bb _builder_version=\u00bb4.17.3&#8243; _module_preset=\u00bbdefault\u00bb background_enable_mask_style=\u00bbon\u00bb background_mask_style=\u00bbtriangles\u00bb background_mask_color=\u00bbrgba(255,255,255,0.5)\u00bb animation_style=\u00bbfade\u00bb global_colors_info=\u00bb{}\u00bb]<\/p>\n<p><span><span lang=\"es-ES\">El agua est\u00e1 en el centro del desarrollo sostenible y resulta fundamental para el desarrollo socio-econ\u00f3mico, unos ecosistemas saludables y la supervivencia humana. El agua resulta vital a la hora de reducir algunas enfermedades y para mejorar la salud, as\u00ed como para la producci\u00f3n y la preservaci\u00f3n de una serie de beneficios y servicios de los que disfrutamos. El agua tambi\u00e9n est\u00e1 en el coraz\u00f3n de la adaptaci\u00f3n al cambio clim\u00e1tico, sirviendo de v\u00ednculo entre el sistema clim\u00e1tico, la sociedad y el medio ambiente.<\/span><\/span><\/p>\n<p><span><span lang=\"es-ES\">\u00a0\u00a0\u00a0 El agua es un recurso limitado e insustituible que solo es renovable si est\u00e1 bien gestionado. En la base de una gesti\u00f3n eficiente y la conservaci\u00f3n del medio ambiente se asientan las dos l\u00edneas de trabajo de la C\u00e1tedra.<\/span><\/span><\/p>\n<p>&nbsp;<\/p>\n<p><strong>MEJORA DE LOS PROCESOS Y DESARROLLO DE HERRAMIENTAS EFICIENTES<br \/><\/strong><\/p>\n<p><span><span lang=\"es-ES\">\u00a0\u00a0\u00a0 Esta l\u00ednea de actuaci\u00f3n se enfoca a favorecer la investigaci\u00f3n y la divulgaci\u00f3n sobre avances en procesos y tecnolog\u00edas m\u00e1s limpios y eficientes, en la industria y en nuestras actividades diarias. As\u00ed mismo, es necesaria la concienciaci\u00f3n de la sociedad para adoptar nuevos h\u00e1bitos y herramientas que favorezcan la conservaci\u00f3n de nuestro entorno.<\/span><\/span><\/p>\n<p><span><span lang=\"es-ES\">\u00a0\u00a0\u00a0 Con estos fines se pretende, por un lado, impulsar la investigaci\u00f3n para la mejora de la eficiencia de los procesos y, por el otro, patrocinar jornadas y eventos para la difusi\u00f3n de los avances tecnol\u00f3gicos<\/span><\/span><\/p>\n<p>&nbsp;<\/p>\n<p><strong>CONSERVACI\u00d3N DEL MEDIO AMBIENTE<\/strong><\/p>\n<p><span><span lang=\"es-ES\">\u00a0\u00a0\u00a0 Para una adecuada conservaci\u00f3n de nuestro entorno es necesario un buen conocimiento de los ecosistemas. Adem\u00e1s, debemos ser conscientes de su importancia, no s\u00f3lo por su valores per se, sino porque para nuestro bienestar y el nuestros descendientes necesitamos que el medio en que vivimos mantenga unas buenas condiciones ambientales.<\/span><\/span><\/p>\n<p><span><span lang=\"es-ES\">\u00a0\u00a0\u00a0\u00a0 Para alcanzar estos objetivos, se plantea el apoyo a actuaciones encaminadas a promover el conocimiento de nuestro patrimonio natural y difundir y divulgar el la importancia de su conservaci\u00f3n. En especial se potenciar\u00e1n los eventos relacionados con \u2018Agua y Sostenibilidad\u2019.<\/span><\/span><\/p>\n<p>[\/et_pb_toggle][\/et_pb_column][\/et_pb_row][\/et_pb_section]<\/p>\n","protected":false},"excerpt":{"rendered":"<p>La C\u00e1tedra cuenta con dos ejes principales de actuaci\u00f3n:Son las personas quienes innovan, por lo que deben situarse en el centro y motor del impulso social. Para ello, se debe desarrollar una cultura de la innovaci\u00f3n, que fomente el cambio y potencie valores como la creatividad, la asunci\u00f3n de riesgos, la curiosidad, el esp\u00edritu emprendedor, [&hellip;]<\/p>\n","protected":false},"author":1,"featured_media":0,"parent":0,"menu_order":0,"comment_status":"closed","ping_status":"closed","template":"","meta":{"_et_pb_use_builder":"on","_et_pb_old_content":"","_et_gb_content_width":""},"_links":{"self":[{"href":"https:\/\/www.uhu.es\/catedra-aguasdehuelva\/index.php?rest_route=\/wp\/v2\/pages\/92"}],"collection":[{"href":"https:\/\/www.uhu.es\/catedra-aguasdehuelva\/index.php?rest_route=\/wp\/v2\/pages"}],"about":[{"href":"https:\/\/www.uhu.es\/catedra-aguasdehuelva\/index.php?rest_route=\/wp\/v2\/types\/page"}],"author":[{"embeddable":true,"href":"https:\/\/www.uhu.es\/catedra-aguasdehuelva\/index.php?rest_route=\/wp\/v2\/users\/1"}],"replies":[{"embeddable":true,"href":"https:\/\/www.uhu.es\/catedra-aguasdehuelva\/index.php?rest_route=%2Fwp%2Fv2%2Fcomments&post=92"}],"version-history":[{"count":6,"href":"https:\/\/www.uhu.es\/catedra-aguasdehuelva\/index.php?rest_route=\/wp\/v2\/pages\/92\/revisions"}],"predecessor-version":[{"id":396,"href":"https:\/\/www.uhu.es\/catedra-aguasdehuelva\/index.php?rest_route=\/wp\/v2\/pages\/92\/revisions\/396"}],"wp:attachment":[{"href":"https:\/\/www.uhu.es\/catedra-aguasdehuelva\/index.php?rest_route=%2Fwp%2Fv2%2Fmedia&parent=92"}],"curies":[{"name":"wp","href":"https:\/\/api.w.org\/{rel}","templated":true}]}}

Líneas de actuación

<p>[et_pb_section fb_built=»1&#8243; inner_shadow=»on» fullwidth=»on» _builder_version=»4.17.3&#8243; _module_preset=»default» background_enable_color=»off» global_colors_info=»{}»][et_pb_fullwidth_header title=»Líneas de actuación» _builder_version=»4.17.3&#8243; _module_preset=»default» title_font_size=»40px» custom_padding=»30px||30px|||» animation_style=»fade» global_colors_info=»{}» button_one_text_size__hover_enabled=»off» button_two_text_size__hover_enabled=»off» button_one_text_color__hover_enabled=»off» button_two_text_color__hover_enabled=»off» button_one_border_width__hover_enabled=»off» button_two_border_width__hover_enabled=»off» button_one_border_color__hover_enabled=»off» button_two_border_color__hover_enabled=»off» button_one_border_radius__hover_enabled=»off» button_two_border_radius__hover_enabled=»off» button_one_letter_spacing__hover_enabled=»off» button_two_letter_spacing__hover_enabled=»off» button_one_bg_color__hover_enabled=»off» button_two_bg_color__hover_enabled=»off»][/et_pb_fullwidth_header][/et_pb_section][et_pb_section fb_built=»1&#8243; _builder_version=»4.16&#8243; _module_preset=»default» background_color=»#f7f7f7&#8243; global_colors_info=»{}»][et_pb_row _builder_version=»4.17.3&#8243; _module_preset=»default» global_colors_info=»{}»][et_pb_column type=»4_4&#8243; _builder_version=»4.17.3&#8243; _module_preset=»default» global_colors_info=»{}»][et_pb_text _builder_version=»4.17.3&#8243; _module_preset=»default» global_colors_info=»{}»]</p>
<p><span style="font-weight: 400;">La Cátedra cuenta con dos ejes principales de actuación:</span></p>
<p>[/et_pb_text][et_pb_toggle title=»INNOVACIÓN SOCIAL» _builder_version=»4.17.3&#8243; _module_preset=»default» background_enable_mask_style=»on» background_mask_style=»triangles» background_mask_color=»rgba(255,255,255,0.46)» text_orientation=»left» animation_style=»fade» global_colors_info=»{}»]</p>
<p>Son las personas quienes innovan, por lo que deben situarse en el centro y motor del impulso social. Para ello, se debe desarrollar una cultura de la innovación, que fomente el cambio y potencie valores como la creatividad, la asunción de riesgos, la curiosidad, el espíritu emprendedor, la aceptación del fracaso, etc.</p>
<p>Es necesario, por tanto capacitar a las personas en nuevos conocimientos y habilidades. De este modo, los procesos involucrados en la innovación social dan como resultado aprendizajes, compromisos y transformaciones significativas a nivel local y deben construirse sobre la participación de los agentes locales, el empoderamiento y el compromiso ciudadano.</p>
<p>Los objetivos de esta línea son</p>
<ul>
<li>Aportar soluciones a los cambios y retos de la sociedad, para contribuir a su mejora y transformación hacia un desarrollo justo y equilibrado.</li>
<li>Captar y gestionar proyectos e impulsar las actividades de transferencia de conocimiento.</li>
<li>Fomentar el talento, la creatividad y la empleabilidad.</li>
<li>Colaborar estrechamente con el mundo empresarial, institucional y social.</li>
<li>Apoyar en la promoción y difusión de los resultados de las investigaciones sociales.</li>
</ul>
<p><strong>DESARROLLO DE PROYECTOS SOCIALES ESPECÍFICOS EN HUELVA</strong></p>
<p>La Cátedra impulsa actividades específicas en el entorno social onubense con distintos objetivos, como favorecer la integración de personas con capacidades diferentes, la puesta en valor del patrimonio histórico y cultural, la investigación para la búsqueda de soluciones para los numerosos retos sociales a los que nos enfrentamos, etc.</p>
<p>Un buen ejemplo de este tipo de objetivos es el patrocinio del programa de alojamiento para alumnos de la UHU “Alojamiento alternativo en la Casa Paco Girón”..</p>
<p>[/et_pb_toggle][et_pb_toggle title=»INNOVACIÓN OPERATIVA Y CONSERVACIÓN DEL MEDIO AMBIENTE» _builder_version=»4.17.3&#8243; _module_preset=»default» background_enable_mask_style=»on» background_mask_style=»triangles» background_mask_color=»rgba(255,255,255,0.5)» animation_style=»fade» global_colors_info=»{}»]</p>
<p><span><span lang="es-ES">El agua está en el centro del desarrollo sostenible y resulta fundamental para el desarrollo socio-económico, unos ecosistemas saludables y la supervivencia humana. El agua resulta vital a la hora de reducir algunas enfermedades y para mejorar la salud, así como para la producción y la preservación de una serie de beneficios y servicios de los que disfrutamos. El agua también está en el corazón de la adaptación al cambio climático, sirviendo de vínculo entre el sistema climático, la sociedad y el medio ambiente.</span></span></p>
<p><span><span lang="es-ES">    El agua es un recurso limitado e insustituible que solo es renovable si está bien gestionado. En la base de una gestión eficiente y la conservación del medio ambiente se asientan las dos líneas de trabajo de la Cátedra.</span></span></p>
<p>&nbsp;</p>
<p><strong>MEJORA DE LOS PROCESOS Y DESARROLLO DE HERRAMIENTAS EFICIENTES<br /></strong></p>
<p><span><span lang="es-ES">    Esta línea de actuación se enfoca a favorecer la investigación y la divulgación sobre avances en procesos y tecnologías más limpios y eficientes, en la industria y en nuestras actividades diarias. Así mismo, es necesaria la concienciación de la sociedad para adoptar nuevos hábitos y herramientas que favorezcan la conservación de nuestro entorno.</span></span></p>
<p><span><span lang="es-ES">    Con estos fines se pretende, por un lado, impulsar la investigación para la mejora de la eficiencia de los procesos y, por el otro, patrocinar jornadas y eventos para la difusión de los avances tecnológicos</span></span></p>
<p>&nbsp;</p>
<p><strong>CONSERVACIÓN DEL MEDIO AMBIENTE</strong></p>
<p><span><span lang="es-ES">    Para una adecuada conservación de nuestro entorno es necesario un buen conocimiento de los ecosistemas. Además, debemos ser conscientes de su importancia, no sólo por su valores per se, sino porque para nuestro bienestar y el nuestros descendientes necesitamos que el medio en que vivimos mantenga unas buenas condiciones ambientales.</span></span></p>
<p><span><span lang="es-ES">     Para alcanzar estos objetivos, se plantea el apoyo a actuaciones encaminadas a promover el conocimiento de nuestro patrimonio natural y difundir y divulgar el la importancia de su conservación. En especial se potenciarán los eventos relacionados con ‘Agua y Sostenibilidad’.</span></span></p>
<p>[/et_pb_toggle][/et_pb_column][/et_pb_row][/et_pb_section]</p>

<p>La Cátedra cuenta con dos ejes principales de actuación:Son las personas quienes innovan, por lo que deben situarse en el centro y motor del impulso social. Para ello, se debe desarrollar una cultura de la innovación, que fomente el cambio y potencie valores como la creatividad, la asunción de riesgos, la curiosidad, el espíritu emprendedor, [&hellip;]</p>
