{"id":98,"date":"2022-11-15T16:15:58","date_gmt":"2022-11-15T16:15:58","guid":{"rendered":"http:\/\/www.uhu.es\/catedra-aguasdehuelva\/?page_id=98"},"modified":"2023-01-27T09:08:50","modified_gmt":"2023-01-27T09:08:50","slug":"red-de-catedras-del-agua","status":"publish","type":"page","link":"https:\/\/www.uhu.es\/catedra-aguasdehuelva\/?page_id=98","title":{"rendered":"Red de C\u00e1tedras del Agua"},"content":{"rendered":"<p>[et_pb_section fb_built=\u00bb1&#8243; inner_shadow=\u00bbon\u00bb fullwidth=\u00bbon\u00bb _builder_version=\u00bb4.17.3&#8243; _module_preset=\u00bbdefault\u00bb background_enable_color=\u00bboff\u00bb global_colors_info=\u00bb{}\u00bb][et_pb_fullwidth_header title=\u00bbRed de C\u00e1tedras del Agua\u00bb _builder_version=\u00bb4.17.3&#8243; _module_preset=\u00bbdefault\u00bb title_font_size=\u00bb40px\u00bb custom_padding=\u00bb30px||30px|||\u00bb animation_style=\u00bbfade\u00bb global_colors_info=\u00bb{}\u00bb button_one_text_size__hover_enabled=\u00bboff\u00bb button_two_text_size__hover_enabled=\u00bboff\u00bb button_one_text_color__hover_enabled=\u00bboff\u00bb button_two_text_color__hover_enabled=\u00bboff\u00bb button_one_border_width__hover_enabled=\u00bboff\u00bb button_two_border_width__hover_enabled=\u00bboff\u00bb button_one_border_color__hover_enabled=\u00bboff\u00bb button_two_border_color__hover_enabled=\u00bboff\u00bb button_one_border_radius__hover_enabled=\u00bboff\u00bb button_two_border_radius__hover_enabled=\u00bboff\u00bb button_one_letter_spacing__hover_enabled=\u00bboff\u00bb button_two_letter_spacing__hover_enabled=\u00bboff\u00bb button_one_bg_color__hover_enabled=\u00bboff\u00bb button_two_bg_color__hover_enabled=\u00bboff\u00bb][\/et_pb_fullwidth_header][\/et_pb_section][et_pb_section fb_built=\u00bb1&#8243; _builder_version=\u00bb4.16&#8243; _module_preset=\u00bbdefault\u00bb background_color=\u00bb#f7f7f7&#8243; global_colors_info=\u00bb{}\u00bb][et_pb_row _builder_version=\u00bb4.17.3&#8243; _module_preset=\u00bbdefault\u00bb][et_pb_column _builder_version=\u00bb4.17.3&#8243; _module_preset=\u00bbdefault\u00bb type=\u00bb4_4&#8243;][et_pb_text _builder_version=\u00bb4.17.3&#8243; _module_preset=\u00bbdefault\u00bb hover_enabled=\u00bb0&#8243; sticky_enabled=\u00bb0&#8243; animation_style=\u00bbfade\u00bb]<\/p>\n<p>La C\u00e1tedra de Innovaci\u00f3n Social de Aguas de Huelva, junto a las de Granada y Torremolinos, cuyas empresas se encuentran participadas en Andaluc\u00eda por Hidralia, se unieron en 2021 al proyecto\u00a0Red de C\u00e1tedras del Agua\u00a0impulsado por Agbar y una decena de universidades espa\u00f1olas. El objetivo de la red de C\u00e1tedras es el de convertirse en un polo de intercambio de conocimiento para contribuir a una transici\u00f3n ecol\u00f3gica y justa desde el \u00e1mbito del agua y el medioambiente. Compuesta hasta el momento por\u00a0diez c\u00e1tedras de universidades de diferentes puntos del territorio espa\u00f1ol,\u00a0e impulsadas por empresas operadoras de agua del grupo Agbar, promueve la investigaci\u00f3n, la formaci\u00f3n y la divulgaci\u00f3n en el campo de la gesti\u00f3n integral de los recursos h\u00eddricos y la sostenibilidad ambiental desde una perspectiva multidisciplinar, imprescindible para abordar los retos que afronta la gesti\u00f3n del agua ante la acuciante emergencia clim\u00e1tica de nuestro planeta.<\/p>\n<p>[\/et_pb_text][et_pb_button button_text=\u00bbConoce m\u00e1s sobre la Red de C\u00e1tedras\u00bb _builder_version=\u00bb4.17.3&#8243; _module_preset=\u00bbdefault\u00bb button_url=\u00bbhttps:\/\/www.agbar.es\/innovacion\/red-de-catedras\/\u00bb hover_enabled=\u00bb0&#8243; sticky_enabled=\u00bb0&#8243; button_alignment=\u00bbcenter\u00bb animation_style=\u00bbslide\u00bb][\/et_pb_button][\/et_pb_column][\/et_pb_row][\/et_pb_section]<\/p>\n","protected":false},"excerpt":{"rendered":"<p>La C\u00e1tedra de Innovaci\u00f3n Social de Aguas de Huelva, junto a las de Granada y Torremolinos, cuyas empresas se encuentran participadas en Andaluc\u00eda por Hidralia, se unieron en 2021 al proyecto\u00a0Red de C\u00e1tedras del Agua\u00a0impulsado por Agbar y una decena de universidades espa\u00f1olas. El objetivo de la red de C\u00e1tedras es el de convertirse en [&hellip;]<\/p>\n","protected":false},"author":1,"featured_media":0,"parent":0,"menu_order":0,"comment_status":"closed","ping_status":"closed","template":"","meta":{"_et_pb_use_builder":"on","_et_pb_old_content":"","_et_gb_content_width":""},"_links":{"self":[{"href":"https:\/\/www.uhu.es\/catedra-aguasdehuelva\/index.php?rest_route=\/wp\/v2\/pages\/98"}],"collection":[{"href":"https:\/\/www.uhu.es\/catedra-aguasdehuelva\/index.php?rest_route=\/wp\/v2\/pages"}],"about":[{"href":"https:\/\/www.uhu.es\/catedra-aguasdehuelva\/index.php?rest_route=\/wp\/v2\/types\/page"}],"author":[{"embeddable":true,"href":"https:\/\/www.uhu.es\/catedra-aguasdehuelva\/index.php?rest_route=\/wp\/v2\/users\/1"}],"replies":[{"embeddable":true,"href":"https:\/\/www.uhu.es\/catedra-aguasdehuelva\/index.php?rest_route=%2Fwp%2Fv2%2Fcomments&post=98"}],"version-history":[{"count":3,"href":"https:\/\/www.uhu.es\/catedra-aguasdehuelva\/index.php?rest_route=\/wp\/v2\/pages\/98\/revisions"}],"predecessor-version":[{"id":310,"href":"https:\/\/www.uhu.es\/catedra-aguasdehuelva\/index.php?rest_route=\/wp\/v2\/pages\/98\/revisions\/310"}],"wp:attachment":[{"href":"https:\/\/www.uhu.es\/catedra-aguasdehuelva\/index.php?rest_route=%2Fwp%2Fv2%2Fmedia&parent=98"}],"curies":[{"name":"wp","href":"https:\/\/api.w.org\/{rel}","templated":true}]}}

Red de Cátedras del Agua

<p>[et_pb_section fb_built=»1&#8243; inner_shadow=»on» fullwidth=»on» _builder_version=»4.17.3&#8243; _module_preset=»default» background_enable_color=»off» global_colors_info=»{}»][et_pb_fullwidth_header title=»Red de Cátedras del Agua» _builder_version=»4.17.3&#8243; _module_preset=»default» title_font_size=»40px» custom_padding=»30px||30px|||» animation_style=»fade» global_colors_info=»{}» button_one_text_size__hover_enabled=»off» button_two_text_size__hover_enabled=»off» button_one_text_color__hover_enabled=»off» button_two_text_color__hover_enabled=»off» button_one_border_width__hover_enabled=»off» button_two_border_width__hover_enabled=»off» button_one_border_color__hover_enabled=»off» button_two_border_color__hover_enabled=»off» button_one_border_radius__hover_enabled=»off» button_two_border_radius__hover_enabled=»off» button_one_letter_spacing__hover_enabled=»off» button_two_letter_spacing__hover_enabled=»off» button_one_bg_color__hover_enabled=»off» button_two_bg_color__hover_enabled=»off»][/et_pb_fullwidth_header][/et_pb_section][et_pb_section fb_built=»1&#8243; _builder_version=»4.16&#8243; _module_preset=»default» background_color=»#f7f7f7&#8243; global_colors_info=»{}»][et_pb_row _builder_version=»4.17.3&#8243; _module_preset=»default»][et_pb_column _builder_version=»4.17.3&#8243; _module_preset=»default» type=»4_4&#8243;][et_pb_text _builder_version=»4.17.3&#8243; _module_preset=»default» hover_enabled=»0&#8243; sticky_enabled=»0&#8243; animation_style=»fade»]</p>
<p>La Cátedra de Innovación Social de Aguas de Huelva, junto a las de Granada y Torremolinos, cuyas empresas se encuentran participadas en Andalucía por Hidralia, se unieron en 2021 al proyecto Red de Cátedras del Agua impulsado por Agbar y una decena de universidades españolas. El objetivo de la red de Cátedras es el de convertirse en un polo de intercambio de conocimiento para contribuir a una transición ecológica y justa desde el ámbito del agua y el medioambiente. Compuesta hasta el momento por diez cátedras de universidades de diferentes puntos del territorio español, e impulsadas por empresas operadoras de agua del grupo Agbar, promueve la investigación, la formación y la divulgación en el campo de la gestión integral de los recursos hídricos y la sostenibilidad ambiental desde una perspectiva multidisciplinar, imprescindible para abordar los retos que afronta la gestión del agua ante la acuciante emergencia climática de nuestro planeta.</p>
<p>[/et_pb_text][et_pb_button button_text=»Conoce más sobre la Red de Cátedras» _builder_version=»4.17.3&#8243; _module_preset=»default» button_url=»https://www.agbar.es/innovacion/red-de-catedras/» hover_enabled=»0&#8243; sticky_enabled=»0&#8243; button_alignment=»center» animation_style=»slide»][/et_pb_button][/et_pb_column][/et_pb_row][/et_pb_section]</p>

<p>La Cátedra de Innovación Social de Aguas de Huelva, junto a las de Granada y Torremolinos, cuyas empresas se encuentran participadas en Andalucía por Hidralia, se unieron en 2021 al proyecto Red de Cátedras del Agua impulsado por Agbar y una decena de universidades españolas. El objetivo de la red de Cátedras es el de convertirse en [&hellip;]</p>
