{"id":4405,"date":"2023-06-29T18:30:52","date_gmt":"2023-06-29T18:30:52","guid":{"rendered":"http:\/\/uhu.es\/catedra-atlanticcopper\/?page_id=4405"},"modified":"2025-11-02T20:22:57","modified_gmt":"2025-11-02T20:22:57","slug":"lineas-de-investigacion","status":"publish","type":"page","link":"https:\/\/www.uhu.es\/catedra-atlanticcopper\/investigacion\/lineas-de-investigacion\/","title":{"rendered":"L\u00edneas de Investigaci\u00f3n"},"content":{"rendered":"\n<div class=\"wp-block-cover alignfull\"><img loading=\"lazy\" decoding=\"async\" width=\"1005\" height=\"251\" class=\"wp-block-cover__image-background wp-image-4379 size-full\" alt=\"\" src=\"https:\/\/www.uhu.es\/catedra-atlanticcopper\/wp-content\/uploads\/shapeimage_11.jpg\" data-object-fit=\"cover\" srcset=\"https:\/\/www.uhu.es\/catedra-atlanticcopper\/wp-content\/uploads\/shapeimage_11.jpg 1005w, https:\/\/www.uhu.es\/catedra-atlanticcopper\/wp-content\/uploads\/shapeimage_11-300x75.jpg 300w, https:\/\/www.uhu.es\/catedra-atlanticcopper\/wp-content\/uploads\/shapeimage_11-768x192.jpg 768w, https:\/\/www.uhu.es\/catedra-atlanticcopper\/wp-content\/uploads\/shapeimage_11-980x245.jpg 980w, https:\/\/www.uhu.es\/catedra-atlanticcopper\/wp-content\/uploads\/shapeimage_11-480x120.jpg 480w\" sizes=\"auto, (max-width: 1005px) 100vw, 1005px\" \/><span aria-hidden=\"true\" class=\"wp-block-cover__background has-background-dim\" style=\"background-color:#6b5a54\"><\/span><div class=\"wp-block-cover__inner-container has-global-padding is-layout-constrained wp-block-cover-is-layout-constrained\"><h1 class=\"has-text-align-center has-link-color wp-elements-cc1d0f08d9d37bd72a7246ce985d60bb wp-block-post-title has-text-color has-accent-1-color has-xx-large-font-size\">L\u00edneas de Investigaci\u00f3n<\/h1><\/div><\/div>\n\n\n\n<div style=\"height:100px\" aria-hidden=\"true\" class=\"wp-block-spacer\"><\/div>\n\n\n\n<h2 class=\"wp-block-heading\">Las l\u00edneas de investigaci\u00f3n son las siguientes:<\/h2>\n\n\n\n<ul class=\"wp-block-list\">\n<li>Estudio de los factores f\u00edsico-qu\u00edmicos que controlan las p\u00e9rdidas de Cu en los procesos de fusi\u00f3n flash.<\/li>\n\n\n\n<li>Caracterizaci\u00f3n de materiales del Centro Metal\u00fargico de Cobre (mineralog\u00eda, metalograf\u00eda, DRX, FRX, EPMA y SEM).<\/li>\n\n\n\n<li>Estudio equilibrios qu\u00edmicos en el electrolitos (estados de oxidaci\u00f3n, reacciones e interacciones \u00e1nodo-electrolito-c\u00e1todo). Estudio de validaci\u00f3n de metodolog\u00edas de especiaci\u00f3n de ars\u00e9nico, antimonio y hierro en electrolito de refiner\u00eda de cobre.<\/li>\n\n\n\n<li>Estudio de los electrolitos y los procesos de electrodeposici\u00f3n. Estudio influencia de los par\u00e1metros de control de la electrodeposici\u00f3n del cobre y la influencia de los aditivos con la puesta en marcha de la metodolog\u00eda de la Celda Hull.<\/li>\n\n\n\n<li>Caracterizaci\u00f3n de residuos de Atlantic Copper y diagn\u00f3stico de las potenciales aplicaciones\/valorizaci\u00f3n de residuos.<\/li>\n\n\n\n<li>Estudio de las alternativas tecnol\u00f3gicas para la eliminaci\u00f3n Cu y As del \u00e1cido diluido.<\/li>\n\n\n\n<li>Valoraci\u00f3n del potencial de las chatarras en la metalurgia del cobre. An\u00e1lisis de impurezas.<\/li>\n\n\n\n<li>Estudios purificaci\u00f3n de efluentes \u00e1cidos y reutilizaci\u00f3n del agua.<\/li>\n\n\n\n<li>Estudios procesos de corrosi\u00f3n en complejo metal\u00fargico. Aplicaci\u00f3n de sistemas de detecci\u00f3n y seguimiento.<\/li>\n<\/ul>\n","protected":false},"excerpt":{"rendered":"<p>Las l\u00edneas de investigaci\u00f3n son las siguientes:<\/p>\n","protected":false},"author":1,"featured_media":39,"parent":4416,"menu_order":1,"comment_status":"closed","ping_status":"closed","template":"","meta":{"footnotes":""},"class_list":["post-4405","page","type-page","status-publish","has-post-thumbnail","hentry"],"_links":{"self":[{"href":"https:\/\/www.uhu.es\/catedra-atlanticcopper\/wp-json\/wp\/v2\/pages\/4405","targetHints":{"allow":["GET"]}}],"collection":[{"href":"https:\/\/www.uhu.es\/catedra-atlanticcopper\/wp-json\/wp\/v2\/pages"}],"about":[{"href":"https:\/\/www.uhu.es\/catedra-atlanticcopper\/wp-json\/wp\/v2\/types\/page"}],"author":[{"embeddable":true,"href":"https:\/\/www.uhu.es\/catedra-atlanticcopper\/wp-json\/wp\/v2\/users\/1"}],"replies":[{"embeddable":true,"href":"https:\/\/www.uhu.es\/catedra-atlanticcopper\/wp-json\/wp\/v2\/comments?post=4405"}],"version-history":[{"count":8,"href":"https:\/\/www.uhu.es\/catedra-atlanticcopper\/wp-json\/wp\/v2\/pages\/4405\/revisions"}],"predecessor-version":[{"id":4851,"href":"https:\/\/www.uhu.es\/catedra-atlanticcopper\/wp-json\/wp\/v2\/pages\/4405\/revisions\/4851"}],"up":[{"embeddable":true,"href":"https:\/\/www.uhu.es\/catedra-atlanticcopper\/wp-json\/wp\/v2\/pages\/4416"}],"wp:featuredmedia":[{"embeddable":true,"href":"https:\/\/www.uhu.es\/catedra-atlanticcopper\/wp-json\/wp\/v2\/media\/39"}],"wp:attachment":[{"href":"https:\/\/www.uhu.es\/catedra-atlanticcopper\/wp-json\/wp\/v2\/media?parent=4405"}],"curies":[{"name":"wp","href":"https:\/\/api.w.org\/{rel}","templated":true}]}}