{"id":100,"date":"2022-09-22T15:37:59","date_gmt":"2022-09-22T15:37:59","guid":{"rendered":"http:\/\/www.uhu.es\/catedra-fertinagro\/?page_id=100"},"modified":"2025-09-16T11:16:36","modified_gmt":"2025-09-16T11:16:36","slug":"consejo","status":"publish","type":"page","link":"https:\/\/www.uhu.es\/catedra-fertinagro\/?page_id=100","title":{"rendered":"Consejo"},"content":{"rendered":"<p>[et_pb_section fb_built=\u00bb1&#8243; fullwidth=\u00bbon\u00bb _builder_version=\u00bb4.17.3&#8243; _module_preset=\u00bbdefault\u00bb background_color=\u00bb#a80a2e\u00bb global_colors_info=\u00bb{}\u00bb][et_pb_fullwidth_header title=\u00bbConsejo de C\u00e1tedra\u00bb content_max_width=\u00bbnone\u00bb _builder_version=\u00bb4.17.3&#8243; _module_preset=\u00bbdefault\u00bb title_font=\u00bb|700|||||||\u00bb title_font_size=\u00bb40px\u00bb background_color=\u00bbrgba(255, 255, 255, 0)\u00bb min_height=\u00bb140px\u00bb custom_padding=\u00bb38px||14px|||\u00bb animation_style=\u00bbfade\u00bb global_colors_info=\u00bb{}\u00bb button_one_text_size__hover_enabled=\u00bboff\u00bb button_two_text_size__hover_enabled=\u00bboff\u00bb button_one_text_color__hover_enabled=\u00bboff\u00bb button_two_text_color__hover_enabled=\u00bboff\u00bb button_one_border_width__hover_enabled=\u00bboff\u00bb button_two_border_width__hover_enabled=\u00bboff\u00bb button_one_border_color__hover_enabled=\u00bboff\u00bb button_two_border_color__hover_enabled=\u00bboff\u00bb button_one_border_radius__hover_enabled=\u00bboff\u00bb button_two_border_radius__hover_enabled=\u00bboff\u00bb button_one_letter_spacing__hover_enabled=\u00bboff\u00bb button_two_letter_spacing__hover_enabled=\u00bboff\u00bb button_one_bg_color__hover_enabled=\u00bboff\u00bb button_two_bg_color__hover_enabled=\u00bboff\u00bb][\/et_pb_fullwidth_header][\/et_pb_section][et_pb_section fb_built=\u00bb1&#8243; _builder_version=\u00bb4.16&#8243; _module_preset=\u00bbdefault\u00bb background_color=\u00bb#f7f7f7&#8243; background_color_gradient_direction=\u00bb330deg\u00bb global_colors_info=\u00bb{}\u00bb][et_pb_row _builder_version=\u00bb4.16&#8243; _module_preset=\u00bbdefault\u00bb background_size=\u00bbinitial\u00bb background_position=\u00bbtop_left\u00bb background_repeat=\u00bbrepeat\u00bb custom_margin=\u00bb-70px|auto||auto||\u00bb custom_padding=\u00bb0px|||||\u00bb global_colors_info=\u00bb{}\u00bb][et_pb_column type=\u00bb4_4&#8243; _builder_version=\u00bb4.16&#8243; _module_preset=\u00bbdefault\u00bb custom_padding=\u00bb10%|||\u00bb global_colors_info=\u00bb{}\u00bb custom_padding__hover=\u00bb|||\u00bb][et_pb_text _builder_version=\u00bb4.17.3&#8243; _module_preset=\u00bbdefault\u00bb text_font=\u00bb||||||||\u00bb background_size=\u00bbinitial\u00bb background_position=\u00bbtop_left\u00bb background_repeat=\u00bbrepeat\u00bb custom_margin=\u00bb-30px|||||\u00bb hover_enabled=\u00bb0&#8243; global_colors_info=\u00bb{}\u00bb sticky_enabled=\u00bb0&#8243;]<\/p>\n<p>El Consejo de C\u00e1tedra est\u00e1 formado por tres representantes de la UHU y tres representantes de Fertinagro- Biotech.<\/p>\n<p>Sus miembros son:<\/p>\n<table style=\"height: 312px;\" width=\"1039\">\n<tbody>\n<tr style=\"height: 24px;\">\n<td colspan=\"4\" style=\"width: 1029px; height: 24px;\"><strong>Por parte de la Universidad de Huelva<\/strong><\/td>\n<\/tr>\n<tr style=\"height: 24px;\">\n<td style=\"width: 411.805px; height: 24px;\"><strong>Nombre y apellidos<\/strong><\/td>\n<td style=\"width: 10.0234px; height: 24px;\"><\/td>\n<td style=\"width: 425.836px; height: 24px;\"><strong>Cargo<\/strong><\/td>\n<td style=\"width: 163.336px; height: 24px;\"><\/td>\n<\/tr>\n<tr style=\"height: 24px;\">\n<td colspan=\"4\" style=\"width: 1029px; height: 24px;\"><span>Sr. Rector Dr. Jos\u00e9 Rodr\u00edguez Quintero<\/span>\u00a0 \u00a0 \u00a0 \u00a0 \u00a0 \u00a0 \u00a0 \u00a0 \u00a0 \u00a0 \u00a0 \u00a0 \u00a0 \u00a0 \u00a0 \u00a0 \u00a0 \u00a0 \u00a0 \u00a0 \u00a0 \u00a0 \u00a0 \u00a0 \u00a0 \u00a0 \u00a0 \u00a0 \u00a0 \u00a0 \u00a0 Rector de la Universidad de Huelva<\/td>\n<\/tr>\n<tr style=\"height: 24px;\">\n<td colspan=\"4\" style=\"width: 1029px; height: 24px;\">\n<p style=\"font-weight: 400;\">Profa. Dra. D\u00f1a. Reyes S\u00e1nchez Herrera\u00a0 \u00a0 \u00a0 \u00a0 \u00a0 \u00a0 \u00a0 \u00a0 \u00a0 \u00a0 \u00a0 \u00a0 \u00a0 \u00a0 \u00a0 \u00a0 \u00a0 \u00a0 \u00a0 \u00a0 \u00a0 \u00a0 \u00a0 \u00a0 \u00a0 \u00a0 \u00a0 \u00a0 \u00a0 \u00a0 Vicerrectora de Transferencia y Desarrollo Territorial (por delegaci\u00f3n del Rector)<\/p>\n<\/td>\n<\/tr>\n<tr style=\"height: 24px;\">\n<td colspan=\"4\" style=\"width: 1029px; height: 24px;\">Prof. Dr. D. David Toscano Pardo \u00a0 \u00a0 \u00a0 \u00a0 \u00a0 \u00a0 \u00a0\u00a0\u00a0\u00a0\u00a0\u00a0\u00a0\u00a0\u00a0\u00a0\u00a0\u00a0\u00a0\u00a0\u00a0\u00a0\u00a0\u00a0\u00a0\u00a0\u00a0\u00a0\u00a0\u00a0\u00a0\u00a0\u00a0\u00a0\u00a0\u00a0\u00a0\u00a0\u00a0\u00a0\u00a0\u00a0\u00a0\u00a0\u00a0\u00a0\u00a0\u00a0\u00a0\u00a0\u00a0\u00a0\u00a0\u00a0\u00a0\u00a0\u00a0\u00a0\u00a0\u00a0\u00a0\u00a0\u00a0\u00a0 Director de C\u00e1tedras Externas<\/td>\n<\/tr>\n<tr style=\"height: 24px;\">\n<td colspan=\"4\" style=\"width: 1029px; height: 24px;\">\n<p style=\"font-weight: 400;\">Prof. Dr. D. Carlos Ruiz C\u00e1novas\u00a0 \u00a0 \u00a0 \u00a0 \u00a0 \u00a0 \u00a0 \u00a0 \u00a0 \u00a0 \u00a0 \u00a0 \u00a0 \u00a0 \u00a0 \u00a0 \u00a0 \u00a0 \u00a0 \u00a0 \u00a0 \u00a0 \u00a0 \u00a0 \u00a0 \u00a0 \u00a0 \u00a0 \u00a0 \u00a0 \u00a0 \u00a0 \u00a0 \u00a0 \u00a0 \u00a0 \u00a0 Director de Transferencia<\/p>\n<\/td>\n<\/tr>\n<tr style=\"height: 24px;\">\n<td colspan=\"4\" style=\"width: 1029px; height: 24px;\"><strong>\u00a0<\/strong><\/td>\n<\/tr>\n<tr style=\"height: 24px;\">\n<td colspan=\"4\" style=\"width: 1029px; height: 24px;\"><strong>Por parte de la empresa Fertinagro-Biotech<\/strong><\/td>\n<\/tr>\n<tr style=\"height: 24px;\">\n<td colspan=\"4\" style=\"width: 1029px; height: 24px;\"><strong>Nombre y apellidos\u00a0 \u00a0 \u00a0 \u00a0 \u00a0 \u00a0 \u00a0 \u00a0 \u00a0 \u00a0 \u00a0 \u00a0 \u00a0 \u00a0 \u00a0 \u00a0 \u00a0 \u00a0 \u00a0 \u00a0 \u00a0 \u00a0 \u00a0 \u00a0 \u00a0 \u00a0 \u00a0 \u00a0 \u00a0 \u00a0 \u00a0 \u00a0 \u00a0 \u00a0 \u00a0 \u00a0 \u00a0 \u00a0 \u00a0 \u00a0 \u00a0 \u00a0 \u00a0 \u00a0 \u00a0 \u00a0 \u00a0 Cargo<\/strong><\/td>\n<\/tr>\n<tr style=\"height: 24px;\">\n<td colspan=\"4\" style=\"width: 1029px; height: 24px;\">D. Sergio Atares Real \u00a0\u00a0\u00a0\u00a0\u00a0\u00a0\u00a0\u00a0\u00a0\u00a0\u00a0\u00a0\u00a0\u00a0\u00a0\u00a0\u00a0\u00a0\u00a0\u00a0\u00a0\u00a0\u00a0\u00a0\u00a0\u00a0\u00a0\u00a0\u00a0\u00a0\u00a0\u00a0\u00a0\u00a0\u00a0\u00a0\u00a0\u00a0\u00a0\u00a0\u00a0\u00a0\u00a0\u00a0\u00a0\u00a0\u00a0\u00a0\u00a0\u00a0\u00a0\u00a0\u00a0\u00a0\u00a0\u00a0\u00a0\u00a0\u00a0\u00a0\u00a0\u00a0\u00a0\u00a0\u00a0\u00a0\u00a0\u00a0\u00a0\u00a0\u00a0\u00a0\u00a0\u00a0\u00a0\u00a0\u00a0\u00a0\u00a0\u00a0\u00a0\u00a0\u00a0\u00a0\u00a0\u00a0\u00a0\u00a0\u00a0\u00a0\u00a0\u00a0\u00a0Director de Planificaci\u00f3n Estrat\u00e9gica del Grupo Tervalis<\/td>\n<\/tr>\n<tr style=\"height: 24px;\">\n<td colspan=\"4\" style=\"width: 1029px; height: 24px;\">D. Alberto Ramos Fern\u00e1ndez\u00a0\u00a0\u00a0\u00a0\u00a0\u00a0\u00a0\u00a0\u00a0\u00a0\u00a0\u00a0\u00a0\u00a0\u00a0\u00a0\u00a0\u00a0\u00a0\u00a0\u00a0\u00a0\u00a0\u00a0\u00a0\u00a0\u00a0\u00a0\u00a0 \u00a0\u00a0\u00a0\u00a0\u00a0\u00a0\u00a0\u00a0\u00a0\u00a0\u00a0\u00a0\u00a0\u00a0\u00a0\u00a0\u00a0\u00a0\u00a0\u00a0\u00a0\u00a0\u00a0\u00a0\u00a0\u00a0\u00a0\u00a0\u00a0\u00a0\u00a0\u00a0\u00a0\u00a0\u00a0\u00a0\u00a0\u00a0\u00a0\u00a0\u00a0\u00a0\u00a0\u00a0\u00a0\u00a0\u00a0\u00a0\u00a0\u00a0Director de Fertinagro Sur SLU<\/td>\n<\/tr>\n<tr>\n<td colspan=\"4\" style=\"width: 1029px;\"><span>D. Pablo Quir\u00f3s Fern\u00e1ndez\u00a0 \u00a0 \u00a0 \u00a0 \u00a0 \u00a0 \u00a0 \u00a0 \u00a0 \u00a0 \u00a0 \u00a0 \u00a0 \u00a0 \u00a0 \u00a0 \u00a0 \u00a0 \u00a0 \u00a0 \u00a0 \u00a0 \u00a0 \u00a0 \u00a0 \u00a0 \u00a0 \u00a0 \u00a0 \u00a0 \u00a0 \u00a0 \u00a0 \u00a0 \u00a0 \u00a0 \u00a0 \u00a0 \u00a0 \u00a0 \u00a0 \u00a0 Responsable de proyectos I+D+i en Fertinagro Biotech<\/span><\/td>\n<\/tr>\n<\/tbody>\n<\/table>\n<p>Prof. Dr. D. Luis \u00c1ngel Zarazaga Garc\u00e9s (Director de la C\u00e1tedra).<\/p>\n<p>[\/et_pb_text][\/et_pb_column][\/et_pb_row][\/et_pb_section]<\/p>\n","protected":false},"excerpt":{"rendered":"<p>El Consejo de C\u00e1tedra est\u00e1 formado por tres representantes de la UHU y tres representantes de Fertinagro- Biotech. Sus miembros son: Por parte de la Universidad de Huelva Nombre y apellidos Cargo Sr. Rector Dr. Jos\u00e9 Rodr\u00edguez Quintero\u00a0 \u00a0 \u00a0 \u00a0 \u00a0 \u00a0 \u00a0 \u00a0 \u00a0 \u00a0 \u00a0 \u00a0 \u00a0 \u00a0 \u00a0 \u00a0 \u00a0 \u00a0 [&hellip;]<\/p>\n","protected":false},"author":1,"featured_media":0,"parent":0,"menu_order":0,"comment_status":"closed","ping_status":"closed","template":"","meta":{"_et_pb_use_builder":"on","_et_pb_old_content":"","_et_gb_content_width":""},"_links":{"self":[{"href":"https:\/\/www.uhu.es\/catedra-fertinagro\/index.php?rest_route=\/wp\/v2\/pages\/100"}],"collection":[{"href":"https:\/\/www.uhu.es\/catedra-fertinagro\/index.php?rest_route=\/wp\/v2\/pages"}],"about":[{"href":"https:\/\/www.uhu.es\/catedra-fertinagro\/index.php?rest_route=\/wp\/v2\/types\/page"}],"author":[{"embeddable":true,"href":"https:\/\/www.uhu.es\/catedra-fertinagro\/index.php?rest_route=\/wp\/v2\/users\/1"}],"replies":[{"embeddable":true,"href":"https:\/\/www.uhu.es\/catedra-fertinagro\/index.php?rest_route=%2Fwp%2Fv2%2Fcomments&post=100"}],"version-history":[{"count":9,"href":"https:\/\/www.uhu.es\/catedra-fertinagro\/index.php?rest_route=\/wp\/v2\/pages\/100\/revisions"}],"predecessor-version":[{"id":413,"href":"https:\/\/www.uhu.es\/catedra-fertinagro\/index.php?rest_route=\/wp\/v2\/pages\/100\/revisions\/413"}],"wp:attachment":[{"href":"https:\/\/www.uhu.es\/catedra-fertinagro\/index.php?rest_route=%2Fwp%2Fv2%2Fmedia&parent=100"}],"curies":[{"name":"wp","href":"https:\/\/api.w.org\/{rel}","templated":true}]}}

<p>[et_pb_section fb_built=»1&#8243; fullwidth=»on» _builder_version=»4.17.3&#8243; _module_preset=»default» background_color=»#a80a2e» global_colors_info=»{}»][et_pb_fullwidth_header title=»Consejo de Cátedra» content_max_width=»none» _builder_version=»4.17.3&#8243; _module_preset=»default» title_font=»|700|||||||» title_font_size=»40px» background_color=»rgba(255, 255, 255, 0)» min_height=»140px» custom_padding=»38px||14px|||» animation_style=»fade» global_colors_info=»{}» button_one_text_size__hover_enabled=»off» button_two_text_size__hover_enabled=»off» button_one_text_color__hover_enabled=»off» button_two_text_color__hover_enabled=»off» button_one_border_width__hover_enabled=»off» button_two_border_width__hover_enabled=»off» button_one_border_color__hover_enabled=»off» button_two_border_color__hover_enabled=»off» button_one_border_radius__hover_enabled=»off» button_two_border_radius__hover_enabled=»off» button_one_letter_spacing__hover_enabled=»off» button_two_letter_spacing__hover_enabled=»off» button_one_bg_color__hover_enabled=»off» button_two_bg_color__hover_enabled=»off»][/et_pb_fullwidth_header][/et_pb_section][et_pb_section fb_built=»1&#8243; _builder_version=»4.16&#8243; _module_preset=»default» background_color=»#f7f7f7&#8243; background_color_gradient_direction=»330deg» global_colors_info=»{}»][et_pb_row _builder_version=»4.16&#8243; _module_preset=»default» background_size=»initial» background_position=»top_left» background_repeat=»repeat» custom_margin=»-70px|auto||auto||» custom_padding=»0px|||||» global_colors_info=»{}»][et_pb_column type=»4_4&#8243; _builder_version=»4.16&#8243; _module_preset=»default» custom_padding=»10%|||» global_colors_info=»{}» custom_padding__hover=»|||»][et_pb_text _builder_version=»4.17.3&#8243; _module_preset=»default» text_font=»||||||||» background_size=»initial» background_position=»top_left» background_repeat=»repeat» custom_margin=»-30px|||||» hover_enabled=»0&#8243; global_colors_info=»{}» sticky_enabled=»0&#8243;]</p>
<p>El Consejo de Cátedra está formado por tres representantes de la UHU y tres representantes de Fertinagro- Biotech.</p>
<p>Sus miembros son:</p>
<table style="height: 312px;" width="1039">
<tbody>
<tr style="height: 24px;">
<td colspan="4" style="width: 1029px; height: 24px;"><strong>Por parte de la Universidad de Huelva</strong></td>
</tr>
<tr style="height: 24px;">
<td style="width: 411.805px; height: 24px;"><strong>Nombre y apellidos</strong></td>
<td style="width: 10.0234px; height: 24px;"></td>
<td style="width: 425.836px; height: 24px;"><strong>Cargo</strong></td>
<td style="width: 163.336px; height: 24px;"></td>
</tr>
<tr style="height: 24px;">
<td colspan="4" style="width: 1029px; height: 24px;"><span>Sr. Rector Dr. José Rodríguez Quintero</span>                                                              Rector de la Universidad de Huelva</td>
</tr>
<tr style="height: 24px;">
<td colspan="4" style="width: 1029px; height: 24px;">
<p style="font-weight: 400;">Profa. Dra. Dña. Reyes Sánchez Herrera                                                            Vicerrectora de Transferencia y Desarrollo Territorial (por delegación del Rector)</p>
</td>
</tr>
<tr style="height: 24px;">
<td colspan="4" style="width: 1029px; height: 24px;">Prof. Dr. D. David Toscano Pardo                                                                        Director de Cátedras Externas</td>
</tr>
<tr style="height: 24px;">
<td colspan="4" style="width: 1029px; height: 24px;">
<p style="font-weight: 400;">Prof. Dr. D. Carlos Ruiz Cánovas                                                                          Director de Transferencia</p>
</td>
</tr>
<tr style="height: 24px;">
<td colspan="4" style="width: 1029px; height: 24px;"><strong> </strong></td>
</tr>
<tr style="height: 24px;">
<td colspan="4" style="width: 1029px; height: 24px;"><strong>Por parte de la empresa Fertinagro-Biotech</strong></td>
</tr>
<tr style="height: 24px;">
<td colspan="4" style="width: 1029px; height: 24px;"><strong>Nombre y apellidos                                                                                              Cargo</strong></td>
</tr>
<tr style="height: 24px;">
<td colspan="4" style="width: 1029px; height: 24px;">D. Sergio Atares Real                                                                                              Director de Planificación Estratégica del Grupo Tervalis</td>
</tr>
<tr style="height: 24px;">
<td colspan="4" style="width: 1029px; height: 24px;">D. Alberto Ramos Fernández                                                                                Director de Fertinagro Sur SLU</td>
</tr>
<tr>
<td colspan="4" style="width: 1029px;"><span>D. Pablo Quirós Fernández                                                                                    Responsable de proyectos I+D+i en Fertinagro Biotech</span></td>
</tr>
</tbody>
</table>
<p>Prof. Dr. D. Luis Ángel Zarazaga Garcés (Director de la Cátedra).</p>
<p>[/et_pb_text][/et_pb_column][/et_pb_row][/et_pb_section]</p>

<p>El Consejo de Cátedra está formado por tres representantes de la UHU y tres representantes de Fertinagro- Biotech. Sus miembros son: Por parte de la Universidad de Huelva Nombre y apellidos Cargo Sr. Rector Dr. José Rodríguez Quintero                                    [&hellip;]</p>
