{"id":355,"date":"2024-07-16T16:19:44","date_gmt":"2024-07-16T16:19:44","guid":{"rendered":"https:\/\/www.uhu.es\/catedra-fertinagro\/?page_id=355"},"modified":"2024-07-16T16:40:14","modified_gmt":"2024-07-16T16:40:14","slug":"i-convocatoria-2020-21","status":"publish","type":"page","link":"https:\/\/www.uhu.es\/catedra-fertinagro\/?page_id=355","title":{"rendered":"I Convocatoria 2020\/21"},"content":{"rendered":"<p>[et_pb_section fb_built=\u00bb1&#8243; fullwidth=\u00bbon\u00bb _builder_version=\u00bb4.17.3&#8243; _module_preset=\u00bbdefault\u00bb background_color=\u00bb#a80a2e\u00bb global_colors_info=\u00bb{}\u00bb][et_pb_fullwidth_header title=\u00bbI Convocatoria 2020\/21&#8243; content_max_width=\u00bbnone\u00bb _builder_version=\u00bb4.17.3&#8243; _module_preset=\u00bbdefault\u00bb title_font=\u00bb|700|||||||\u00bb title_font_size=\u00bb40px\u00bb background_color=\u00bbrgba(255, 255, 255, 0)\u00bb min_height=\u00bb140px\u00bb custom_padding=\u00bb38px||14px|||\u00bb animation_style=\u00bbfade\u00bb global_colors_info=\u00bb{}\u00bb button_one_text_size__hover_enabled=\u00bboff\u00bb button_two_text_size__hover_enabled=\u00bboff\u00bb button_one_text_color__hover_enabled=\u00bboff\u00bb button_two_text_color__hover_enabled=\u00bboff\u00bb button_one_border_width__hover_enabled=\u00bboff\u00bb button_two_border_width__hover_enabled=\u00bboff\u00bb button_one_border_color__hover_enabled=\u00bboff\u00bb button_two_border_color__hover_enabled=\u00bboff\u00bb button_one_border_radius__hover_enabled=\u00bboff\u00bb button_two_border_radius__hover_enabled=\u00bboff\u00bb button_one_letter_spacing__hover_enabled=\u00bboff\u00bb button_two_letter_spacing__hover_enabled=\u00bboff\u00bb button_one_bg_color__hover_enabled=\u00bboff\u00bb button_two_bg_color__hover_enabled=\u00bboff\u00bb][\/et_pb_fullwidth_header][\/et_pb_section][et_pb_section fb_built=\u00bb1&#8243; _builder_version=\u00bb4.16&#8243; _module_preset=\u00bbdefault\u00bb background_color=\u00bb#f7f7f7&#8243; background_color_gradient_direction=\u00bb330deg\u00bb global_colors_info=\u00bb{}\u00bb][et_pb_row _builder_version=\u00bb4.16&#8243; _module_preset=\u00bbdefault\u00bb background_size=\u00bbinitial\u00bb background_position=\u00bbtop_left\u00bb background_repeat=\u00bbrepeat\u00bb custom_margin=\u00bb-110px|auto||auto||\u00bb custom_padding=\u00bb0px|||||\u00bb global_colors_info=\u00bb{}\u00bb][et_pb_column type=\u00bb4_4&#8243; _builder_version=\u00bb4.16&#8243; _module_preset=\u00bbdefault\u00bb custom_padding=\u00bb10%|||\u00bb global_colors_info=\u00bb{}\u00bb custom_padding__hover=\u00bb|||\u00bb][et_pb_text _builder_version=\u00bb4.17.3&#8243; _module_preset=\u00bbdefault\u00bb global_colors_info=\u00bb{}\u00bb]<\/p>\n<h4 style=\"text-align: justify;\"><strong>I CONVOCATORIA DE PREMIOS A TRABAJOS DE FIN DE GRADO Y FIN DE M\u00c1STER PARA EL CURSO ACAD\u00c9MICO 2020\/21 DE LA C\u00c1TEDRA FERTINAGRO-BIOTECH DE HUELVA<\/strong><\/h4>\n<p>[\/et_pb_text][et_pb_text _builder_version=\u00bb4.17.3&#8243; _module_preset=\u00bbdefault\u00bb global_colors_info=\u00bb{}\u00bb]<\/p>\n<p>Reunido el Jurado a las 12:30 del viernes 28 de enero de 2022, tras valorar los distintos criterios para la selecci\u00f3n de los trabajos premiados seg\u00fan establecen las bases de la convocatoria, se acuerda conceder los siguientes premios:<\/p>\n<p>[\/et_pb_text][\/et_pb_column][\/et_pb_row][et_pb_row column_structure=\u00bb1_2,1_2&#8243; _builder_version=\u00bb4.17.3&#8243; _module_preset=\u00bbdefault\u00bb global_colors_info=\u00bb{}\u00bb][et_pb_column type=\u00bb1_2&#8243; _builder_version=\u00bb4.17.3&#8243; _module_preset=\u00bbdefault\u00bb global_colors_info=\u00bb{}\u00bb][et_pb_text _builder_version=\u00bb4.17.3&#8243; _module_preset=\u00bbdefault\u00bb custom_margin=\u00bb0px||||false|false\u00bb custom_padding=\u00bb10px|10px|10px|10px|false|false\u00bb animation_style=\u00bbfade\u00bb box_shadow_style=\u00bbpreset2&#8243; global_colors_info=\u00bb{}\u00bb]<\/p>\n<h5><strong>Trabajos Fin de Grado:<\/strong><\/h5>\n<p><strong><\/strong><\/p>\n<p><a href=\"https:\/\/video.uhu.es\/media\/TFG+Primer+premio+2020+21A+al+trabajo+presentado+por+D%C3%B1a.+Mar%C3%ADa+Roc%C3%ADo+Pereira+Jaramillo\/1_5d8d8ewh\"><strong>Primer premio<\/strong>: al trabajo presentado por D\u00f1a. Mar\u00eda Roc\u00edo Pereira Jaramillo: \u00abEstudio de la capacidad antimicrobiana de nanotubos de carbono frente a pat\u00f3genos de inter\u00e9s acu\u00edcola\u00bb cuyos tutores fueron: Ana Mar\u00eda Molina M\u00e1rquez y Manuel L\u00f3pez L\u00f3pez.<\/a><\/p>\n<p><a href=\"https:\/\/video.uhu.es\/media\/+TFG+Segundo+premio+2020+2021A+al+trabajo+presentado+por+D.+Pablo+Mart%C3%ADn+Lia%C3%B1ez\/1_htvowa83\"><strong>Segundo premio<\/strong>: al trabajo presentado por D. Pablo Mart\u00edn Lia\u00f1ez:\u00a0 \u00abElectromembrane separation processes\u00bb cuyos tutores fueron, por la Universidad de Huelva: Mois\u00e9s Garc\u00eda Morales.<\/a><\/p>\n<p>[\/et_pb_text][et_pb_text _builder_version=\u00bb4.17.3&#8243; _module_preset=\u00bbdefault\u00bb text_text_color=\u00bb#a80a2e\u00bb hover_enabled=\u00bb0&#8243; global_colors_info=\u00bb{}\u00bb sticky_enabled=\u00bb0&#8243;]<\/p>\n<p><a href=\"https:\/\/www.uhu.es\/catedra-fertinagro\/wp-content\/uploads\/ACTA-DE-RESOLUCIO\u0301N-DE-LA-I-CONVOCATORIA-DE-PREMIOS-A-TRABAJOS-DE-FIN-DE-GRADO-Y-FIN-DE-MA\u0301STER-PARA-EL-CURSO-ACADE\u0301MICO-2020.pdf\">&#8211; ACTA<\/a><\/p>\n<p>[\/et_pb_text][\/et_pb_column][et_pb_column type=\u00bb1_2&#8243; _builder_version=\u00bb4.17.3&#8243; _module_preset=\u00bbdefault\u00bb global_colors_info=\u00bb{}\u00bb][et_pb_text _builder_version=\u00bb4.17.3&#8243; _module_preset=\u00bbdefault\u00bb custom_padding=\u00bb10px|10px|10px|10px|false|false\u00bb animation_style=\u00bbfade\u00bb box_shadow_style=\u00bbpreset2&#8243; global_colors_info=\u00bb{}\u00bb]<\/p>\n<h5><strong>Trabajos Fin de M\u00e1ster:<\/strong><\/h5>\n<p><strong><\/strong><\/p>\n<p><a href=\"https:\/\/video.uhu.es\/media\/TFM+Primer+premio+2020+21A+al+trabajo+presentado+por+D.+V%C3%ADctor+Manuel+Amador+Luna\/1_pn33kl5t\"><strong>Primer premio<\/strong>: al trabajo presentado por D. V\u00edctor Manuel Amador Luna: \u00bb Biotechnological potential of extremophile microalgae in the framework of the circular economy\u00bb cuyos tutores fueron: Francisco Navarro Rold\u00e1n y Carlos Vilchez Lobato.<\/a><\/p>\n<p>[\/et_pb_text][\/et_pb_column][\/et_pb_row][et_pb_row _builder_version=\u00bb4.17.3&#8243; _module_preset=\u00bbdefault\u00bb global_colors_info=\u00bb{}\u00bb][et_pb_column type=\u00bb4_4&#8243; _builder_version=\u00bb4.17.3&#8243; _module_preset=\u00bbdefault\u00bb global_colors_info=\u00bb{}\u00bb][et_pb_code _builder_version=\u00bb4.17.3&#8243; _module_preset=\u00bbdefault\u00bb text_orientation=\u00bbcenter\u00bb global_colors_info=\u00bb{}\u00bb]<iframe loading=\"lazy\" src=\"https:\/\/cdnapisec.kaltura.com\/p\/2228791\/sp\/222879100\/embedIframeJs\/uiconf_id\/38099561\/partner_id\/2228791?iframeembed=true&#038;playerId=kplayer&#038;entry_id=1_9dl6wafa&#038;flashvars[streamerType]=auto\" width=\"560\" height=\"395\" allowfullscreen webkitallowfullscreen mozAllowFullScreen allow=\"autoplay *; fullscreen *; encrypted-media *\" frameborder=\"0\"><\/iframe>[\/et_pb_code][\/et_pb_column][\/et_pb_row][\/et_pb_section]<\/p>\n","protected":false},"excerpt":{"rendered":"<p>I CONVOCATORIA DE PREMIOS A TRABAJOS DE FIN DE GRADO Y FIN DE M\u00c1STER PARA EL CURSO ACAD\u00c9MICO 2020\/21 DE LA C\u00c1TEDRA FERTINAGRO-BIOTECH DE HUELVAReunido el Jurado a las 12:30 del viernes 28 de enero de 2022, tras valorar los distintos criterios para la selecci\u00f3n de los trabajos premiados seg\u00fan establecen las bases de la [&hellip;]<\/p>\n","protected":false},"author":1,"featured_media":0,"parent":0,"menu_order":0,"comment_status":"closed","ping_status":"closed","template":"","meta":{"_et_pb_use_builder":"on","_et_pb_old_content":"","_et_gb_content_width":""},"_links":{"self":[{"href":"https:\/\/www.uhu.es\/catedra-fertinagro\/index.php?rest_route=\/wp\/v2\/pages\/355"}],"collection":[{"href":"https:\/\/www.uhu.es\/catedra-fertinagro\/index.php?rest_route=\/wp\/v2\/pages"}],"about":[{"href":"https:\/\/www.uhu.es\/catedra-fertinagro\/index.php?rest_route=\/wp\/v2\/types\/page"}],"author":[{"embeddable":true,"href":"https:\/\/www.uhu.es\/catedra-fertinagro\/index.php?rest_route=\/wp\/v2\/users\/1"}],"replies":[{"embeddable":true,"href":"https:\/\/www.uhu.es\/catedra-fertinagro\/index.php?rest_route=%2Fwp%2Fv2%2Fcomments&post=355"}],"version-history":[{"count":4,"href":"https:\/\/www.uhu.es\/catedra-fertinagro\/index.php?rest_route=\/wp\/v2\/pages\/355\/revisions"}],"predecessor-version":[{"id":372,"href":"https:\/\/www.uhu.es\/catedra-fertinagro\/index.php?rest_route=\/wp\/v2\/pages\/355\/revisions\/372"}],"wp:attachment":[{"href":"https:\/\/www.uhu.es\/catedra-fertinagro\/index.php?rest_route=%2Fwp%2Fv2%2Fmedia&parent=355"}],"curies":[{"name":"wp","href":"https:\/\/api.w.org\/{rel}","templated":true}]}}

<p>[et_pb_section fb_built=»1&#8243; fullwidth=»on» _builder_version=»4.17.3&#8243; _module_preset=»default» background_color=»#a80a2e» global_colors_info=»{}»][et_pb_fullwidth_header title=»I Convocatoria 2020/21&#8243; content_max_width=»none» _builder_version=»4.17.3&#8243; _module_preset=»default» title_font=»|700|||||||» title_font_size=»40px» background_color=»rgba(255, 255, 255, 0)» min_height=»140px» custom_padding=»38px||14px|||» animation_style=»fade» global_colors_info=»{}» button_one_text_size__hover_enabled=»off» button_two_text_size__hover_enabled=»off» button_one_text_color__hover_enabled=»off» button_two_text_color__hover_enabled=»off» button_one_border_width__hover_enabled=»off» button_two_border_width__hover_enabled=»off» button_one_border_color__hover_enabled=»off» button_two_border_color__hover_enabled=»off» button_one_border_radius__hover_enabled=»off» button_two_border_radius__hover_enabled=»off» button_one_letter_spacing__hover_enabled=»off» button_two_letter_spacing__hover_enabled=»off» button_one_bg_color__hover_enabled=»off» button_two_bg_color__hover_enabled=»off»][/et_pb_fullwidth_header][/et_pb_section][et_pb_section fb_built=»1&#8243; _builder_version=»4.16&#8243; _module_preset=»default» background_color=»#f7f7f7&#8243; background_color_gradient_direction=»330deg» global_colors_info=»{}»][et_pb_row _builder_version=»4.16&#8243; _module_preset=»default» background_size=»initial» background_position=»top_left» background_repeat=»repeat» custom_margin=»-110px|auto||auto||» custom_padding=»0px|||||» global_colors_info=»{}»][et_pb_column type=»4_4&#8243; _builder_version=»4.16&#8243; _module_preset=»default» custom_padding=»10%|||» global_colors_info=»{}» custom_padding__hover=»|||»][et_pb_text _builder_version=»4.17.3&#8243; _module_preset=»default» global_colors_info=»{}»]</p>
<h4 style="text-align: justify;"><strong>I CONVOCATORIA DE PREMIOS A TRABAJOS DE FIN DE GRADO Y FIN DE MÁSTER PARA EL CURSO ACADÉMICO 2020/21 DE LA CÁTEDRA FERTINAGRO-BIOTECH DE HUELVA</strong></h4>
<p>[/et_pb_text][et_pb_text _builder_version=»4.17.3&#8243; _module_preset=»default» global_colors_info=»{}»]</p>
<p>Reunido el Jurado a las 12:30 del viernes 28 de enero de 2022, tras valorar los distintos criterios para la selección de los trabajos premiados según establecen las bases de la convocatoria, se acuerda conceder los siguientes premios:</p>
<p>[/et_pb_text][/et_pb_column][/et_pb_row][et_pb_row column_structure=»1_2,1_2&#8243; _builder_version=»4.17.3&#8243; _module_preset=»default» global_colors_info=»{}»][et_pb_column type=»1_2&#8243; _builder_version=»4.17.3&#8243; _module_preset=»default» global_colors_info=»{}»][et_pb_text _builder_version=»4.17.3&#8243; _module_preset=»default» custom_margin=»0px||||false|false» custom_padding=»10px|10px|10px|10px|false|false» animation_style=»fade» box_shadow_style=»preset2&#8243; global_colors_info=»{}»]</p>
<h5><strong>Trabajos Fin de Grado:</strong></h5>
<p><strong></strong></p>
<p><a href="https://video.uhu.es/media/TFG+Primer+premio+2020+21A+al+trabajo+presentado+por+D%C3%B1a.+Mar%C3%ADa+Roc%C3%ADo+Pereira+Jaramillo/1_5d8d8ewh"><strong>Primer premio</strong>: al trabajo presentado por Dña. María Rocío Pereira Jaramillo: «Estudio de la capacidad antimicrobiana de nanotubos de carbono frente a patógenos de interés acuícola» cuyos tutores fueron: Ana María Molina Márquez y Manuel López López.</a></p>
<p><a href="https://video.uhu.es/media/+TFG+Segundo+premio+2020+2021A+al+trabajo+presentado+por+D.+Pablo+Mart%C3%ADn+Lia%C3%B1ez/1_htvowa83"><strong>Segundo premio</strong>: al trabajo presentado por D. Pablo Martín Liañez:  «Electromembrane separation processes» cuyos tutores fueron, por la Universidad de Huelva: Moisés García Morales.</a></p>
<p>[/et_pb_text][et_pb_text _builder_version=»4.17.3&#8243; _module_preset=»default» text_text_color=»#a80a2e» hover_enabled=»0&#8243; global_colors_info=»{}» sticky_enabled=»0&#8243;]</p>
<p><a href="https://www.uhu.es/catedra-fertinagro/wp-content/uploads/ACTA-DE-RESOLUCIÓN-DE-LA-I-CONVOCATORIA-DE-PREMIOS-A-TRABAJOS-DE-FIN-DE-GRADO-Y-FIN-DE-MÁSTER-PARA-EL-CURSO-ACADÉMICO-2020.pdf">&#8211; ACTA</a></p>
<p>[/et_pb_text][/et_pb_column][et_pb_column type=»1_2&#8243; _builder_version=»4.17.3&#8243; _module_preset=»default» global_colors_info=»{}»][et_pb_text _builder_version=»4.17.3&#8243; _module_preset=»default» custom_padding=»10px|10px|10px|10px|false|false» animation_style=»fade» box_shadow_style=»preset2&#8243; global_colors_info=»{}»]</p>
<h5><strong>Trabajos Fin de Máster:</strong></h5>
<p><strong></strong></p>
<p><a href="https://video.uhu.es/media/TFM+Primer+premio+2020+21A+al+trabajo+presentado+por+D.+V%C3%ADctor+Manuel+Amador+Luna/1_pn33kl5t"><strong>Primer premio</strong>: al trabajo presentado por D. Víctor Manuel Amador Luna: » Biotechnological potential of extremophile microalgae in the framework of the circular economy» cuyos tutores fueron: Francisco Navarro Roldán y Carlos Vilchez Lobato.</a></p>
<p>[/et_pb_text][/et_pb_column][/et_pb_row][et_pb_row _builder_version=»4.17.3&#8243; _module_preset=»default» global_colors_info=»{}»][et_pb_column type=»4_4&#8243; _builder_version=»4.17.3&#8243; _module_preset=»default» global_colors_info=»{}»][et_pb_code _builder_version=»4.17.3&#8243; _module_preset=»default» text_orientation=»center» global_colors_info=»{}»]<iframe loading="lazy" src="https://cdnapisec.kaltura.com/p/2228791/sp/222879100/embedIframeJs/uiconf_id/38099561/partner_id/2228791?iframeembed=true&#038;playerId=kplayer&#038;entry_id=1_9dl6wafa&#038;flashvars[streamerType]=auto" width="560" height="395" allowfullscreen webkitallowfullscreen mozAllowFullScreen allow="autoplay *; fullscreen *; encrypted-media *" frameborder="0"></iframe>[/et_pb_code][/et_pb_column][/et_pb_row][/et_pb_section]</p>

<p>I CONVOCATORIA DE PREMIOS A TRABAJOS DE FIN DE GRADO Y FIN DE MÁSTER PARA EL CURSO ACADÉMICO 2020/21 DE LA CÁTEDRA FERTINAGRO-BIOTECH DE HUELVAReunido el Jurado a las 12:30 del viernes 28 de enero de 2022, tras valorar los distintos criterios para la selección de los trabajos premiados según establecen las bases de la [&hellip;]</p>
