{"id":142,"date":"2023-12-14T10:04:42","date_gmt":"2023-12-14T09:04:42","guid":{"rendered":"https:\/\/www.uhu.es\/catedra-genero-campoamor\/?page_id=142"},"modified":"2023-12-14T11:56:39","modified_gmt":"2023-12-14T10:56:39","slug":"mentorazgo-mujeres-lideres","status":"publish","type":"page","link":"https:\/\/www.uhu.es\/catedra-genero-campoamor\/mentorazgo-mujeres-lideres\/","title":{"rendered":"Mentorazgo Mujeres l\u00edderes"},"content":{"rendered":"<p>[et_pb_section fb_built=\u00bb1&#8243; _builder_version=\u00bb4.17.3&#8243; _module_preset=\u00bbdefault\u00bb background_color=\u00bbgcid-93b9d874-7f68-47d3-8771-5fbe336d6b66&#8243; background_enable_pattern_style=\u00bbon\u00bb background_pattern_style=\u00bbsmiles\u00bb global_colors_info=\u00bb{%22gcid-93b9d874-7f68-47d3-8771-5fbe336d6b66%22:%91%22background_color%22%93}\u00bb][et_pb_row _builder_version=\u00bb4.17.3&#8243; _module_preset=\u00bbdefault\u00bb global_colors_info=\u00bb{}\u00bb][et_pb_column type=\u00bb4_4&#8243; _builder_version=\u00bb4.17.3&#8243; _module_preset=\u00bbdefault\u00bb global_colors_info=\u00bb{}\u00bb][et_pb_text _builder_version=\u00bb4.17.3&#8243; _module_preset=\u00bbdefault\u00bb header_font=\u00bbPlayfair Display||||||||\u00bb header_text_color=\u00bb#FFFFFF\u00bb header_font_size=\u00bb41px\u00bb global_colors_info=\u00bb{}\u00bb]<\/p>\n<h1>Mentorazgo Mujeres l\u00edderes<\/h1>\n<p>[\/et_pb_text][\/et_pb_column][\/et_pb_row][\/et_pb_section][et_pb_section fb_built=\u00bb1&#8243; _builder_version=\u00bb4.17.3&#8243; _module_preset=\u00bbdefault\u00bb custom_padding=\u00bb||165px|||\u00bb global_colors_info=\u00bb{}\u00bb][et_pb_row _builder_version=\u00bb4.17.3&#8243; _module_preset=\u00bbdefault\u00bb global_colors_info=\u00bb{}\u00bb][et_pb_column type=\u00bb4_4&#8243; _builder_version=\u00bb4.17.3&#8243; _module_preset=\u00bbdefault\u00bb global_colors_info=\u00bb{}\u00bb][et_pb_text _builder_version=\u00bb4.17.3&#8243; _module_preset=\u00bbdefault\u00bb global_colors_info=\u00bb{}\u00bb]<\/p>\n<h2><span style=\"font-size: x-large;\">I PROGRAMA DE MENTORAZGO \u201cMUJERES L\u00cdDERES\u201d DE LA C\u00c1TEDRA DE ESTUDIOS<\/span><br \/><span style=\"font-size: x-large;\">DE G\u00c9NERO \u201cCLARA CAMPOAMOR\u201d DE LA UNIVERSIDAD DE HUELVA<\/span><br \/><span style=\"font-size: x-large;\">CURSO ACAD\u00c9MICO 2023-24<\/span><\/h2>\n<p>[\/et_pb_text][et_pb_text _builder_version=\u00bb4.17.3&#8243; _module_preset=\u00bbdefault\u00bb global_colors_info=\u00bb{}\u00bb]<\/p>\n<p>Con el Programa de Mentorazgo \u201cMujeres l\u00edderes\u201d, la Diputaci\u00f3n de Huelva y la<br \/>Universidad de Huelva, a trav\u00e9s del Vicerrectorado de Innovaci\u00f3n y Empleabilidad y la<br \/>C\u00e1tedra de Estudios de G\u00e9nero \u201cClara Campoamor\u201d, asumen el compromiso de<br \/>contribuir al desarrollo de las habilidades de autoliderazgo y liderazgo de las alumnas y<br \/>profesoras noveles.<\/p>\n<p>[\/et_pb_text][et_pb_button button_url=\u00bbhttps:\/\/www.uhu.es\/catedra-genero-campoamor\/wp-content\/uploads\/2023\/12\/I-Programa_mentorazgo_mujeres_lideres.def_.pdf\u00bb button_text=\u00bbConvocatoria Programa de Mentorazgo Mujeres L\u00edderes \u00bb _builder_version=\u00bb4.17.3&#8243; _module_preset=\u00bbdefault\u00bb hover_enabled=\u00bb0&#8243; global_colors_info=\u00bb{}\u00bb sticky_enabled=\u00bb0&#8243;][\/et_pb_button][\/et_pb_column][\/et_pb_row][\/et_pb_section]<\/p>\n","protected":false},"excerpt":{"rendered":"<p>Mentorazgo Mujeres l\u00edderesI PROGRAMA DE MENTORAZGO \u201cMUJERES L\u00cdDERES\u201d DE LA C\u00c1TEDRA DE ESTUDIOSDE G\u00c9NERO \u201cCLARA CAMPOAMOR\u201d DE LA UNIVERSIDAD DE HUELVACURSO ACAD\u00c9MICO 2023-24Con el Programa de Mentorazgo \u201cMujeres l\u00edderes\u201d, la Diputaci\u00f3n de Huelva y laUniversidad de Huelva, a trav\u00e9s del Vicerrectorado de Innovaci\u00f3n y Empleabilidad y laC\u00e1tedra de Estudios de G\u00e9nero \u201cClara Campoamor\u201d, asumen el [&hellip;]<\/p>\n","protected":false},"author":1,"featured_media":0,"parent":0,"menu_order":0,"comment_status":"closed","ping_status":"closed","template":"","meta":{"_et_pb_use_builder":"on","_et_pb_old_content":"","_et_gb_content_width":"","footnotes":""},"_links":{"self":[{"href":"https:\/\/www.uhu.es\/catedra-genero-campoamor\/wp-json\/wp\/v2\/pages\/142"}],"collection":[{"href":"https:\/\/www.uhu.es\/catedra-genero-campoamor\/wp-json\/wp\/v2\/pages"}],"about":[{"href":"https:\/\/www.uhu.es\/catedra-genero-campoamor\/wp-json\/wp\/v2\/types\/page"}],"author":[{"embeddable":true,"href":"https:\/\/www.uhu.es\/catedra-genero-campoamor\/wp-json\/wp\/v2\/users\/1"}],"replies":[{"embeddable":true,"href":"https:\/\/www.uhu.es\/catedra-genero-campoamor\/wp-json\/wp\/v2\/comments?post=142"}],"version-history":[{"count":4,"href":"https:\/\/www.uhu.es\/catedra-genero-campoamor\/wp-json\/wp\/v2\/pages\/142\/revisions"}],"predecessor-version":[{"id":158,"href":"https:\/\/www.uhu.es\/catedra-genero-campoamor\/wp-json\/wp\/v2\/pages\/142\/revisions\/158"}],"wp:attachment":[{"href":"https:\/\/www.uhu.es\/catedra-genero-campoamor\/wp-json\/wp\/v2\/media?parent=142"}],"curies":[{"name":"wp","href":"https:\/\/api.w.org\/{rel}","templated":true}]}}