{"id":240,"date":"2025-01-27T11:50:00","date_gmt":"2025-01-27T10:50:00","guid":{"rendered":"https:\/\/www.uhu.es\/catedra-genero-campoamor\/?page_id=240"},"modified":"2025-01-28T10:42:11","modified_gmt":"2025-01-28T09:42:11","slug":"240-2","status":"publish","type":"page","link":"https:\/\/www.uhu.es\/catedra-genero-campoamor\/240-2\/","title":{"rendered":"Actividades 2023"},"content":{"rendered":"<p>[et_pb_section fb_built=\u00bb1&#8243; _builder_version=\u00bb4.17.3&#8243; _module_preset=\u00bbdefault\u00bb background_color=\u00bbgcid-93b9d874-7f68-47d3-8771-5fbe336d6b66&#8243; background_enable_pattern_style=\u00bbon\u00bb background_pattern_style=\u00bbsmiles\u00bb global_colors_info=\u00bb{%22gcid-93b9d874-7f68-47d3-8771-5fbe336d6b66%22:%91%22background_color%22%93}\u00bb][et_pb_row _builder_version=\u00bb4.17.3&#8243; _module_preset=\u00bbdefault\u00bb global_colors_info=\u00bb{}\u00bb][et_pb_column type=\u00bb4_4&#8243; _builder_version=\u00bb4.17.3&#8243; _module_preset=\u00bbdefault\u00bb global_colors_info=\u00bb{}\u00bb][et_pb_text _builder_version=\u00bb4.17.3&#8243; _module_preset=\u00bbdefault\u00bb header_font=\u00bbPlayfair Display||||||||\u00bb header_text_color=\u00bb#FFFFFF\u00bb header_font_size=\u00bb41px\u00bb global_colors_info=\u00bb{}\u00bb]<\/p>\n<h1>Actividades 2023<\/h1>\n<p>[\/et_pb_text][\/et_pb_column][\/et_pb_row][\/et_pb_section][et_pb_section fb_built=\u00bb1&#8243; _builder_version=\u00bb4.17.3&#8243; _module_preset=\u00bbdefault\u00bb custom_padding=\u00bb16px|||||\u00bb global_colors_info=\u00bb{}\u00bb][et_pb_row _builder_version=\u00bb4.17.3&#8243; _module_preset=\u00bbdefault\u00bb global_colors_info=\u00bb{}\u00bb][et_pb_column type=\u00bb4_4&#8243; _builder_version=\u00bb4.17.3&#8243; _module_preset=\u00bbdefault\u00bb global_colors_info=\u00bb{}\u00bb][et_pb_text _builder_version=\u00bb4.17.3&#8243; _module_preset=\u00bbdefault\u00bb hover_enabled=\u00bb0&#8243; global_colors_info=\u00bb{}\u00bb sticky_enabled=\u00bb0&#8243;]<\/p>\n<p class=\"p1\"><b>Conferencia inaugural M\u00e1ster G\u00e9nero, identidades y ciudadan\u00eda<\/b><b><\/b><\/p>\n<p class=\"p1\">\u201cY cuando despert\u00f3, las romanas todav\u00eda estaban all\u00ed: Educaci\u00f3n y ciencia en femenino en el imperio romano\u201d<\/p>\n<p class=\"p1\">C\u00e1tedra \u201cClara Campoamor\u201d y COIDESO, 8 Marzo 2023.<\/p>\n<p class=\"p1\"><img decoding=\"async\" loading=\"lazy\" src=\"https:\/\/www.uhu.es\/catedra-genero-campoamor\/wp-content\/uploads\/2025\/01\/8m-212x300.png\" width=\"212\" height=\"300\" alt=\"\" class=\"wp-image-280 aligncenter size-medium\" \/><\/p>\n<hr \/>\n<p class=\"p1\"><b>Seminario \u201cMigraci\u00f3n laboral y libertades sexuales de las mujeres\u201d<\/b><b><\/b><\/p>\n<p class=\"p1\">C\u00e1tedra \u201cClara Campoamor\u201d y COIDESO, 30 Marzo 2023.<\/p>\n<p class=\"p1\" style=\"text-align: center;\"><img decoding=\"async\" loading=\"lazy\" src=\"https:\/\/www.uhu.es\/catedra-genero-campoamor\/wp-content\/uploads\/2025\/01\/Cartel-Migracion-laboral-30-03-2023-212x300.png\" width=\"212\" height=\"300\" alt=\"\" class=\"wp-image-244 alignnone size-medium\" \/><\/p>\n<hr \/>\n<p class=\"p1\"><b>International conference \u201cGenders, Sexualities and Diversitites\u201d<\/b><b><\/b><\/p>\n<p class=\"p1\">C\u00e1tedra \u201cClara Campoamor\u201d y COIDESO, 19 Abril 2023.<\/p>\n<p class=\"p1\"><img decoding=\"async\" loading=\"lazy\" src=\"https:\/\/www.uhu.es\/catedra-genero-campoamor\/wp-content\/uploads\/2025\/01\/Cartel-Genders-en-ingles-208x300.jpg\" width=\"208\" height=\"300\" alt=\"\" class=\"wp-image-243 alignnone size-medium\" style=\"display: block; margin-left: auto; margin-right: auto;\" \/><\/p>\n<hr \/>\n<p class=\"p1\"><b>Seminario y presentaci\u00f3n libro: \u201cRaceless Drunks and White Mulattas, or Temperance and Excess in the Early African American Novel\u201d<\/b><b><\/b><\/p>\n<p class=\"p1\">C\u00e1tedra \u201cClara Campoamor\u201d y COIDESO, 11 Mayo 2023.<\/p>\n<p class=\"p1\">\n<p class=\"p1\">\n<hr \/>\n<p class=\"p1\"><b>International Conference: \u201cThe Knock at the Door: Utopian Dreams for Post-covid Times\u201d<\/b><b><\/b><\/p>\n<p class=\"p1\">C\u00e1tedra \u201cClara Campoamor\u201d y COIDESO, 21-24 Mayo 2023.<\/p>\n<p class=\"p1\" style=\"text-align: center;\"><img decoding=\"async\" loading=\"lazy\" src=\"https:\/\/www.uhu.es\/catedra-genero-campoamor\/wp-content\/uploads\/2025\/01\/knock-300x173.png\" width=\"300\" height=\"173\" alt=\"\" class=\"wp-image-262 alignnone size-medium\" \/><\/p>\n<p class=\"p1\">\n<hr \/>\n<p class=\"p1\"><b>Congreso internacional de Mujeres creadoras de palabra, obra y pincel<\/b><b><\/b><\/p>\n<p class=\"p1\">C\u00e1tedra \u201cClara Campoamor\u201d y COIDESO, 15 Septiembre 2023.<\/p>\n<p class=\"p1\"><img decoding=\"async\" loading=\"lazy\" src=\"https:\/\/www.uhu.es\/catedra-genero-campoamor\/wp-content\/uploads\/2025\/01\/Programa-1-Mazagon-23-300x232.jpg\" width=\"300\" height=\"232\" alt=\"\" class=\"wp-image-253 alignnone size-medium\" style=\"display: block; margin-left: auto; margin-right: auto;\" \/><\/p>\n<p class=\"p1\">\n<hr \/>\n<p class=\"p1\"><b>Encuentro feminista \u201cRedes de sororidad\u201d<\/b><b><\/b><\/p>\n<p class=\"p1\">C\u00e1tedra \u201cClara Campoamor\u201d y COIDESO, 4 Octubre 2023.<\/p>\n<p class=\"p1\" style=\"text-align: center;\"><img decoding=\"async\" loading=\"lazy\" src=\"https:\/\/www.uhu.es\/catedra-genero-campoamor\/wp-content\/uploads\/2025\/01\/Sorority_Poster_1-215x300.png\" width=\"215\" height=\"300\" alt=\"\" class=\"wp-image-255 alignnone size-medium\" \/><\/p>\n<p class=\"p1\">\n<hr \/>\n<p class=\"p1\"><b>Conferencia inaugural M\u00e1ster G\u00e9nero, Identidades y Ciudadan\u00eda<\/b><b><\/b><\/p>\n<p class=\"p1\">\u201cReligi\u00f3n y feminismo \u00bfun ox\u00edmoron? Breves reflexiones\u201d<\/p>\n<p class=\"p1\">C\u00e1tedra \u201cClara Campoamor\u201d y COIDESO, 9 Octubre 2023.<\/p>\n<p class=\"p1\"><img decoding=\"async\" loading=\"lazy\" src=\"https:\/\/www.uhu.es\/catedra-genero-campoamor\/wp-content\/uploads\/2025\/01\/Conferencia-inaugural-master-23-24-212x300.png\" width=\"212\" height=\"300\" alt=\"\" class=\"wp-image-251 alignnone size-medium\" style=\"display: block; margin-left: auto; margin-right: auto;\" \/><\/p>\n<hr \/>\n<p class=\"p1\"><b>Foro Universitario de Derecho de los cuidados<\/b><b><\/b><\/p>\n<p class=\"p1\">C\u00e1tedra \u201cClara Campoamor\u201d y COIDESO, 18-19 Octubre 2023.<\/p>\n<p class=\"p1\"><img decoding=\"async\" loading=\"lazy\" src=\"https:\/\/www.uhu.es\/catedra-genero-campoamor\/wp-content\/uploads\/2025\/01\/FORO-DE-CUIDADOS-212x300.jpg\" width=\"212\" height=\"300\" alt=\"\" class=\"wp-image-246 alignnone size-medium\" style=\"display: block; margin-left: auto; margin-right: auto;\" \/><\/p>\n<hr \/>\n<p class=\"p1\"><b>Seminario \u201cDies cedit, dies venit: La igualdad en el Derecho\u201d<\/b><b><\/b><\/p>\n<p class=\"p1\">C\u00e1tedra \u201cClara Campoamor\u201d y COIDESO, 19 Octubre 2023.<\/p>\n<p class=\"p1\"><img decoding=\"async\" loading=\"lazy\" src=\"https:\/\/www.uhu.es\/catedra-genero-campoamor\/wp-content\/uploads\/2025\/01\/dies-cedit-300x175.png\" width=\"300\" height=\"175\" alt=\"\" class=\"wp-image-260 alignnone size-medium\" style=\"display: block; margin-left: auto; margin-right: auto;\" \/><\/p>\n<hr \/>\n<p class=\"p1\"><b>IV Jornadas Anti-discriminaci\u00f3n \u201cTodxs contra el racismo, sexismo y otras formas de discriminaci\u00f3n\u201d<\/b><b><\/b><\/p>\n<p class=\"p1\">C\u00e1tedra \u201cClara Campoamor\u201d y COIDESO, 14 Noviembre 2023.<\/p>\n<p class=\"p1\"><img decoding=\"async\" loading=\"lazy\" src=\"https:\/\/www.uhu.es\/catedra-genero-campoamor\/wp-content\/uploads\/2025\/01\/Todxs-contra-el-racismo-215x300.png\" width=\"215\" height=\"300\" alt=\"\" class=\"wp-image-265 alignnone size-medium\" style=\"display: block; margin-left: auto; margin-right: auto;\" \/><\/p>\n<hr \/>\n<p class=\"p1\"><b>Seminario \u201cPautas en la intervenci\u00f3n psicol\u00f3gica desde la perspectiva de g\u00e9nero e interseccional en casos de mujeres v\u00edctimas de violencia de g\u00e9nero\u201d<\/b><b><\/b><\/p>\n<p class=\"p1\">C\u00e1tedra \u201cClara Campoamor\u201d y COIDESO, 21 Noviembre 2023.<\/p>\n<p class=\"p1\"><img decoding=\"async\" loading=\"lazy\" src=\"https:\/\/www.uhu.es\/catedra-genero-campoamor\/wp-content\/uploads\/2025\/01\/pautas-intervencion-210x300.png\" width=\"210\" height=\"300\" alt=\"\" class=\"wp-image-264 alignnone size-medium\" style=\"display: block; margin-left: auto; margin-right: auto;\" \/><\/p>\n<hr \/>\n<p class=\"p1\"><b>VIII Jornada de Visualizaci\u00f3n de la Mujer Iberoamericana Emprendedora<\/b><b><\/b><\/p>\n<p class=\"p1\">C\u00e1tedra \u201cClara Campoamor\u201d y COIDESO, 6-7 Diciembre 2023.<\/p>\n<p class=\"p1\"><img decoding=\"async\" loading=\"lazy\" src=\"https:\/\/www.uhu.es\/catedra-genero-campoamor\/wp-content\/uploads\/2025\/01\/mujer-iberoamericana-emprendedora-300x132.png\" width=\"300\" height=\"132\" alt=\"\" class=\"wp-image-263 alignnone size-medium\" style=\"display: block; margin-left: auto; margin-right: auto;\" \/><\/p>\n<p class=\"p1\">[\/et_pb_text][\/et_pb_column][\/et_pb_row][\/et_pb_section]<\/p>\n","protected":false},"excerpt":{"rendered":"<p>Actividades 2023Conferencia inaugural M\u00e1ster G\u00e9nero, identidades y ciudadan\u00eda \u201cY cuando despert\u00f3, las romanas todav\u00eda estaban all\u00ed: Educaci\u00f3n y ciencia en femenino en el imperio romano\u201d C\u00e1tedra \u201cClara Campoamor\u201d y COIDESO, 8 Marzo 2023. Seminario \u201cMigraci\u00f3n laboral y libertades sexuales de las mujeres\u201d C\u00e1tedra \u201cClara Campoamor\u201d y COIDESO, 30 Marzo 2023. International conference \u201cGenders, Sexualities and [&hellip;]<\/p>\n","protected":false},"author":1,"featured_media":0,"parent":0,"menu_order":0,"comment_status":"closed","ping_status":"closed","template":"","meta":{"_et_pb_use_builder":"on","_et_pb_old_content":"","_et_gb_content_width":"","footnotes":""},"_links":{"self":[{"href":"https:\/\/www.uhu.es\/catedra-genero-campoamor\/wp-json\/wp\/v2\/pages\/240"}],"collection":[{"href":"https:\/\/www.uhu.es\/catedra-genero-campoamor\/wp-json\/wp\/v2\/pages"}],"about":[{"href":"https:\/\/www.uhu.es\/catedra-genero-campoamor\/wp-json\/wp\/v2\/types\/page"}],"author":[{"embeddable":true,"href":"https:\/\/www.uhu.es\/catedra-genero-campoamor\/wp-json\/wp\/v2\/users\/1"}],"replies":[{"embeddable":true,"href":"https:\/\/www.uhu.es\/catedra-genero-campoamor\/wp-json\/wp\/v2\/comments?post=240"}],"version-history":[{"count":6,"href":"https:\/\/www.uhu.es\/catedra-genero-campoamor\/wp-json\/wp\/v2\/pages\/240\/revisions"}],"predecessor-version":[{"id":281,"href":"https:\/\/www.uhu.es\/catedra-genero-campoamor\/wp-json\/wp\/v2\/pages\/240\/revisions\/281"}],"wp:attachment":[{"href":"https:\/\/www.uhu.es\/catedra-genero-campoamor\/wp-json\/wp\/v2\/media?parent=240"}],"curies":[{"name":"wp","href":"https:\/\/api.w.org\/{rel}","templated":true}]}}