
{"id":29,"date":"2017-06-20T11:21:01","date_gmt":"2017-06-20T11:21:01","guid":{"rendered":"http:\/\/www.uhu.es\/ccth\/?page_id=29"},"modified":"2023-03-13T10:53:21","modified_gmt":"2023-03-13T10:53:21","slug":"tep182-potencia-electrica-y-calidad-de-la-energia","status":"publish","type":"page","link":"https:\/\/www.uhu.es\/ccth\/tep182-potencia-electrica-y-calidad-de-la-energia\/","title":{"rendered":"Departamento de Electrotecnia y Electr\u00f3nica."},"content":{"rendered":"<p>El Departamento de Electrotecnia y Electr\u00f3nica esta formado por miembros del grupo de investigaci\u00f3n: TEP182 (Electrotencia y Electronica de la R\u00e1bida).<\/p>\n<p>Investigadores que integran el Departamento:<br \/>\nSalmer\u00f3n Revuelta, Patricio. (Coordinador\/Investigador responsable)<br \/>\nP\u00e9rez Litr\u00e1n, Salvador.<br \/>\nAlc\u00e1ntara Benjumea, Francisco Javier.<br \/>\nPrieto Thomas,\u00a0Jaime.<br \/>\nP\u00e9rez Vall\u00e9s,\u00a0Alejandro.<br \/>\nFlores Garrido, Juan Luis.<br \/>\nCastilla G\u00f3mez,\u00a0Manuel Jes\u00fas.<\/p>\n<p style=\"text-align: justify;\">El Grupo de Electrotecnia y Electr\u00f3nica de La R\u00e1bida, GEYER, es un grupo de investigaci\u00f3n de la Universidad de Huelva. El Grupo fue creado en 1996, pertenece al Departamento de Ingenier\u00eda El\u00e9ctrica y T\u00e9rmica, en la Escuela T\u00e9cnica Superior de Ingenier\u00eda de la Universidad de Huelva y se encuentra reconocido en el Plan Andaluz de Investigaci\u00f3n, Desarrollo e Innovaci\u00f3n (PAIDI) con el C\u00f3digo TEP182.<\/p>\n<p>Las l\u00edneas de investigaci\u00f3n son las siguientes:<\/p>\n<ul>\n<li>Dise\u00f1o de acondicionadores activos de potencia.<\/li>\n<li>Aplicaci\u00f3n de las redes neuronales artificiales a la ingenier\u00eda el\u00e9ctrica.<\/li>\n<li>An\u00e1lisis y medida de la calidad de la potencia el\u00e9ctrica.<\/li>\n<li>Formulaci\u00f3n y medida de los distintos t\u00e9rminos de la potencia el\u00e9ctrica.<\/li>\n<li>Redes el\u00e9ctricas inteligentes.<\/li>\n<li>Dise\u00f1o de fuentes de potencia.<\/li>\n<li>Generaci\u00f3n distribuida.<\/li>\n<li>Detectores y sensores inteligentes de part\u00edculas subat\u00f3micas.<\/li>\n<\/ul>\n","protected":false},"excerpt":{"rendered":"<p>El Departamento de Electrotecnia y Electr\u00f3nica esta formado por miembros del grupo de investigaci\u00f3n: TEP182 (Electrotencia y Electronica de la R\u00e1bida). Investigadores que integran el Departamento: Salmer\u00f3n Revuelta, Patricio. (Coordinador\/Investigador responsable) P\u00e9rez Litr\u00e1n, Salvador. Alc\u00e1ntara Benjumea, Francisco Javier. Prieto Thomas,\u00a0Jaime. P\u00e9rez Vall\u00e9s,\u00a0Alejandro. Flores Garrido, Juan Luis. Castilla G\u00f3mez,\u00a0Manuel Jes\u00fas. El Grupo de Electrotecnia y Electr\u00f3nica&hellip; <br \/> <a class=\"read-more\" href=\"https:\/\/www.uhu.es\/ccth\/tep182-potencia-electrica-y-calidad-de-la-energia\/\">Read more<\/a><\/p>\n","protected":false},"author":1,"featured_media":0,"parent":0,"menu_order":0,"comment_status":"closed","ping_status":"closed","template":"","meta":{"footnotes":""},"_links":{"self":[{"href":"https:\/\/www.uhu.es\/ccth\/wp-json\/wp\/v2\/pages\/29"}],"collection":[{"href":"https:\/\/www.uhu.es\/ccth\/wp-json\/wp\/v2\/pages"}],"about":[{"href":"https:\/\/www.uhu.es\/ccth\/wp-json\/wp\/v2\/types\/page"}],"author":[{"embeddable":true,"href":"https:\/\/www.uhu.es\/ccth\/wp-json\/wp\/v2\/users\/1"}],"replies":[{"embeddable":true,"href":"https:\/\/www.uhu.es\/ccth\/wp-json\/wp\/v2\/comments?post=29"}],"version-history":[{"count":11,"href":"https:\/\/www.uhu.es\/ccth\/wp-json\/wp\/v2\/pages\/29\/revisions"}],"predecessor-version":[{"id":1321,"href":"https:\/\/www.uhu.es\/ccth\/wp-json\/wp\/v2\/pages\/29\/revisions\/1321"}],"wp:attachment":[{"href":"https:\/\/www.uhu.es\/ccth\/wp-json\/wp\/v2\/media?parent=29"}],"curies":[{"name":"wp","href":"https:\/\/api.w.org\/{rel}","templated":true}]}}

Departamento de Electrotecnia y Electrónica.

<p>El Departamento de Electrotecnia y Electrónica esta formado por miembros del grupo de investigación: TEP182 (Electrotencia y Electronica de la Rábida).</p>
<p>Investigadores que integran el Departamento:<br />
Salmerón Revuelta, Patricio. (Coordinador/Investigador responsable)<br />
Pérez Litrán, Salvador.<br />
Alcántara Benjumea, Francisco Javier.<br />
Prieto Thomas, Jaime.<br />
Pérez Vallés, Alejandro.<br />
Flores Garrido, Juan Luis.<br />
Castilla Gómez, Manuel Jesús.</p>
<p style="text-align: justify;">El Grupo de Electrotecnia y Electrónica de La Rábida, GEYER, es un grupo de investigación de la Universidad de Huelva. El Grupo fue creado en 1996, pertenece al Departamento de Ingeniería Eléctrica y Térmica, en la Escuela Técnica Superior de Ingeniería de la Universidad de Huelva y se encuentra reconocido en el Plan Andaluz de Investigación, Desarrollo e Innovación (PAIDI) con el Código TEP182.</p>
<p>Las líneas de investigación son las siguientes:</p>
<ul>
<li>Diseño de acondicionadores activos de potencia.</li>
<li>Aplicación de las redes neuronales artificiales a la ingeniería eléctrica.</li>
<li>Análisis y medida de la calidad de la potencia eléctrica.</li>
<li>Formulación y medida de los distintos términos de la potencia eléctrica.</li>
<li>Redes eléctricas inteligentes.</li>
<li>Diseño de fuentes de potencia.</li>
<li>Generación distribuida.</li>
<li>Detectores y sensores inteligentes de partículas subatómicas.</li>
</ul>

<p>El Departamento de Electrotecnia y Electrónica esta formado por miembros del grupo de investigación: TEP182 (Electrotencia y Electronica de la Rábida). Investigadores que integran el Departamento: Salmerón Revuelta, Patricio. (Coordinador/Investigador responsable) Pérez Litrán, Salvador. Alcántara Benjumea, Francisco Javier. Prieto Thomas, Jaime. Pérez Vallés, Alejandro. Flores Garrido, Juan Luis. Castilla Gómez, Manuel Jesús. El Grupo de Electrotecnia y Electrónica&hellip; <br /> <a class="read-more" href="https://www.uhu.es/ccth/tep182-potencia-electrica-y-calidad-de-la-energia/">Read more</a></p>
