
{"id":342,"date":"2017-07-21T09:22:18","date_gmt":"2017-07-21T09:22:18","guid":{"rendered":"http:\/\/www.uhu.es\/ccth\/?page_id=342"},"modified":"2023-03-13T10:55:03","modified_gmt":"2023-03-13T10:55:03","slug":"noticias","status":"publish","type":"page","link":"https:\/\/www.uhu.es\/ccth\/noticias\/","title":{"rendered":"Noticias"},"content":{"rendered":"<h1 style=\"padding-left: 60px;\">Lo hacemos aqu\u00ed, lo hacemos ahora. Mes del CCTH<\/h1>\n<h3 style=\"padding-left: 60px;\"><a href=\"https:\/\/video.uhu.es\/createdby\/eyJpdiI6Im0rcXZ5bEJWRWdPT1g2ODJySTRHS2c9PSIsInZhbHVlIjoiWWlUNllzQkUwc1I0THM0Tm9EZXJ3THRQa3k0N2ZwS1YzVG1WcUdPalpyND0iLCJtYWMiOiIxY2Y2NDAzYmRkZWU0NjQzN2UxYmEyMDYyYTBkN2YzY2Y3ZjExMTkyNGNmNWZiNTVjNDllOWE4NjYwZGFmYTVlIn0_\">Divulgaci\u00f3n Cient\u00edfica<\/a><\/h3>\n<h3 style=\"padding-left: 90px;\"><a href=\"https:\/\/twitter.com\/intent\/tweet?text=El%20Centro%20Cient%C3%ADfico%20Tecnol%C3%B3gico%20de%20Huelva%20es%20protagonista%20del%20mes%20de%20julio%20y%20cierra%20la%20actividad%20%22Lo%20hacemos%20aqu%C3%AD%20y%20lo%20hacemos%20ahora%22%20%7C%20Universidad%20de%20Huelva&amp;url=http%3A\/\/uhu.es\/noticias\/el-centro-cientifico-tecnologico-de-huelva-es-protagonista-del-mes-de-julio-y-cierra-la\">Twitter<\/a><\/h3>\n<h3 style=\"padding-left: 90px;\"><a href=\"https:\/\/www.linkedin.com\/uas\/login?session_redirect=https%3A%2F%2Fwww.linkedin.com%2FshareArticle%3Fmini%3Dtrue%26url%3Dhttp%253A%2F%2Fuhu.es%2Fnoticias%2Fel-centro-cientifico-tecnologico-de-huelva-es-protagonista-del-mes-de-julio-y-cierra-la%26title%3DEl%2520Centro%2520Cient%25C3%25ADfico%2520Tecnol%25C3%25B3gico%2520de%2520Huelva%2520es%2520protagonista%2520del%2520mes%2520de%2520julio%2520y%2520cierra%2520la%2520actividad%2520%2522Lo%2520hacemos%2520aqu%25C3%25AD%2520y%2520lo%2520hacemos%2520ahora%2522%2520%257C%2520Universidad%2520de%2520Huelva\">Linkedln<\/a><\/h3>\n<p>&nbsp;<\/p>\n<p>&nbsp;<\/p>\n<h1><a href=\"https:\/\/eventos.uhu.es\/73122\/detail\/semana-de-la-ciencia-2021.html\"><img decoding=\"async\" loading=\"lazy\" class=\"aligncenter wp-image-1289 size-full\" src=\"http:\/\/www.uhu.es\/ccth\/wp-content\/uploads\/2017\/07\/97464.png\" alt=\"\" width=\"460\" height=\"200\" srcset=\"https:\/\/www.uhu.es\/ccth\/wp-content\/uploads\/2017\/07\/97464.png 460w, https:\/\/www.uhu.es\/ccth\/wp-content\/uploads\/2017\/07\/97464-300x130.png 300w\" sizes=\"(max-width: 460px) 100vw, 460px\" \/><\/a><\/h1>\n<h1 style=\"padding-left: 60px;\"><strong>SEMANA DE LA CIENCIA\u00a0<\/strong><\/h1>\n<div style=\"padding-left: 60px; text-align: left;\">\n<p>La Universidad de Huelva celebra, un a\u00f1o m\u00e1s, este evento de divulgaci\u00f3n cient\u00edfica, especialmente dirigido a estudiantes de Centros de Ense\u00f1anza Secundaria de la provincia de Huelva, con el objeto de dar a conocer los trabajos de investigaci\u00f3n que se desarrollan en la UHU, as\u00ed como fomentar las vocaciones cient\u00edficas.<\/p>\n<p><strong>La Semana de la Ciencia<\/strong>, que se celebra\u00a0<strong>del 8\u00a0al 12\u00a0de noviembre,<\/strong>\u00a0est\u00e1 organizada por los Centros y Facultades, y coordinado por el Vicerrectorado de Investigaci\u00f3n y Transferencia, a trav\u00e9s de la OTRI (Oficina de Transferencia de Resultados de Investigaci\u00f3n), y de la Unidad de Cultura Cient\u00edfica y de la Innovaci\u00f3n.<\/p>\n<p>Para la celebraci\u00f3n de este evento se ha dise\u00f1ado un programa completo de actividades, entre las que se encuentran talleres, conferencias, visitas guiadas, exposiciones&#8230; (<a href=\"file:\/\/\/C:\/Users\/gonza\/Downloads\/DipticoSCT21.pdf\"><strong>D\u00edptico Semana de la Ciencia<\/strong><\/a>)<\/p>\n<p>El <strong>Centro Cient\u00edfico Tecnol\u00f3gico Huelva<\/strong> (CCTH) estar\u00e1 presente con un taller tecnol\u00f3gico sobre la Econom\u00eda Circular llamada:<\/p>\n<p><strong>\u00a1\u00a1 Atr\u00e9vete con la Econom\u00eda Circular: Repara y Recupera!!<\/strong><\/p>\n<p>Ser\u00e1 impartido en el\u00a0Laboratorio de Electr\u00f3nica de Potencia (ETSI) los d\u00edas:<\/p>\n<ul>\n<li><a href=\"https:\/\/eventos.uhu.es\/72682\/detail\/semana-de-la-ciencia-2021-9-noviembre.html\">9 de Noviembre<\/a><\/li>\n<li><a href=\"https:\/\/eventos.uhu.es\/73118\/detail\/semana-de-la-ciencia-2021-10-noviembre.html\">10 de Noviembre<\/a><\/li>\n<li><a href=\"https:\/\/eventos.uhu.es\/73119\/detail\/semana-de-la-ciencia-2021-11-noviembre.html\">11 de Noviembre<\/a><\/li>\n<\/ul>\n<\/div>\n<p style=\"padding-left: 60px;\"><strong>\u00a1Te esperamos!<\/strong><\/p>\n<p><a href=\"http:\/\/www.uhu.es\/ccth\/wp-content\/uploads\/2017\/07\/CARTEL-ECONOMIA.png\"><img decoding=\"async\" loading=\"lazy\" class=\"wp-image-1299 aligncenter\" src=\"http:\/\/web5n.uhu.es\/ccth\/wp-content\/uploads\/2017\/07\/CARTEL-ECONOMIA-724x1024.png\" alt=\"\" width=\"617\" height=\"873\" srcset=\"https:\/\/www.uhu.es\/ccth\/wp-content\/uploads\/2017\/07\/CARTEL-ECONOMIA-724x1024.png 724w, https:\/\/www.uhu.es\/ccth\/wp-content\/uploads\/2017\/07\/CARTEL-ECONOMIA-212x300.png 212w, https:\/\/www.uhu.es\/ccth\/wp-content\/uploads\/2017\/07\/CARTEL-ECONOMIA-768x1086.png 768w\" sizes=\"(max-width: 617px) 100vw, 617px\" \/><\/a><a href=\"http:\/\/www.uhu.es\/ccth\/wp-content\/uploads\/2017\/07\/ECONOMIA-CIRCULAR.png\"><img decoding=\"async\" loading=\"lazy\" class=\"wp-image-1300 aligncenter\" src=\"http:\/\/web5n.uhu.es\/ccth\/wp-content\/uploads\/2017\/07\/ECONOMIA-CIRCULAR-1024x724.png\" alt=\"\" width=\"871\" height=\"616\" srcset=\"https:\/\/www.uhu.es\/ccth\/wp-content\/uploads\/2017\/07\/ECONOMIA-CIRCULAR-1024x724.png 1024w, https:\/\/www.uhu.es\/ccth\/wp-content\/uploads\/2017\/07\/ECONOMIA-CIRCULAR-300x212.png 300w, https:\/\/www.uhu.es\/ccth\/wp-content\/uploads\/2017\/07\/ECONOMIA-CIRCULAR-768x543.png 768w, https:\/\/www.uhu.es\/ccth\/wp-content\/uploads\/2017\/07\/ECONOMIA-CIRCULAR-424x300.png 424w\" sizes=\"(max-width: 871px) 100vw, 871px\" \/><\/a><\/p>\n<p>&nbsp;<\/p>\n<ul>\n<li>\n<h1>XI NATIONAL ROBOTICS DAYS \/ XI JORNADAS NACIONALES DE ROBOTICA<\/h1>\n<p>La pr\u00f3xima edici\u00f3n de las\u00a0<strong>Jornadas Nacionales de Rob\u00f3tica<\/strong>\u00a0(<strong>JNR2021<\/strong>), organizadas por el\u00a0<strong>Comit\u00e9 Espa\u00f1ol de Autom\u00e1tica (CEA)<\/strong>, y el\u00a0<strong>Grupo de Sistemas Electr\u00f3nicos y Mecatr\u00f3nica (SEM)<\/strong>\u00a0de la Escuela T\u00e9cnica Superior de Ingenier\u00eda de la\u00a0<strong>Universidad de Huelva<\/strong>, se celebrar\u00e1n de forma telem\u00e1tica el d\u00eda\u00a0<strong>27 mayo de 2021<\/strong>, continuando las ediciones celebradas anteriormente en Alicante (2019), Valladolid (2018) y Valencia (2017).<\/p>\n<p>CEA, a trav\u00e9s de su\u00a0<strong>Grupo Tem\u00e1tico de Rob\u00f3tica (GTRob)<\/strong>, promueve estas jornadas para dar visibilidad y mostrar las actividades que se realizan en el mundo de la investigaci\u00f3n y la transferencia tecnol\u00f3gica de la rob\u00f3tica.<\/p>\n<p>Las JNR est\u00e1n abiertas a la participaci\u00f3n de toda la comunidad cient\u00edfica nacional e internacional, asociaciones, consorcios de empresas, estudiantes y grupos de investigaci\u00f3n interesados en la rob\u00f3tica.<\/p>\n<p>El objetivo de la presente edici\u00f3n es continuar con la\u00a0<strong>difusi\u00f3n de los avances de la comunidad rob\u00f3tica<\/strong>, ampliando la participaci\u00f3n a<strong>\u00a0distintos colectivos cient\u00edficos<\/strong>\u00a0con inter\u00e9s por este campo de la ciencia y haciendo part\u00edcipes de su celebraci\u00f3n a las empresas que componen el tejido productivo de la rob\u00f3tica espa\u00f1ola.<\/li>\n<\/ul>\n<p>&nbsp;<\/p>\n<ul>\n<li><a href=\"https:\/\/jnr2021.com\/#\" target=\"_blank\" rel=\"noopener\"><img decoding=\"async\" loading=\"lazy\" class=\"alignnone wp-image-1282 size-full\" src=\"http:\/\/www.uhu.es\/ccth\/wp-content\/uploads\/2017\/07\/xiJornadaNacionalesRobotica.jpg\" alt=\"\" width=\"960\" height=\"584\" srcset=\"https:\/\/www.uhu.es\/ccth\/wp-content\/uploads\/2017\/07\/xiJornadaNacionalesRobotica.jpg 960w, https:\/\/www.uhu.es\/ccth\/wp-content\/uploads\/2017\/07\/xiJornadaNacionalesRobotica-300x183.jpg 300w, https:\/\/www.uhu.es\/ccth\/wp-content\/uploads\/2017\/07\/xiJornadaNacionalesRobotica-768x467.jpg 768w, https:\/\/www.uhu.es\/ccth\/wp-content\/uploads\/2017\/07\/xiJornadaNacionalesRobotica-493x300.jpg 493w\" sizes=\"(max-width: 960px) 100vw, 960px\" \/><\/a><\/li>\n<\/ul>\n<p>&nbsp;<\/p>\n<p>&nbsp;<\/p>\n<ul style=\"list-style-type: circle;\">\n<li>\n<h1><strong>Call for Special Issue Design and Applications of Multiple Output DC-DC Converters \/ Dise\u00f1o para Aplicaciones de Convertidores CC-CC de M\u00faltiples\u00a0Salidas.<\/strong><\/h1>\n<\/li>\n<\/ul>\n<p style=\"padding-left: 90px;\"><a href=\"http:\/\/www.uhu.es\/ccth\/wp-content\/uploads\/2017\/07\/Electronics-Special-Issue.pdf\"><img decoding=\"async\" loading=\"lazy\" class=\"alignnone wp-image-1227 size-large\" src=\"http:\/\/web5n.uhu.es\/ccth\/wp-content\/uploads\/2017\/07\/electronic-728x1024.png\" alt=\"\" width=\"728\" height=\"1024\" srcset=\"https:\/\/www.uhu.es\/ccth\/wp-content\/uploads\/2017\/07\/electronic-728x1024.png 728w, https:\/\/www.uhu.es\/ccth\/wp-content\/uploads\/2017\/07\/electronic-213x300.png 213w, https:\/\/www.uhu.es\/ccth\/wp-content\/uploads\/2017\/07\/electronic.png 766w\" sizes=\"(max-width: 728px) 100vw, 728px\" \/><\/a><\/p>\n<p>&nbsp;<\/p>\n<ul style=\"list-style-type: circle;\">\n<li>\n<h1><span class=\"\"><b class=\"\">\u00a0Call for Special Issue Sensors and Single-Board Open Source Architectures: Design and Applications \/ Sensores y Arquitecturas de C\u00f3digo Abierto de Placa \u00danica: Dise\u00f1o y Aplicaciones.<\/b><\/span><\/h1>\n<\/li>\n<\/ul>\n<p style=\"padding-left: 90px;\"><a href=\"http:\/\/www.uhu.es\/ccth\/wp-content\/uploads\/2017\/07\/Sensors-Special-Issue.pdf\"><img decoding=\"async\" loading=\"lazy\" class=\"alignnone wp-image-1228 size-large\" src=\"http:\/\/web5n.uhu.es\/ccth\/wp-content\/uploads\/2017\/07\/sensor-722x1024.png\" alt=\"\" width=\"722\" height=\"1024\" srcset=\"https:\/\/www.uhu.es\/ccth\/wp-content\/uploads\/2017\/07\/sensor-722x1024.png 722w, https:\/\/www.uhu.es\/ccth\/wp-content\/uploads\/2017\/07\/sensor-211x300.png 211w, https:\/\/www.uhu.es\/ccth\/wp-content\/uploads\/2017\/07\/sensor.png 762w\" sizes=\"(max-width: 722px) 100vw, 722px\" \/><\/a><\/p>\n<p>&nbsp;<\/p>\n<ul style=\"list-style-type: circle;\">\n<li>\n<h1><strong>Call for Special Issue Research and Development on DC-DC Power Converters \/ Investigacion y Desarrollo sobre Convertidores de Potencia CC-CC.<\/strong><\/h1>\n<\/li>\n<\/ul>\n<p style=\"padding-left: 90px;\"><a href=\"http:\/\/www.uhu.es\/ccth\/wp-content\/uploads\/2017\/07\/Applied-Sciences-Special-Issue.pdf\"><img decoding=\"async\" loading=\"lazy\" class=\"alignnone wp-image-1229 size-large\" src=\"http:\/\/web5n.uhu.es\/ccth\/wp-content\/uploads\/2017\/07\/apliic-724x1024.png\" alt=\"\" width=\"724\" height=\"1024\" srcset=\"https:\/\/www.uhu.es\/ccth\/wp-content\/uploads\/2017\/07\/apliic-724x1024.png 724w, https:\/\/www.uhu.es\/ccth\/wp-content\/uploads\/2017\/07\/apliic-212x300.png 212w, https:\/\/www.uhu.es\/ccth\/wp-content\/uploads\/2017\/07\/apliic.png 763w\" sizes=\"(max-width: 724px) 100vw, 724px\" \/><\/a><\/p>\n","protected":false},"excerpt":{"rendered":"<p>Lo hacemos aqu\u00ed, lo hacemos ahora. Mes del CCTH Divulgaci\u00f3n Cient\u00edfica Twitter Linkedln &nbsp; &nbsp; SEMANA DE LA CIENCIA\u00a0 La Universidad de Huelva celebra, un a\u00f1o m\u00e1s, este evento de divulgaci\u00f3n cient\u00edfica, especialmente dirigido a estudiantes de Centros de Ense\u00f1anza Secundaria de la provincia de Huelva, con el objeto de dar a conocer los trabajos&hellip; <br \/> <a class=\"read-more\" href=\"https:\/\/www.uhu.es\/ccth\/noticias\/\">Read more<\/a><\/p>\n","protected":false},"author":1,"featured_media":0,"parent":0,"menu_order":0,"comment_status":"closed","ping_status":"closed","template":"","meta":{"footnotes":""},"_links":{"self":[{"href":"https:\/\/www.uhu.es\/ccth\/wp-json\/wp\/v2\/pages\/342"}],"collection":[{"href":"https:\/\/www.uhu.es\/ccth\/wp-json\/wp\/v2\/pages"}],"about":[{"href":"https:\/\/www.uhu.es\/ccth\/wp-json\/wp\/v2\/types\/page"}],"author":[{"embeddable":true,"href":"https:\/\/www.uhu.es\/ccth\/wp-json\/wp\/v2\/users\/1"}],"replies":[{"embeddable":true,"href":"https:\/\/www.uhu.es\/ccth\/wp-json\/wp\/v2\/comments?post=342"}],"version-history":[{"count":94,"href":"https:\/\/www.uhu.es\/ccth\/wp-json\/wp\/v2\/pages\/342\/revisions"}],"predecessor-version":[{"id":1810,"href":"https:\/\/www.uhu.es\/ccth\/wp-json\/wp\/v2\/pages\/342\/revisions\/1810"}],"wp:attachment":[{"href":"https:\/\/www.uhu.es\/ccth\/wp-json\/wp\/v2\/media?parent=342"}],"curies":[{"name":"wp","href":"https:\/\/api.w.org\/{rel}","templated":true}]}}