
{"id":989,"date":"2018-10-15T12:25:29","date_gmt":"2018-10-15T12:25:29","guid":{"rendered":"http:\/\/www.uhu.es\/ccth\/?page_id=989"},"modified":"2023-05-12T09:55:33","modified_gmt":"2023-05-12T09:55:33","slug":"departamento-de-economia-computacional-y-digital","status":"publish","type":"page","link":"https:\/\/www.uhu.es\/ccth\/departamento-de-economia-computacional-y-digital\/","title":{"rendered":"Departamento de Econom\u00eda Computacional y Digital."},"content":{"rendered":"<p>El Departamento de Econom\u00eda Computacional y Digital esta formado por miembros del grupo de investigaci\u00f3n:\u00a0SEJ-487 (<a href=\"http:\/\/www.uhu.es\/serg\/\">http:\/\/www.uhu.es\/serg\/<\/a>)<\/p>\n<p>Investigadores que integran el Departamento:<\/p>\n<p>Congregado Ram\u00edrez De Aguilera, Emilio. (Coordinador\/Investigador responsable)<br \/>\nCarmona Arango, M\u00f3nica.<br \/>\nRom\u00e1n D\u00edaz,\u00a0Mar\u00eda Concepci\u00f3n.<br \/>\nV\u00edlchez Lobato,\u00a0Mar\u00eda Luisa.<br \/>\nRodr\u00edguez Santiago, Ana Mar\u00eda.<br \/>\nV\u00edlchez, Inmaculada.<br \/>\nGarc\u00eda Clemente, Javier.<br \/>\nMorales Kirioukhina, Alejandro.<br \/>\nRubino, Nicola.<br \/>\nCasas Aljama, Pablo.<\/p>\n<p>&nbsp;<\/p>\n","protected":false},"excerpt":{"rendered":"<p>El Departamento de Econom\u00eda Computacional y Digital esta formado por miembros del grupo de investigaci\u00f3n:\u00a0SEJ-487 (http:\/\/www.uhu.es\/serg\/) Investigadores que integran el Departamento: Congregado Ram\u00edrez De Aguilera, Emilio. (Coordinador\/Investigador responsable) Carmona Arango, M\u00f3nica. Rom\u00e1n D\u00edaz,\u00a0Mar\u00eda Concepci\u00f3n. V\u00edlchez Lobato,\u00a0Mar\u00eda Luisa. Rodr\u00edguez Santiago, Ana Mar\u00eda. V\u00edlchez, Inmaculada. Garc\u00eda Clemente, Javier. Morales Kirioukhina, Alejandro. Rubino, Nicola. Casas Aljama, Pablo. &nbsp;<\/p>\n","protected":false},"author":1,"featured_media":0,"parent":0,"menu_order":0,"comment_status":"closed","ping_status":"closed","template":"","meta":{"footnotes":""},"_links":{"self":[{"href":"https:\/\/www.uhu.es\/ccth\/wp-json\/wp\/v2\/pages\/989"}],"collection":[{"href":"https:\/\/www.uhu.es\/ccth\/wp-json\/wp\/v2\/pages"}],"about":[{"href":"https:\/\/www.uhu.es\/ccth\/wp-json\/wp\/v2\/types\/page"}],"author":[{"embeddable":true,"href":"https:\/\/www.uhu.es\/ccth\/wp-json\/wp\/v2\/users\/1"}],"replies":[{"embeddable":true,"href":"https:\/\/www.uhu.es\/ccth\/wp-json\/wp\/v2\/comments?post=989"}],"version-history":[{"count":9,"href":"https:\/\/www.uhu.es\/ccth\/wp-json\/wp\/v2\/pages\/989\/revisions"}],"predecessor-version":[{"id":1866,"href":"https:\/\/www.uhu.es\/ccth\/wp-json\/wp\/v2\/pages\/989\/revisions\/1866"}],"wp:attachment":[{"href":"https:\/\/www.uhu.es\/ccth\/wp-json\/wp\/v2\/media?parent=989"}],"curies":[{"name":"wp","href":"https:\/\/api.w.org\/{rel}","templated":true}]}}