{"id":14588,"date":"2017-09-25T12:16:52","date_gmt":"2017-09-25T11:16:52","guid":{"rendered":"http:\/\/www.uhu.es\/etsi\/?page_id=14588"},"modified":"2020-11-17T10:25:05","modified_gmt":"2020-11-17T09:25:05","slug":"resolucion-solicitudes-cambio-grupo","status":"publish","type":"page","link":"https:\/\/www.uhu.es\/etsi\/secretaria\/resolucion-solicitudes-cambio-grupo\/","title":{"rendered":"Cambio de Grupo. Resoluci\u00f3n de Solicitudes"},"content":{"rendered":"<div id=\"my-accordion\" class=\"x-accordion\" ><\/div> <div  class=\"x-accordion-group\" ><div class=\"x-accordion-heading\"><a class=\"x-accordion-toggle\" data-toggle=\"collapse\" data-parent=\"#my-accordion\" href=\"#collapse-1\">Cambio Grupo Matr\u00edcula Curso Actual<\/a><\/div> <!-- end .x-accordion-heading --><div id=\"collapse-1\" class=\"accordion-body collapse in\"><div class=\"x-accordion-inner\">\n<p><font size=\"4\"><span style=\"color: #ff0000;\">Cambio Grupo Matr\u00edcula 2020-21<\/span><\/font><\/p>\n<ul>\n<li><font size=\"4\"><a href=\"https:\/\/www.uhu.es\/etsi\/descargas\/2020\/octubre\/Resolucion_Colectiva_Cambio_Grupo_20-21.pdf\">Resoluci\u00f3n Fase 1<\/a><\/font><\/li>\n<li><font size=\"4\"><a href=\"https:\/\/www.uhu.es\/etsi\/descargas\/2020\/octubre\/Resolucio%CC%81nColectivaCambioGrupo_20-21_Fase2_Firmado_Reg.pdf\">Resoluci\u00f3n Fase 2<\/a><\/font><\/li>\n<li><font size=\"4\"><a href=\"https:\/\/www.uhu.es\/etsi\/descargas\/2020\/octubre\/Resolucio%CC%81nColectivaCambioGrupo20-21_Fase3_Reg.pdf\">Resoluci\u00f3n Fase 3<\/a><\/font><\/li>\n<\/ul>\n<\/div> <!-- end .x-accordion-inner --><\/div> <!-- end .x-accordion-body --><\/div> <!-- end .x-accordion-group -->\n<div id=\"my-accordion\" class=\"x-accordion\" ><\/div> <div  class=\"x-accordion-group\" ><div class=\"x-accordion-heading\"><a class=\"x-accordion-toggle collapsed\" data-toggle=\"collapse\" data-parent=\"#my-accordion\" href=\"#collapse-2\">Cambio Grupo Matr\u00edcula Cursos Anteriores<\/a><\/div> <!-- end .x-accordion-heading --><div id=\"collapse-2\" class=\"accordion-body collapse\"><div class=\"x-accordion-inner\">\n<p><font size=\"4\"><span style=\"color: #ff0000;\">Cambio Grupo Matr\u00edcula 2019-20<\/span><\/font><\/p>\n<ul>\n<li><font size=\"4\"><a href=\"https:\/\/www.uhu.es\/etsi\/descargas\/2019\/octubre\/Resoluci%C3%B3n%20Cambio%20Grupo%2019-20_Fase%202.pdf\">Fase 1 a la 3 (Resoluci\u00f3n colectiva)<\/a><\/font><\/li>\n<li><font size=\"4\"><a href=\"#\">Fase 1 a la 3 (Revisi\u00f3n 1)<\/a><\/font>  Por determinar<\/li>\n<li><font size=\"4\"><a href=\"#\">Fase 1 a la 3 (Revisi\u00f3n 2)<\/a><\/font>  Por determinar<\/li>\n<\/ul>\n<p><font size=\"4\"><span style=\"color: #ff0000;\">Cambio Grupo Matr\u00edcula 2018-19<\/span><\/font><\/p>\n<ul>\n<li><font size=\"4\"><a href=\"https:\/\/www.uhu.es\/etsi\/descargas\/2018\/octubre\/ResolucionCambioGrupo_Fase_1-3.pdf\">Fase 1 a la 3 (Resoluci\u00f3n colectiva)<\/a><\/font><\/li>\n<li><font size=\"4\"><a href=\"https:\/\/www.uhu.es\/etsi\/descargas\/2018\/octubre\/Resoluci%C3%B3n%20Cambio%20Grupo_Revisi%C3%B3n_%20Adrian%20Fragio%20Alfonso_Firm-Registr.pdf\">Fase 1 a la 3 (Revisi\u00f3n 1)<\/a><\/font><\/li>\n<li><font size=\"4\"><a href=\"https:\/\/www.uhu.es\/etsi\/descargas\/2018\/octubre\/Resoluci%C3%B3n%20Cambio%20Grupo_Rev_Manuel%20del%20R%C3%ADo%20Mar%C3%ADn_Firm-Registr.pdf\">Fase 1 a la 3 (Revisi\u00f3n 2)<\/a><\/font><\/li>\n<\/ul>\n<ul style=\"list-style-type: square;\">\n<li>\n<p><font size=\"4\"><span style=\"color: #ff0000;\">Cambio Grupo Matr\u00edcula 2017-18<\/span><\/font><\/p>\n<ul>\n<li><font size=\"4\"><a href=\"https:\/\/www.uhu.es\/etsi\/descargas\/2017\/septiembre\/Cambio_Grupo_Fase_1.pdf\">Fase 1<\/a><\/font><\/li>\n<li><font size=\"4\"><a href=\"https:\/\/www.uhu.es\/etsi\/descargas\/2017\/octubre\/Cambio_Grupo_Fase_2.pdf\">Fase 2<\/a><\/font><\/li>\n<li><font size=\"4\"><a href=\"https:\/\/www.uhu.es\/etsi\/descargas\/2017\/octubre\/Resoluci%C3%B3n%20Cambio%20Grupo_Fase%202%20Ampliaci%C3%B3n.pdf\">Fase 2. Ampliaci\u00f3n<\/a><\/font><\/li>\n<\/ul>\n<\/li>\n<\/ul>\n<\/div> <!-- end .x-accordion-inner --><\/div> <!-- end .x-accordion-body --><\/div> <!-- end .x-accordion-group -->\n","protected":false},"excerpt":{"rendered":"Cambio Grupo Matr\u00edcula Curso Actual Cambio Grupo Matr\u00edcula 2020-21 Resoluci\u00f3n Fase 1 Resoluci\u00f3n Fase 2 Resoluci\u00f3n Fase 3 Cambio Grupo ... <div><a href=\"https:\/\/www.uhu.es\/etsi\/secretaria\/resolucion-solicitudes-cambio-grupo\/\" class=\"more-link\">Read More<\/a><\/div>","protected":false},"author":7,"featured_media":0,"parent":6660,"menu_order":0,"comment_status":"closed","ping_status":"closed","template":"template-layout-full-width.php","meta":[],"yoast_head":"<!-- This site is optimized with the Yoast SEO plugin v20.2.1 - https:\/\/yoast.com\/wordpress\/plugins\/seo\/ -->\n<title>Cambio de Grupo. Resoluci\u00f3n de Solicitudes - ETSI, UHU<\/title>\n<meta name=\"robots\" content=\"index, follow, max-snippet:-1, max-image-preview:large, max-video-preview:-1\" \/>\n<link rel=\"canonical\" href=\"https:\/\/www.uhu.es\/etsi\/secretaria\/resolucion-solicitudes-cambio-grupo\/\" \/>\n<meta property=\"og:locale\" content=\"es_ES\" \/>\n<meta property=\"og:type\" content=\"article\" \/>\n<meta property=\"og:title\" content=\"Cambio de Grupo. Resoluci\u00f3n de Solicitudes - ETSI, UHU\" \/>\n<meta property=\"og:url\" content=\"https:\/\/www.uhu.es\/etsi\/secretaria\/resolucion-solicitudes-cambio-grupo\/\" \/>\n<meta property=\"og:site_name\" content=\"ETSI, UHU\" \/>\n<meta property=\"article:modified_time\" content=\"2020-11-17T09:25:05+00:00\" \/>\n<meta name=\"twitter:label1\" content=\"Est. reading time\" \/>\n\t<meta name=\"twitter:data1\" content=\"1 minute\" \/>\n<script type=\"application\/ld+json\" class=\"yoast-schema-graph\">{\"@context\":\"https:\/\/schema.org\",\"@graph\":[{\"@type\":\"WebPage\",\"@id\":\"https:\/\/www.uhu.es\/etsi\/secretaria\/resolucion-solicitudes-cambio-grupo\/\",\"url\":\"https:\/\/www.uhu.es\/etsi\/secretaria\/resolucion-solicitudes-cambio-grupo\/\",\"name\":\"Cambio de Grupo. Resoluci\u00f3n de Solicitudes - ETSI, UHU\",\"isPartOf\":{\"@id\":\"https:\/\/www.uhu.es\/etsi\/#website\"},\"datePublished\":\"2017-09-25T11:16:52+00:00\",\"dateModified\":\"2020-11-17T09:25:05+00:00\",\"breadcrumb\":{\"@id\":\"https:\/\/www.uhu.es\/etsi\/secretaria\/resolucion-solicitudes-cambio-grupo\/#breadcrumb\"},\"inLanguage\":\"es-ES\",\"potentialAction\":[{\"@type\":\"ReadAction\",\"target\":[\"https:\/\/www.uhu.es\/etsi\/secretaria\/resolucion-solicitudes-cambio-grupo\/\"]}]},{\"@type\":\"BreadcrumbList\",\"@id\":\"https:\/\/www.uhu.es\/etsi\/secretaria\/resolucion-solicitudes-cambio-grupo\/#breadcrumb\",\"itemListElement\":[{\"@type\":\"ListItem\",\"position\":1,\"name\":\"Portada\",\"item\":\"https:\/\/www.uhu.es\/etsi\/\"},{\"@type\":\"ListItem\",\"position\":2,\"name\":\"Secretar\u00eda\",\"item\":\"https:\/\/www.uhu.es\/etsi\/secretaria\/\"},{\"@type\":\"ListItem\",\"position\":3,\"name\":\"Cambio de Grupo. Resoluci\u00f3n de Solicitudes\"}]},{\"@type\":\"WebSite\",\"@id\":\"https:\/\/www.uhu.es\/etsi\/#website\",\"url\":\"https:\/\/www.uhu.es\/etsi\/\",\"name\":\"ETSI, UHU\",\"description\":\"Escuela T\u00e9cnica Superior de  Ingenier\u00eda de la Universidad de Huelva\",\"publisher\":{\"@id\":\"https:\/\/www.uhu.es\/etsi\/#organization\"},\"potentialAction\":[{\"@type\":\"SearchAction\",\"target\":{\"@type\":\"EntryPoint\",\"urlTemplate\":\"https:\/\/www.uhu.es\/etsi\/?s={search_term_string}\"},\"query-input\":\"required name=search_term_string\"}],\"inLanguage\":\"es-ES\"},{\"@type\":\"Organization\",\"@id\":\"https:\/\/www.uhu.es\/etsi\/#organization\",\"name\":\"UHU ETSI\",\"url\":\"https:\/\/www.uhu.es\/etsi\/\",\"logo\":{\"@type\":\"ImageObject\",\"inLanguage\":\"es-ES\",\"@id\":\"https:\/\/www.uhu.es\/etsi\/#\/schema\/logo\/image\/\",\"url\":\"http:\/\/www.uhu.es\/etsi\/wp-content\/uploads\/2016\/02\/membrete_ETSI.jpg\",\"contentUrl\":\"http:\/\/www.uhu.es\/etsi\/wp-content\/uploads\/2016\/02\/membrete_ETSI.jpg\",\"width\":423,\"height\":81,\"caption\":\"UHU ETSI\"},\"image\":{\"@id\":\"https:\/\/www.uhu.es\/etsi\/#\/schema\/logo\/image\/\"}}]}<\/script>\n<!-- \/ Yoast SEO plugin. -->","yoast_head_json":{"title":"Cambio de Grupo. Resoluci\u00f3n de Solicitudes - ETSI, UHU","robots":{"index":"index","follow":"follow","max-snippet":"max-snippet:-1","max-image-preview":"max-image-preview:large","max-video-preview":"max-video-preview:-1"},"canonical":"https:\/\/www.uhu.es\/etsi\/secretaria\/resolucion-solicitudes-cambio-grupo\/","og_locale":"es_ES","og_type":"article","og_title":"Cambio de Grupo. Resoluci\u00f3n de Solicitudes - ETSI, UHU","og_url":"https:\/\/www.uhu.es\/etsi\/secretaria\/resolucion-solicitudes-cambio-grupo\/","og_site_name":"ETSI, UHU","article_modified_time":"2020-11-17T09:25:05+00:00","twitter_misc":{"Est. reading time":"1 minute"},"schema":{"@context":"https:\/\/schema.org","@graph":[{"@type":"WebPage","@id":"https:\/\/www.uhu.es\/etsi\/secretaria\/resolucion-solicitudes-cambio-grupo\/","url":"https:\/\/www.uhu.es\/etsi\/secretaria\/resolucion-solicitudes-cambio-grupo\/","name":"Cambio de Grupo. Resoluci\u00f3n de Solicitudes - ETSI, UHU","isPartOf":{"@id":"https:\/\/www.uhu.es\/etsi\/#website"},"datePublished":"2017-09-25T11:16:52+00:00","dateModified":"2020-11-17T09:25:05+00:00","breadcrumb":{"@id":"https:\/\/www.uhu.es\/etsi\/secretaria\/resolucion-solicitudes-cambio-grupo\/#breadcrumb"},"inLanguage":"es-ES","potentialAction":[{"@type":"ReadAction","target":["https:\/\/www.uhu.es\/etsi\/secretaria\/resolucion-solicitudes-cambio-grupo\/"]}]},{"@type":"BreadcrumbList","@id":"https:\/\/www.uhu.es\/etsi\/secretaria\/resolucion-solicitudes-cambio-grupo\/#breadcrumb","itemListElement":[{"@type":"ListItem","position":1,"name":"Portada","item":"https:\/\/www.uhu.es\/etsi\/"},{"@type":"ListItem","position":2,"name":"Secretar\u00eda","item":"https:\/\/www.uhu.es\/etsi\/secretaria\/"},{"@type":"ListItem","position":3,"name":"Cambio de Grupo. Resoluci\u00f3n de Solicitudes"}]},{"@type":"WebSite","@id":"https:\/\/www.uhu.es\/etsi\/#website","url":"https:\/\/www.uhu.es\/etsi\/","name":"ETSI, UHU","description":"Escuela T\u00e9cnica Superior de  Ingenier\u00eda de la Universidad de Huelva","publisher":{"@id":"https:\/\/www.uhu.es\/etsi\/#organization"},"potentialAction":[{"@type":"SearchAction","target":{"@type":"EntryPoint","urlTemplate":"https:\/\/www.uhu.es\/etsi\/?s={search_term_string}"},"query-input":"required name=search_term_string"}],"inLanguage":"es-ES"},{"@type":"Organization","@id":"https:\/\/www.uhu.es\/etsi\/#organization","name":"UHU ETSI","url":"https:\/\/www.uhu.es\/etsi\/","logo":{"@type":"ImageObject","inLanguage":"es-ES","@id":"https:\/\/www.uhu.es\/etsi\/#\/schema\/logo\/image\/","url":"http:\/\/www.uhu.es\/etsi\/wp-content\/uploads\/2016\/02\/membrete_ETSI.jpg","contentUrl":"http:\/\/www.uhu.es\/etsi\/wp-content\/uploads\/2016\/02\/membrete_ETSI.jpg","width":423,"height":81,"caption":"UHU ETSI"},"image":{"@id":"https:\/\/www.uhu.es\/etsi\/#\/schema\/logo\/image\/"}}]}},"_links":{"self":[{"href":"https:\/\/www.uhu.es\/etsi\/wp-json\/wp\/v2\/pages\/14588"}],"collection":[{"href":"https:\/\/www.uhu.es\/etsi\/wp-json\/wp\/v2\/pages"}],"about":[{"href":"https:\/\/www.uhu.es\/etsi\/wp-json\/wp\/v2\/types\/page"}],"author":[{"embeddable":true,"href":"https:\/\/www.uhu.es\/etsi\/wp-json\/wp\/v2\/users\/7"}],"replies":[{"embeddable":true,"href":"https:\/\/www.uhu.es\/etsi\/wp-json\/wp\/v2\/comments?post=14588"}],"version-history":[{"count":27,"href":"https:\/\/www.uhu.es\/etsi\/wp-json\/wp\/v2\/pages\/14588\/revisions"}],"predecessor-version":[{"id":20028,"href":"https:\/\/www.uhu.es\/etsi\/wp-json\/wp\/v2\/pages\/14588\/revisions\/20028"}],"up":[{"embeddable":true,"href":"https:\/\/www.uhu.es\/etsi\/wp-json\/wp\/v2\/pages\/6660"}],"wp:attachment":[{"href":"https:\/\/www.uhu.es\/etsi\/wp-json\/wp\/v2\/media?parent=14588"}],"curies":[{"name":"wp","href":"https:\/\/api.w.org\/{rel}","templated":true}]}}