{"id":14643,"date":"2017-09-29T11:33:57","date_gmt":"2017-09-29T10:33:57","guid":{"rendered":"http:\/\/www.uhu.es\/etsi\/?page_id=14643"},"modified":"2025-06-19T11:41:08","modified_gmt":"2025-06-19T10:41:08","slug":"listado-telefonico-secretaria","status":"publish","type":"page","link":"https:\/\/www.uhu.es\/etsi\/secretaria\/listado-telefonico-secretaria\/","title":{"rendered":"Listado Telef\u00f3nico de Secretar\u00eda"},"content":{"rendered":"<table class=\"celdabordesupizq\" border=\"0.5\" width=\"95%\" cellspacing=\"0\" align=\"center\">\n<tbody>\n<tr class=\"titceldas\">\n<td width=\"261\">\n<div align=\"center\"><strong>Nombre<\/strong><\/div>\n<\/td>\n<td width=\"261\">\n<div align=\"center\"><strong>Titulaciones<\/strong><\/div>\n<\/td>\n<td width=\"91\">\n<div align=\"center\"><strong>Extensi\u00f3n<\/strong><\/div>\n<\/td>\n<td width=\"186\">\n<div align=\"center\"><strong>Correo Electr\u00f3nico<\/strong><\/div>\n<\/td>\n<\/tr>\n<tr>\n<td>\n<div align=\"left\">P\u00c9REZ M\u00c1RQUEZ, REBECA<\/div>\n<\/td>\n<td>\n<div align=\"left\">\n<ul>\n<li>M\u00e1ster Oficial en Ingenier\u00eda de Minas<\/li>\n<li>Grado en Ingenier\u00eda Agr\u00edcola<\/li>\n<li>Grado de Ingenier\u00eda en Explotaci\u00f3n de Minas y Recursos Energ\u00e9ticos<\/li>\n<li>Grado en Ingenier\u00eda Minera<\/li>\n<\/ul>\n<\/div>\n<\/td>\n<td>\n<div align=\"left\">95921 7305<\/div>\n<\/td>\n<td>\n<div align=\"left\"><a href=\"mailto:puesto2.secretaria@etsi.uhu.es\" target=\"_blank\" rel=\"nofollow noopenre noreferrer noopener\">puesto2.secretaria@etsi.uhu.es<\/a><\/div>\n<\/td>\n<\/tr>\n<tr>\n<td>\n<div align=\"left\">RAMOS P\u00c9REZ, MANUEL<\/div>\n<\/td>\n<td>\n<div align=\"left\">\n<ul>\n<li>M\u00e1ster Oficial en Ingenier\u00eda de Montes<\/li>\n<li>M\u00e1ster Oficial en Ingenier\u00eda Industrial<\/li>\n<li>M\u00e1ster Oficial en Ingenier\u00eda Inform\u00e1tica<\/li>\n<li>M\u00e1ster Universitario en Ingenier\u00eda Inform\u00e1tica (Plan 2023)<\/li>\n<li>M\u00e1ster Universitario en Ingenier\u00eda Inform\u00e1tica (2018)<\/li>\n<li>Doble Grado en Ingenier\u00eda El\u00e9ctrica e Ingenier\u00eda Energ\u00e9tica<\/li>\n<li>Grado en Ingenier\u00eda Forestal y del Medio Natural<\/li>\n<li>Doble Grado en Ingenier\u00eda El\u00e9ctrica e ingenier\u00eda de Energ\u00edas Renovables y Tecnolog\u00eda del Hidr\u00f3geno<\/li>\n<\/ul>\n<\/div>\n<\/td>\n<td>\n<div align=\"left\">95921 7306<\/div>\n<\/td>\n<td>\n<div align=\"left\"><a href=\"mailto:puesto1.secretaria@etsi.uhu.es\" target=\"_blank\" rel=\"nofollow noopenre noreferrer noopener\">puesto1.secretaria@etsi.uhu.es<\/a><\/div>\n<\/td>\n<\/tr>\n<tr>\n<td>\n<div align=\"left\">PULIDO BERMEJO, ANTONIO<\/div>\n<\/td>\n<td>\n<div align=\"left\">\n<ul>\n<li>M\u00e1ster Oficial en Ingenier\u00eda Qu\u00edmica<\/li>\n<li>Doble Grado en Ingenier\u00eda Mec\u00e1nica y Grado de Ingenier\u00eda en Explotaci\u00f3n de Minas y Recursos Energ\u00e9ticos<\/li>\n<li>Grado en Ingenier\u00eda Qu\u00edmica Industrial<\/li>\n<li>Grado en Ingenier\u00eda El\u00e9ctrica<\/li>\n<li>Doble Grado en Ingenier\u00eda Minera e Ingenier\u00eda Mec\u00e1nica<\/li>\n<\/ul>\n<\/div>\n<\/td>\n<td>\n<div align=\"left\">95921 7309<\/div>\n<\/td>\n<td>\n<div align=\"left\"><a href=\"mailto:puesto5.secretaria@etsi.uhu.es\" target=\"_blank\" rel=\"nofollow noopenre noreferrer noopener\">puesto5.secretaria@etsi.uhu.es<\/a><\/div>\n<\/td>\n<\/tr>\n<tr>\n<td>\n<div align=\"left\">DOM\u00cdNGUEZ GARC\u00cdA, SALOM\u00c9<\/div>\n<\/td>\n<td>\n<div align=\"left\">\n<ul>\n<li>Doble Grado en Ingenier\u00eda Electr\u00f3nica Industrial e Ingenier\u00eda Mec\u00e1nica<\/li>\n<li>Grado en Ingenier\u00eda Mec\u00e1nica<\/li>\n<\/ul>\n<\/div>\n<\/td>\n<td>\n<div align=\"left\">95921 7308<\/div>\n<\/td>\n<td>\n<div align=\"left\"><a href=\"mailto:puesto4.secretaria@etsi.uhu.es\" target=\"_blank\" rel=\"nofollow noopenre noreferrer noopener\">puesto4.secretaria@etsi.uhu.es<\/a><\/div>\n<\/td>\n<\/tr>\n<tr>\n<td>\n<div align=\"left\">DOM\u00cdNGUEZ VIDAL, AZUCENA<\/div>\n<\/td>\n<td>\n<div align=\"left\">\n<ul>\n<li>Grado en Ingenier\u00eda Energ\u00e9tica<\/li>\n<li>Grado en Ingenier\u00eda Electr\u00f3nica Industrial<\/li>\n<li>Grado en Ingenier\u00eda Inform\u00e1tica&nbsp; &nbsp;(Apellidos desde la A hasta la E)<\/li>\n<li>Grado en Ingenier\u00eda de Energ\u00edas Renovables Y Tecnolog\u00edas del Hidr\u00f3geno<\/li>\n<\/ul>\n<\/div>\n<\/td>\n<td>\n<div align=\"left\">95921 7307<\/div>\n<\/td>\n<td>\n<div align=\"left\"><a href=\"mailto:puesto6.secretaria@etsi.uhu.es\" target=\"_blank\" rel=\"nofollow noopenre noreferrer noopener\">puesto6.secretaria@etsi.uhu.es<\/a><\/div>\n<\/td>\n<\/tr>\n<tr>\n<td>\n<div align=\"left\">SALGUERO MART\u00cdNEZ, CINTA MAR\u00cdA<\/div>\n<\/td>\n<td>\n<div align=\"left\">\n<ul>\n<li>Grado en Ingenier\u00eda Inform\u00e1tica&nbsp; &nbsp;(Apellidos desde la F hasta la Z)<\/li>\n<\/ul>\n<\/div>\n<\/td>\n<td>\n<div align=\"left\">95921 7335<\/div>\n<\/td>\n<td>\n<div align=\"left\"><a href=\"mailto:puesto3.secretaria@etsi.uhu.es\" target=\"_blank\" rel=\"nofollow noopenre noreferrer noopener\">puesto3.secretaria@etsi.uhu.es<\/a><\/div>\n<\/td>\n<\/tr>\n<tr>\n<td>\n<div align=\"left\">D\u00cdAZ FERN\u00c1NDEZ, JUAN ANTONIO<\/div>\n<\/td>\n<td>\n<div align=\"left\">\n<ul><\/ul>\n<\/div>\n<\/td>\n<td>\n<div align=\"left\">95921 7313<\/div>\n<\/td>\n<td>\n<div align=\"left\"><a href=\"mailto:tonio@uhu.es\" target=\"_blank\" rel=\"nofollow noopenre noreferrer noopener\">tonio@uhu.es<\/a><\/div>\n<\/td>\n<\/tr>\n<tr>\n<td>\n<div align=\"left\">PANCHO ROJAS, ANA MAR\u00cdA<\/div>\n<\/td>\n<td>\n<div align=\"left\">\n<ul><\/ul>\n<\/div>\n<\/td>\n<td>\n<div align=\"left\">95921 7311<\/div>\n<\/td>\n<td>\n<div align=\"left\"><a href=\"mailto:apancho@uhu.es\" target=\"_blank\" rel=\"nofollow noopenre noreferrer noopener\">apancho@uhu.es<\/a><\/div>\n<\/td>\n<\/tr>\n<tr>\n<td>\n<div align=\"left\">ZAMBRANO G\u00d3MEZ, DOLORES<\/div>\n<\/td>\n<td>\n<div align=\"left\"><\/div>\n<\/td>\n<td>\n<div align=\"left\">95921 7303<\/div>\n<\/td>\n<td>\n<div align=\"left\"><a href=\"mailto:dolores.zambrano@erel.uhu.es\" target=\"_blank\" rel=\"nofollow noopenre noreferrer noopener\">dolores.zambrano@erel.uhu.es<\/a><\/div>\n<\/td>\n<\/tr>\n<tr>\n<td>\n<div align=\"left\">HIDALGO HERRERA, MAURICIO<\/div>\n<\/td>\n<td>\n<div align=\"left\">\n<ul><\/ul>\n<\/div>\n<\/td>\n<td>\n<div align=\"left\">21474 83647<\/div>\n<\/td>\n<td>\n<div align=\"left\"><a href=\"mailto:apoyo3.secretaria@etsi.uhu.es\" target=\"_blank\" rel=\"nofollow noopenre noreferrer noopener\">apoyo3.secretaria@etsi.uhu.es<\/a><\/div>\n<\/td>\n<\/tr>\n<\/tbody>\n<\/table>\n","protected":false},"excerpt":{"rendered":"<p>Nombre Titulaciones Extensi\u00f3n Correo Electr\u00f3nico P\u00c9REZ M\u00c1RQUEZ, REBECA M\u00e1ster Oficial en Ingenier\u00eda de Minas Grado en Ingenier\u00eda Agr\u00edcola Grado de &#8230; <\/p>\n<div><a href=\"https:\/\/www.uhu.es\/etsi\/secretaria\/listado-telefonico-secretaria\/\" class=\"more-link\">Read More<\/a><\/div>\n","protected":false},"author":7,"featured_media":0,"parent":6660,"menu_order":0,"comment_status":"closed","ping_status":"closed","template":"template-layout-full-width.php","meta":[],"yoast_head":"<!-- This site is optimized with the Yoast SEO plugin v20.2.1 - https:\/\/yoast.com\/wordpress\/plugins\/seo\/ -->\n<title>Listado Telef\u00f3nico de Secretar\u00eda - ETSI, UHU<\/title>\n<meta name=\"robots\" content=\"index, follow, max-snippet:-1, max-image-preview:large, max-video-preview:-1\" \/>\n<link rel=\"canonical\" href=\"https:\/\/www.uhu.es\/etsi\/secretaria\/listado-telefonico-secretaria\/\" \/>\n<meta property=\"og:locale\" content=\"es_ES\" \/>\n<meta property=\"og:type\" content=\"article\" \/>\n<meta property=\"og:title\" content=\"Listado Telef\u00f3nico de Secretar\u00eda - ETSI, UHU\" \/>\n<meta property=\"og:description\" content=\"Nombre Titulaciones Extensi\u00f3n Correo Electr\u00f3nico P\u00c9REZ M\u00c1RQUEZ, REBECA M\u00e1ster Oficial en Ingenier\u00eda de Minas Grado en Ingenier\u00eda Agr\u00edcola Grado de ... Read More\" \/>\n<meta property=\"og:url\" content=\"https:\/\/www.uhu.es\/etsi\/secretaria\/listado-telefonico-secretaria\/\" \/>\n<meta property=\"og:site_name\" content=\"ETSI, UHU\" \/>\n<meta property=\"article:modified_time\" content=\"2025-06-19T10:41:08+00:00\" \/>\n<meta name=\"twitter:label1\" content=\"Est. reading time\" \/>\n\t<meta name=\"twitter:data1\" content=\"1 minute\" \/>\n<script type=\"application\/ld+json\" class=\"yoast-schema-graph\">{\"@context\":\"https:\/\/schema.org\",\"@graph\":[{\"@type\":\"WebPage\",\"@id\":\"https:\/\/www.uhu.es\/etsi\/secretaria\/listado-telefonico-secretaria\/\",\"url\":\"https:\/\/www.uhu.es\/etsi\/secretaria\/listado-telefonico-secretaria\/\",\"name\":\"Listado Telef\u00f3nico de Secretar\u00eda - ETSI, UHU\",\"isPartOf\":{\"@id\":\"https:\/\/www.uhu.es\/etsi\/#website\"},\"datePublished\":\"2017-09-29T10:33:57+00:00\",\"dateModified\":\"2025-06-19T10:41:08+00:00\",\"breadcrumb\":{\"@id\":\"https:\/\/www.uhu.es\/etsi\/secretaria\/listado-telefonico-secretaria\/#breadcrumb\"},\"inLanguage\":\"es-ES\",\"potentialAction\":[{\"@type\":\"ReadAction\",\"target\":[\"https:\/\/www.uhu.es\/etsi\/secretaria\/listado-telefonico-secretaria\/\"]}]},{\"@type\":\"BreadcrumbList\",\"@id\":\"https:\/\/www.uhu.es\/etsi\/secretaria\/listado-telefonico-secretaria\/#breadcrumb\",\"itemListElement\":[{\"@type\":\"ListItem\",\"position\":1,\"name\":\"Portada\",\"item\":\"https:\/\/www.uhu.es\/etsi\/\"},{\"@type\":\"ListItem\",\"position\":2,\"name\":\"Secretar\u00eda\",\"item\":\"https:\/\/www.uhu.es\/etsi\/secretaria\/\"},{\"@type\":\"ListItem\",\"position\":3,\"name\":\"Listado Telef\u00f3nico de Secretar\u00eda\"}]},{\"@type\":\"WebSite\",\"@id\":\"https:\/\/www.uhu.es\/etsi\/#website\",\"url\":\"https:\/\/www.uhu.es\/etsi\/\",\"name\":\"ETSI, UHU\",\"description\":\"Escuela T\u00e9cnica Superior de  Ingenier\u00eda de la Universidad de Huelva\",\"publisher\":{\"@id\":\"https:\/\/www.uhu.es\/etsi\/#organization\"},\"potentialAction\":[{\"@type\":\"SearchAction\",\"target\":{\"@type\":\"EntryPoint\",\"urlTemplate\":\"https:\/\/www.uhu.es\/etsi\/?s={search_term_string}\"},\"query-input\":\"required name=search_term_string\"}],\"inLanguage\":\"es-ES\"},{\"@type\":\"Organization\",\"@id\":\"https:\/\/www.uhu.es\/etsi\/#organization\",\"name\":\"UHU ETSI\",\"url\":\"https:\/\/www.uhu.es\/etsi\/\",\"logo\":{\"@type\":\"ImageObject\",\"inLanguage\":\"es-ES\",\"@id\":\"https:\/\/www.uhu.es\/etsi\/#\/schema\/logo\/image\/\",\"url\":\"http:\/\/www.uhu.es\/etsi\/wp-content\/uploads\/2016\/02\/membrete_ETSI.jpg\",\"contentUrl\":\"http:\/\/www.uhu.es\/etsi\/wp-content\/uploads\/2016\/02\/membrete_ETSI.jpg\",\"width\":423,\"height\":81,\"caption\":\"UHU ETSI\"},\"image\":{\"@id\":\"https:\/\/www.uhu.es\/etsi\/#\/schema\/logo\/image\/\"}}]}<\/script>\n<!-- \/ Yoast SEO plugin. -->","yoast_head_json":{"title":"Listado Telef\u00f3nico de Secretar\u00eda - ETSI, UHU","robots":{"index":"index","follow":"follow","max-snippet":"max-snippet:-1","max-image-preview":"max-image-preview:large","max-video-preview":"max-video-preview:-1"},"canonical":"https:\/\/www.uhu.es\/etsi\/secretaria\/listado-telefonico-secretaria\/","og_locale":"es_ES","og_type":"article","og_title":"Listado Telef\u00f3nico de Secretar\u00eda - ETSI, UHU","og_description":"Nombre Titulaciones Extensi\u00f3n Correo Electr\u00f3nico P\u00c9REZ M\u00c1RQUEZ, REBECA M\u00e1ster Oficial en Ingenier\u00eda de Minas Grado en Ingenier\u00eda Agr\u00edcola Grado de ... Read More","og_url":"https:\/\/www.uhu.es\/etsi\/secretaria\/listado-telefonico-secretaria\/","og_site_name":"ETSI, UHU","article_modified_time":"2025-06-19T10:41:08+00:00","twitter_misc":{"Est. reading time":"1 minute"},"schema":{"@context":"https:\/\/schema.org","@graph":[{"@type":"WebPage","@id":"https:\/\/www.uhu.es\/etsi\/secretaria\/listado-telefonico-secretaria\/","url":"https:\/\/www.uhu.es\/etsi\/secretaria\/listado-telefonico-secretaria\/","name":"Listado Telef\u00f3nico de Secretar\u00eda - ETSI, UHU","isPartOf":{"@id":"https:\/\/www.uhu.es\/etsi\/#website"},"datePublished":"2017-09-29T10:33:57+00:00","dateModified":"2025-06-19T10:41:08+00:00","breadcrumb":{"@id":"https:\/\/www.uhu.es\/etsi\/secretaria\/listado-telefonico-secretaria\/#breadcrumb"},"inLanguage":"es-ES","potentialAction":[{"@type":"ReadAction","target":["https:\/\/www.uhu.es\/etsi\/secretaria\/listado-telefonico-secretaria\/"]}]},{"@type":"BreadcrumbList","@id":"https:\/\/www.uhu.es\/etsi\/secretaria\/listado-telefonico-secretaria\/#breadcrumb","itemListElement":[{"@type":"ListItem","position":1,"name":"Portada","item":"https:\/\/www.uhu.es\/etsi\/"},{"@type":"ListItem","position":2,"name":"Secretar\u00eda","item":"https:\/\/www.uhu.es\/etsi\/secretaria\/"},{"@type":"ListItem","position":3,"name":"Listado Telef\u00f3nico de Secretar\u00eda"}]},{"@type":"WebSite","@id":"https:\/\/www.uhu.es\/etsi\/#website","url":"https:\/\/www.uhu.es\/etsi\/","name":"ETSI, UHU","description":"Escuela T\u00e9cnica Superior de  Ingenier\u00eda de la Universidad de Huelva","publisher":{"@id":"https:\/\/www.uhu.es\/etsi\/#organization"},"potentialAction":[{"@type":"SearchAction","target":{"@type":"EntryPoint","urlTemplate":"https:\/\/www.uhu.es\/etsi\/?s={search_term_string}"},"query-input":"required name=search_term_string"}],"inLanguage":"es-ES"},{"@type":"Organization","@id":"https:\/\/www.uhu.es\/etsi\/#organization","name":"UHU ETSI","url":"https:\/\/www.uhu.es\/etsi\/","logo":{"@type":"ImageObject","inLanguage":"es-ES","@id":"https:\/\/www.uhu.es\/etsi\/#\/schema\/logo\/image\/","url":"http:\/\/www.uhu.es\/etsi\/wp-content\/uploads\/2016\/02\/membrete_ETSI.jpg","contentUrl":"http:\/\/www.uhu.es\/etsi\/wp-content\/uploads\/2016\/02\/membrete_ETSI.jpg","width":423,"height":81,"caption":"UHU ETSI"},"image":{"@id":"https:\/\/www.uhu.es\/etsi\/#\/schema\/logo\/image\/"}}]}},"_links":{"self":[{"href":"https:\/\/www.uhu.es\/etsi\/wp-json\/wp\/v2\/pages\/14643"}],"collection":[{"href":"https:\/\/www.uhu.es\/etsi\/wp-json\/wp\/v2\/pages"}],"about":[{"href":"https:\/\/www.uhu.es\/etsi\/wp-json\/wp\/v2\/types\/page"}],"author":[{"embeddable":true,"href":"https:\/\/www.uhu.es\/etsi\/wp-json\/wp\/v2\/users\/7"}],"replies":[{"embeddable":true,"href":"https:\/\/www.uhu.es\/etsi\/wp-json\/wp\/v2\/comments?post=14643"}],"version-history":[{"count":21,"href":"https:\/\/www.uhu.es\/etsi\/wp-json\/wp\/v2\/pages\/14643\/revisions"}],"predecessor-version":[{"id":25201,"href":"https:\/\/www.uhu.es\/etsi\/wp-json\/wp\/v2\/pages\/14643\/revisions\/25201"}],"up":[{"embeddable":true,"href":"https:\/\/www.uhu.es\/etsi\/wp-json\/wp\/v2\/pages\/6660"}],"wp:attachment":[{"href":"https:\/\/www.uhu.es\/etsi\/wp-json\/wp\/v2\/media?parent=14643"}],"curies":[{"name":"wp","href":"https:\/\/api.w.org\/{rel}","templated":true}]}}