{"id":15647,"date":"2018-03-14T09:23:58","date_gmt":"2018-03-14T08:23:58","guid":{"rendered":"http:\/\/www.uhu.es\/etsi\/?page_id=15647"},"modified":"2018-03-15T11:55:37","modified_gmt":"2018-03-15T10:55:37","slug":"formulario-inscripcion-al-curso-iniciacion-mathcad-para-la-resolucion-de-problemas-de-ingenieria","status":"publish","type":"page","link":"https:\/\/www.uhu.es\/etsi\/estudiantes-2\/programa-mentorizacion\/programa-faro\/curso-iniciacion-mathcad-para-la-resolucion-de-problemas-de-ingenieria\/formulario-inscripcion-al-curso-iniciacion-mathcad-para-la-resolucion-de-problemas-de-ingenieria\/","title":{"rendered":"Formulario Inscripci\u00f3n al curso: &#8220;Iniciaci\u00f3n a Mathcad para la resoluci\u00f3n de problemas de ingenier\u00eda&#8221;"},"content":{"rendered":"<p>Las personas que deseen apuntarse deben rellenar el siguiente formulario on-line:<\/p>\n<form action=\"http:\/\/uhu.es\/etsi\/wp_formulario\/conexion_formulario_mathcad_alumnos.php\" method=\"post\" class=\"formuini\" enctype=\"text\" name=\"formularioinicio\">\n<fieldset>\n<table style=\"border:none;\">\n<tr>\n<td style=\"border:none;\"><label for=\"nomb\"> Nombre:  <\/label><\/td>\n<td style=\"border:none;\"><input type=\"text\" size=\"75\" placeholder=\"Nombre\" name=\"nomb\" required\/><\/td>\n<\/tr>\n<tr>\n<td style=\"border:none;\"><label for=\"ape\"> Apellidos:  <\/label><\/td>\n<td style=\"border:none;\"><input type=\"text\" size=\"75\" placeholder=\"Apellidos\" name=\"ape\" required\/><\/td>\n<\/tr>\n<tr>\n<td style=\"border:none;\"><label for=\"correo\">Correo: <\/label><\/td>\n<td style=\"border:none;\"><input type=\"text\" size=\"75\" placeholder=\"example@mail.com\" name=\"correo\" required\/><\/td>\n<\/tr>\n<tr>\n<td style=\"border:none;\"><label for=\"tit\">Titulaci\u00f3n: <\/label> <\/td>\n<td style=\"border:none;\"><select id=\"tit\" name=\"tit\"><option value=\"\" selected=\"selected\">&#8211; selecciona &#8211;<\/option><option value=\"Grado en Ingenieria Agricola\">Grado en Ingenier\u00eda Agr\u00edcola<\/option><option value=\"Grado en Ingenieria Informatica\">Grado en Ingenier\u00eda Inform\u00e1tica<\/option><option value=\"Grado de Ingenieria Explotacion de Minas y Recuros Energeticos\">Grado de Ingenier\u00eda Explotaci\u00f3n de Minas y Recursos Energ\u00e9ticos<\/option><option value=\"Grado en Ingenieria Electrica\">Grado en Ingenier\u00eda El\u00e9ctrica<\/option><option value=\"Grado en Ingenieria Electronica Industrial\">Grado en Ingenier\u00eda Electr\u00f3nica Industrial<\/option><option value=\"Grado en Ingenieria Energetica\">Grado en Ingenier\u00eda Energ\u00e9tica<\/option><option value=\"Grado en Ingenieria Forestal y del Medio Natural\">Grado en Ingenier\u00eda Forestal y del Medio Natural<\/option><option value=\"Grado en Ingenieria Mecanica\">Grado en Ingenier\u00eda Mec\u00e1nica<\/option><option value=\"Grado en Ingenieria Quimica Industrial\">Grado en Ingenier\u00eda Qu\u00edmica Industrial<\/option><option value=\"Master Oficial en Ingenieria Industrial\">M\u00e1ster Oficial en Ingenier\u00eda Industrial<\/option><option value=\"Master Oficial en Ingenieria Quimica\">M\u00e1ster Oficial en Ingenier\u00eda Qu\u00edmica<\/option><option value=\"Master Oficial en Ingenieria Informatica\">M\u00e1ster Oficial en Ingenier\u00eda Inform\u00e1tica<\/option><option value=\"Master Oficial en Ingenieria de Montes\">M\u00e1ster Oficial en Ingenier\u00eda de Montes<\/option><option value=\"Master Oficial en Ingenieria de Minas\">M\u00e1ster Oficial en Ingenier\u00eda de Minas<\/option><\/select><\/td>\n<\/tr>\n<p><!--\n\t\t\n\n<tr>   \n           \n\n<td style=\"border:none;\"><label for=\"sesion\">D\u00eda, lugar y hora: <\/label> <\/td>\n\n\n           \n\n<td style=\"border:none;\">\n\t\t   \t\t<select id=\"tit\" name=\"sesion\"> \n<option value=\"\" selected=\"selected\">- selecciona -<\/option>\n<option value=\"1\">Martes 3 de abril (16.00-19.00) - Edif. Jos\u00e9 Isidoro Morales. Campus de El Carmen. Aula B.3 <\/option>\n<option value=\"2\">Jueves 5 de abril (16.00-19.00) - Edif. Jos\u00e9 Isidoro Morales. Campus de El Carmen. Aula 1.3 <\/option>\n \t\t\t\t<\/select><\/td>\n\n\n        <\/tr>\n\n\n--><\/p>\n<tr>\n<td style=\"border:none;\"><button class=\"boton\" name=\"nboton\" type=\"submit\">Enviar<\/button><\/td>\n<\/tr>\n<\/table>\n<\/fieldset>\n<\/form>\n","protected":false},"excerpt":{"rendered":"<p>Las personas que deseen apuntarse deben rellenar el siguiente formulario on-line: Nombre: Apellidos: Correo: Titulaci\u00f3n: &#8211; selecciona &#8211;Grado en Ingenier\u00eda &#8230; <\/p>\n<div><a href=\"https:\/\/www.uhu.es\/etsi\/estudiantes-2\/programa-mentorizacion\/programa-faro\/curso-iniciacion-mathcad-para-la-resolucion-de-problemas-de-ingenieria\/formulario-inscripcion-al-curso-iniciacion-mathcad-para-la-resolucion-de-problemas-de-ingenieria\/\" class=\"more-link\">Read More<\/a><\/div>\n","protected":false},"author":7,"featured_media":0,"parent":15658,"menu_order":0,"comment_status":"closed","ping_status":"closed","template":"template-layout-full-width.php","meta":[],"yoast_head":"<!-- This site is optimized with the Yoast SEO plugin v20.2.1 - https:\/\/yoast.com\/wordpress\/plugins\/seo\/ -->\n<title>Formulario Inscripci\u00f3n al curso: &quot;Iniciaci\u00f3n a Mathcad para la resoluci\u00f3n de problemas de ingenier\u00eda&quot; - ETSI, UHU<\/title>\n<meta name=\"robots\" content=\"index, follow, max-snippet:-1, max-image-preview:large, max-video-preview:-1\" \/>\n<link rel=\"canonical\" href=\"https:\/\/www.uhu.es\/etsi\/estudiantes-2\/programa-mentorizacion\/programa-faro\/curso-iniciacion-mathcad-para-la-resolucion-de-problemas-de-ingenieria\/formulario-inscripcion-al-curso-iniciacion-mathcad-para-la-resolucion-de-problemas-de-ingenieria\/\" \/>\n<meta property=\"og:locale\" content=\"es_ES\" \/>\n<meta property=\"og:type\" content=\"article\" \/>\n<meta property=\"og:title\" content=\"Formulario Inscripci\u00f3n al curso: &quot;Iniciaci\u00f3n a Mathcad para la resoluci\u00f3n de problemas de ingenier\u00eda&quot; - ETSI, UHU\" \/>\n<meta property=\"og:description\" content=\"Las personas que deseen apuntarse deben rellenar el siguiente formulario on-line: Nombre: Apellidos: Correo: Titulaci\u00f3n: &#8211; selecciona &#8211;Grado en Ingenier\u00eda ... Read More\" \/>\n<meta property=\"og:url\" content=\"https:\/\/www.uhu.es\/etsi\/estudiantes-2\/programa-mentorizacion\/programa-faro\/curso-iniciacion-mathcad-para-la-resolucion-de-problemas-de-ingenieria\/formulario-inscripcion-al-curso-iniciacion-mathcad-para-la-resolucion-de-problemas-de-ingenieria\/\" \/>\n<meta property=\"og:site_name\" content=\"ETSI, UHU\" \/>\n<meta property=\"article:modified_time\" content=\"2018-03-15T10:55:37+00:00\" \/>\n<meta name=\"twitter:label1\" content=\"Est. reading time\" \/>\n\t<meta name=\"twitter:data1\" content=\"1 minute\" \/>\n<script type=\"application\/ld+json\" class=\"yoast-schema-graph\">{\"@context\":\"https:\/\/schema.org\",\"@graph\":[{\"@type\":\"WebPage\",\"@id\":\"https:\/\/www.uhu.es\/etsi\/estudiantes-2\/programa-mentorizacion\/programa-faro\/curso-iniciacion-mathcad-para-la-resolucion-de-problemas-de-ingenieria\/formulario-inscripcion-al-curso-iniciacion-mathcad-para-la-resolucion-de-problemas-de-ingenieria\/\",\"url\":\"https:\/\/www.uhu.es\/etsi\/estudiantes-2\/programa-mentorizacion\/programa-faro\/curso-iniciacion-mathcad-para-la-resolucion-de-problemas-de-ingenieria\/formulario-inscripcion-al-curso-iniciacion-mathcad-para-la-resolucion-de-problemas-de-ingenieria\/\",\"name\":\"Formulario Inscripci\u00f3n al curso: \\\"Iniciaci\u00f3n a Mathcad para la resoluci\u00f3n de problemas de ingenier\u00eda\\\" - ETSI, UHU\",\"isPartOf\":{\"@id\":\"https:\/\/www.uhu.es\/etsi\/#website\"},\"datePublished\":\"2018-03-14T08:23:58+00:00\",\"dateModified\":\"2018-03-15T10:55:37+00:00\",\"breadcrumb\":{\"@id\":\"https:\/\/www.uhu.es\/etsi\/estudiantes-2\/programa-mentorizacion\/programa-faro\/curso-iniciacion-mathcad-para-la-resolucion-de-problemas-de-ingenieria\/formulario-inscripcion-al-curso-iniciacion-mathcad-para-la-resolucion-de-problemas-de-ingenieria\/#breadcrumb\"},\"inLanguage\":\"es-ES\",\"potentialAction\":[{\"@type\":\"ReadAction\",\"target\":[\"https:\/\/www.uhu.es\/etsi\/estudiantes-2\/programa-mentorizacion\/programa-faro\/curso-iniciacion-mathcad-para-la-resolucion-de-problemas-de-ingenieria\/formulario-inscripcion-al-curso-iniciacion-mathcad-para-la-resolucion-de-problemas-de-ingenieria\/\"]}]},{\"@type\":\"BreadcrumbList\",\"@id\":\"https:\/\/www.uhu.es\/etsi\/estudiantes-2\/programa-mentorizacion\/programa-faro\/curso-iniciacion-mathcad-para-la-resolucion-de-problemas-de-ingenieria\/formulario-inscripcion-al-curso-iniciacion-mathcad-para-la-resolucion-de-problemas-de-ingenieria\/#breadcrumb\",\"itemListElement\":[{\"@type\":\"ListItem\",\"position\":1,\"name\":\"Portada\",\"item\":\"https:\/\/www.uhu.es\/etsi\/\"},{\"@type\":\"ListItem\",\"position\":2,\"name\":\"Estudiantes\",\"item\":\"https:\/\/www.uhu.es\/etsi\/estudiantes-2\/\"},{\"@type\":\"ListItem\",\"position\":3,\"name\":\"Programa De Mentorizacion\",\"item\":\"https:\/\/www.uhu.es\/etsi\/estudiantes-2\/programa-mentorizacion\/\"},{\"@type\":\"ListItem\",\"position\":4,\"name\":\"Programa Faro\",\"item\":\"https:\/\/www.uhu.es\/etsi\/estudiantes-2\/programa-mentorizacion\/programa-faro\/\"},{\"@type\":\"ListItem\",\"position\":5,\"name\":\"Curso: &#8220;Iniciaci\u00f3n a Mathcad para la resoluci\u00f3n de problemas de ingenier\u00eda&#8221;\",\"item\":\"https:\/\/www.uhu.es\/etsi\/estudiantes-2\/programa-mentorizacion\/programa-faro\/curso-iniciacion-mathcad-para-la-resolucion-de-problemas-de-ingenieria\/\"},{\"@type\":\"ListItem\",\"position\":6,\"name\":\"Formulario Inscripci\u00f3n al curso: &#8220;Iniciaci\u00f3n a Mathcad para la resoluci\u00f3n de problemas de ingenier\u00eda&#8221;\"}]},{\"@type\":\"WebSite\",\"@id\":\"https:\/\/www.uhu.es\/etsi\/#website\",\"url\":\"https:\/\/www.uhu.es\/etsi\/\",\"name\":\"ETSI, UHU\",\"description\":\"Escuela T\u00e9cnica Superior de  Ingenier\u00eda de la Universidad de Huelva\",\"publisher\":{\"@id\":\"https:\/\/www.uhu.es\/etsi\/#organization\"},\"potentialAction\":[{\"@type\":\"SearchAction\",\"target\":{\"@type\":\"EntryPoint\",\"urlTemplate\":\"https:\/\/www.uhu.es\/etsi\/?s={search_term_string}\"},\"query-input\":\"required name=search_term_string\"}],\"inLanguage\":\"es-ES\"},{\"@type\":\"Organization\",\"@id\":\"https:\/\/www.uhu.es\/etsi\/#organization\",\"name\":\"UHU ETSI\",\"url\":\"https:\/\/www.uhu.es\/etsi\/\",\"logo\":{\"@type\":\"ImageObject\",\"inLanguage\":\"es-ES\",\"@id\":\"https:\/\/www.uhu.es\/etsi\/#\/schema\/logo\/image\/\",\"url\":\"http:\/\/www.uhu.es\/etsi\/wp-content\/uploads\/2016\/02\/membrete_ETSI.jpg\",\"contentUrl\":\"http:\/\/www.uhu.es\/etsi\/wp-content\/uploads\/2016\/02\/membrete_ETSI.jpg\",\"width\":423,\"height\":81,\"caption\":\"UHU ETSI\"},\"image\":{\"@id\":\"https:\/\/www.uhu.es\/etsi\/#\/schema\/logo\/image\/\"}}]}<\/script>\n<!-- \/ Yoast SEO plugin. -->","yoast_head_json":{"title":"Formulario Inscripci\u00f3n al curso: \"Iniciaci\u00f3n a Mathcad para la resoluci\u00f3n de problemas de ingenier\u00eda\" - ETSI, UHU","robots":{"index":"index","follow":"follow","max-snippet":"max-snippet:-1","max-image-preview":"max-image-preview:large","max-video-preview":"max-video-preview:-1"},"canonical":"https:\/\/www.uhu.es\/etsi\/estudiantes-2\/programa-mentorizacion\/programa-faro\/curso-iniciacion-mathcad-para-la-resolucion-de-problemas-de-ingenieria\/formulario-inscripcion-al-curso-iniciacion-mathcad-para-la-resolucion-de-problemas-de-ingenieria\/","og_locale":"es_ES","og_type":"article","og_title":"Formulario Inscripci\u00f3n al curso: \"Iniciaci\u00f3n a Mathcad para la resoluci\u00f3n de problemas de ingenier\u00eda\" - ETSI, UHU","og_description":"Las personas que deseen apuntarse deben rellenar el siguiente formulario on-line: Nombre: Apellidos: Correo: Titulaci\u00f3n: &#8211; selecciona &#8211;Grado en Ingenier\u00eda ... Read More","og_url":"https:\/\/www.uhu.es\/etsi\/estudiantes-2\/programa-mentorizacion\/programa-faro\/curso-iniciacion-mathcad-para-la-resolucion-de-problemas-de-ingenieria\/formulario-inscripcion-al-curso-iniciacion-mathcad-para-la-resolucion-de-problemas-de-ingenieria\/","og_site_name":"ETSI, UHU","article_modified_time":"2018-03-15T10:55:37+00:00","twitter_misc":{"Est. reading time":"1 minute"},"schema":{"@context":"https:\/\/schema.org","@graph":[{"@type":"WebPage","@id":"https:\/\/www.uhu.es\/etsi\/estudiantes-2\/programa-mentorizacion\/programa-faro\/curso-iniciacion-mathcad-para-la-resolucion-de-problemas-de-ingenieria\/formulario-inscripcion-al-curso-iniciacion-mathcad-para-la-resolucion-de-problemas-de-ingenieria\/","url":"https:\/\/www.uhu.es\/etsi\/estudiantes-2\/programa-mentorizacion\/programa-faro\/curso-iniciacion-mathcad-para-la-resolucion-de-problemas-de-ingenieria\/formulario-inscripcion-al-curso-iniciacion-mathcad-para-la-resolucion-de-problemas-de-ingenieria\/","name":"Formulario Inscripci\u00f3n al curso: \"Iniciaci\u00f3n a Mathcad para la resoluci\u00f3n de problemas de ingenier\u00eda\" - ETSI, UHU","isPartOf":{"@id":"https:\/\/www.uhu.es\/etsi\/#website"},"datePublished":"2018-03-14T08:23:58+00:00","dateModified":"2018-03-15T10:55:37+00:00","breadcrumb":{"@id":"https:\/\/www.uhu.es\/etsi\/estudiantes-2\/programa-mentorizacion\/programa-faro\/curso-iniciacion-mathcad-para-la-resolucion-de-problemas-de-ingenieria\/formulario-inscripcion-al-curso-iniciacion-mathcad-para-la-resolucion-de-problemas-de-ingenieria\/#breadcrumb"},"inLanguage":"es-ES","potentialAction":[{"@type":"ReadAction","target":["https:\/\/www.uhu.es\/etsi\/estudiantes-2\/programa-mentorizacion\/programa-faro\/curso-iniciacion-mathcad-para-la-resolucion-de-problemas-de-ingenieria\/formulario-inscripcion-al-curso-iniciacion-mathcad-para-la-resolucion-de-problemas-de-ingenieria\/"]}]},{"@type":"BreadcrumbList","@id":"https:\/\/www.uhu.es\/etsi\/estudiantes-2\/programa-mentorizacion\/programa-faro\/curso-iniciacion-mathcad-para-la-resolucion-de-problemas-de-ingenieria\/formulario-inscripcion-al-curso-iniciacion-mathcad-para-la-resolucion-de-problemas-de-ingenieria\/#breadcrumb","itemListElement":[{"@type":"ListItem","position":1,"name":"Portada","item":"https:\/\/www.uhu.es\/etsi\/"},{"@type":"ListItem","position":2,"name":"Estudiantes","item":"https:\/\/www.uhu.es\/etsi\/estudiantes-2\/"},{"@type":"ListItem","position":3,"name":"Programa De Mentorizacion","item":"https:\/\/www.uhu.es\/etsi\/estudiantes-2\/programa-mentorizacion\/"},{"@type":"ListItem","position":4,"name":"Programa Faro","item":"https:\/\/www.uhu.es\/etsi\/estudiantes-2\/programa-mentorizacion\/programa-faro\/"},{"@type":"ListItem","position":5,"name":"Curso: &#8220;Iniciaci\u00f3n a Mathcad para la resoluci\u00f3n de problemas de ingenier\u00eda&#8221;","item":"https:\/\/www.uhu.es\/etsi\/estudiantes-2\/programa-mentorizacion\/programa-faro\/curso-iniciacion-mathcad-para-la-resolucion-de-problemas-de-ingenieria\/"},{"@type":"ListItem","position":6,"name":"Formulario Inscripci\u00f3n al curso: &#8220;Iniciaci\u00f3n a Mathcad para la resoluci\u00f3n de problemas de ingenier\u00eda&#8221;"}]},{"@type":"WebSite","@id":"https:\/\/www.uhu.es\/etsi\/#website","url":"https:\/\/www.uhu.es\/etsi\/","name":"ETSI, UHU","description":"Escuela T\u00e9cnica Superior de  Ingenier\u00eda de la Universidad de Huelva","publisher":{"@id":"https:\/\/www.uhu.es\/etsi\/#organization"},"potentialAction":[{"@type":"SearchAction","target":{"@type":"EntryPoint","urlTemplate":"https:\/\/www.uhu.es\/etsi\/?s={search_term_string}"},"query-input":"required name=search_term_string"}],"inLanguage":"es-ES"},{"@type":"Organization","@id":"https:\/\/www.uhu.es\/etsi\/#organization","name":"UHU ETSI","url":"https:\/\/www.uhu.es\/etsi\/","logo":{"@type":"ImageObject","inLanguage":"es-ES","@id":"https:\/\/www.uhu.es\/etsi\/#\/schema\/logo\/image\/","url":"http:\/\/www.uhu.es\/etsi\/wp-content\/uploads\/2016\/02\/membrete_ETSI.jpg","contentUrl":"http:\/\/www.uhu.es\/etsi\/wp-content\/uploads\/2016\/02\/membrete_ETSI.jpg","width":423,"height":81,"caption":"UHU ETSI"},"image":{"@id":"https:\/\/www.uhu.es\/etsi\/#\/schema\/logo\/image\/"}}]}},"_links":{"self":[{"href":"https:\/\/www.uhu.es\/etsi\/wp-json\/wp\/v2\/pages\/15647"}],"collection":[{"href":"https:\/\/www.uhu.es\/etsi\/wp-json\/wp\/v2\/pages"}],"about":[{"href":"https:\/\/www.uhu.es\/etsi\/wp-json\/wp\/v2\/types\/page"}],"author":[{"embeddable":true,"href":"https:\/\/www.uhu.es\/etsi\/wp-json\/wp\/v2\/users\/7"}],"replies":[{"embeddable":true,"href":"https:\/\/www.uhu.es\/etsi\/wp-json\/wp\/v2\/comments?post=15647"}],"version-history":[{"count":8,"href":"https:\/\/www.uhu.es\/etsi\/wp-json\/wp\/v2\/pages\/15647\/revisions"}],"predecessor-version":[{"id":15679,"href":"https:\/\/www.uhu.es\/etsi\/wp-json\/wp\/v2\/pages\/15647\/revisions\/15679"}],"up":[{"embeddable":true,"href":"https:\/\/www.uhu.es\/etsi\/wp-json\/wp\/v2\/pages\/15658"}],"wp:attachment":[{"href":"https:\/\/www.uhu.es\/etsi\/wp-json\/wp\/v2\/media?parent=15647"}],"curies":[{"name":"wp","href":"https:\/\/api.w.org\/{rel}","templated":true}]}}