{"id":15796,"date":"2018-04-16T11:49:49","date_gmt":"2018-04-16T10:49:49","guid":{"rendered":"http:\/\/www.uhu.es\/etsi\/?page_id=15796"},"modified":"2018-04-18T09:01:01","modified_gmt":"2018-04-18T08:01:01","slug":"formulario-inscripcion-sistemas-de-informacion-geografica","status":"publish","type":"page","link":"https:\/\/www.uhu.es\/etsi\/formulario-inscripcion-sistemas-de-informacion-geografica\/","title":{"rendered":"Formulario: &#8220;Introducci\u00f3n a Sistemas de Informaci\u00f3n Geogr\u00e1fica&#8221;"},"content":{"rendered":"<br \/>\n<h5><strong>T\u00edtulo: Introducci\u00f3n a Sistemas de Informaci\u00f3n Geogr\u00e1fica.<\/strong><\/h5>\n<h6><strong>Fecha<\/strong>: <\/p>\n<p style='padding-left: 3em'><strong>26 de abril<\/strong> de 16.00 a 20:00.<\/p>\n<\/h6>\n<h5>Formulario de inscripci\u00f3n:<\/h5>\n<form class=\"formularini\" action=\"http:\/\/uhu.es\/etsi\/wp_formulario\/conexion_formulario_SistInforGeo.php\" enctype=\"text\" method=\"post\" name=\"formularimathcad\">\n<fieldset>\n<table style=\"border: none;\">\n<tbody>\n<tr>\n<td style=\"border: none;\"><label for=\"nombre\">*Nombre: <\/label><\/td>\n<td style=\"border: none;\"><input name=\"nombre\" required=\"\" size=\"75\" type=\"text\" placeholder=\"Nombre\" \/><\/td>\n<\/tr>\n<tr>\n<td style=\"border: none;\"><label for=\"apellidos\">*Apellidos: <\/label><\/td>\n<td style=\"border: none;\"><input name=\"apellidos\" required=\"\" size=\"75\" type=\"text\" placeholder=\"Apellidos\" \/><\/td>\n<\/tr>\n<tr>\n<td style=\"border: none;\"><label for=\"email\">*Correo: <\/label><\/td>\n<td style=\"border: none;\"><input name=\"email\" required=\"\" size=\"75\" type=\"text\" placeholder=\"example@mail.com\" \/><\/td>\n<\/tr>\n<tr>\n<td style=\"border: none;\"><button class=\"boton\" name=\"nboton\" type=\"submit\">Enviar<\/button><\/td>\n<\/tr>\n<\/tbody>\n<\/table>\n<\/fieldset>\n<\/form>\n","protected":false},"excerpt":{"rendered":"<p>T\u00edtulo: Introducci\u00f3n a Sistemas de Informaci\u00f3n Geogr\u00e1fica. Fecha: 26 de abril de 16.00 a 20:00. Formulario de inscripci\u00f3n: *Nombre: *Apellidos: &#8230; <\/p>\n<div><a href=\"https:\/\/www.uhu.es\/etsi\/formulario-inscripcion-sistemas-de-informacion-geografica\/\" class=\"more-link\">Read More<\/a><\/div>\n","protected":false},"author":7,"featured_media":0,"parent":0,"menu_order":0,"comment_status":"closed","ping_status":"closed","template":"","meta":[],"yoast_head":"<!-- This site is optimized with the Yoast SEO plugin v20.2.1 - https:\/\/yoast.com\/wordpress\/plugins\/seo\/ -->\n<title>Formulario: &quot;Introducci\u00f3n a Sistemas de Informaci\u00f3n Geogr\u00e1fica&quot; - ETSI, UHU<\/title>\n<meta name=\"robots\" content=\"index, follow, max-snippet:-1, max-image-preview:large, max-video-preview:-1\" \/>\n<link rel=\"canonical\" href=\"https:\/\/www.uhu.es\/etsi\/formulario-inscripcion-sistemas-de-informacion-geografica\/\" \/>\n<meta property=\"og:locale\" content=\"es_ES\" \/>\n<meta property=\"og:type\" content=\"article\" \/>\n<meta property=\"og:title\" content=\"Formulario: &quot;Introducci\u00f3n a Sistemas de Informaci\u00f3n Geogr\u00e1fica&quot; - ETSI, UHU\" \/>\n<meta property=\"og:description\" content=\"T\u00edtulo: Introducci\u00f3n a Sistemas de Informaci\u00f3n Geogr\u00e1fica. Fecha: 26 de abril de 16.00 a 20:00. Formulario de inscripci\u00f3n: *Nombre: *Apellidos: ... Read More\" \/>\n<meta property=\"og:url\" content=\"https:\/\/www.uhu.es\/etsi\/formulario-inscripcion-sistemas-de-informacion-geografica\/\" \/>\n<meta property=\"og:site_name\" content=\"ETSI, UHU\" \/>\n<meta property=\"article:modified_time\" content=\"2018-04-18T08:01:01+00:00\" \/>\n<script type=\"application\/ld+json\" class=\"yoast-schema-graph\">{\"@context\":\"https:\/\/schema.org\",\"@graph\":[{\"@type\":\"WebPage\",\"@id\":\"https:\/\/www.uhu.es\/etsi\/formulario-inscripcion-sistemas-de-informacion-geografica\/\",\"url\":\"https:\/\/www.uhu.es\/etsi\/formulario-inscripcion-sistemas-de-informacion-geografica\/\",\"name\":\"Formulario: \\\"Introducci\u00f3n a Sistemas de Informaci\u00f3n Geogr\u00e1fica\\\" - ETSI, UHU\",\"isPartOf\":{\"@id\":\"https:\/\/www.uhu.es\/etsi\/#website\"},\"datePublished\":\"2018-04-16T10:49:49+00:00\",\"dateModified\":\"2018-04-18T08:01:01+00:00\",\"breadcrumb\":{\"@id\":\"https:\/\/www.uhu.es\/etsi\/formulario-inscripcion-sistemas-de-informacion-geografica\/#breadcrumb\"},\"inLanguage\":\"es-ES\",\"potentialAction\":[{\"@type\":\"ReadAction\",\"target\":[\"https:\/\/www.uhu.es\/etsi\/formulario-inscripcion-sistemas-de-informacion-geografica\/\"]}]},{\"@type\":\"BreadcrumbList\",\"@id\":\"https:\/\/www.uhu.es\/etsi\/formulario-inscripcion-sistemas-de-informacion-geografica\/#breadcrumb\",\"itemListElement\":[{\"@type\":\"ListItem\",\"position\":1,\"name\":\"Portada\",\"item\":\"https:\/\/www.uhu.es\/etsi\/\"},{\"@type\":\"ListItem\",\"position\":2,\"name\":\"Formulario: &#8220;Introducci\u00f3n a Sistemas de Informaci\u00f3n Geogr\u00e1fica&#8221;\"}]},{\"@type\":\"WebSite\",\"@id\":\"https:\/\/www.uhu.es\/etsi\/#website\",\"url\":\"https:\/\/www.uhu.es\/etsi\/\",\"name\":\"ETSI, UHU\",\"description\":\"Escuela T\u00e9cnica Superior de  Ingenier\u00eda de la Universidad de Huelva\",\"publisher\":{\"@id\":\"https:\/\/www.uhu.es\/etsi\/#organization\"},\"potentialAction\":[{\"@type\":\"SearchAction\",\"target\":{\"@type\":\"EntryPoint\",\"urlTemplate\":\"https:\/\/www.uhu.es\/etsi\/?s={search_term_string}\"},\"query-input\":\"required name=search_term_string\"}],\"inLanguage\":\"es-ES\"},{\"@type\":\"Organization\",\"@id\":\"https:\/\/www.uhu.es\/etsi\/#organization\",\"name\":\"UHU ETSI\",\"url\":\"https:\/\/www.uhu.es\/etsi\/\",\"logo\":{\"@type\":\"ImageObject\",\"inLanguage\":\"es-ES\",\"@id\":\"https:\/\/www.uhu.es\/etsi\/#\/schema\/logo\/image\/\",\"url\":\"http:\/\/www.uhu.es\/etsi\/wp-content\/uploads\/2016\/02\/membrete_ETSI.jpg\",\"contentUrl\":\"http:\/\/www.uhu.es\/etsi\/wp-content\/uploads\/2016\/02\/membrete_ETSI.jpg\",\"width\":423,\"height\":81,\"caption\":\"UHU ETSI\"},\"image\":{\"@id\":\"https:\/\/www.uhu.es\/etsi\/#\/schema\/logo\/image\/\"}}]}<\/script>\n<!-- \/ Yoast SEO plugin. -->","yoast_head_json":{"title":"Formulario: \"Introducci\u00f3n a Sistemas de Informaci\u00f3n Geogr\u00e1fica\" - ETSI, UHU","robots":{"index":"index","follow":"follow","max-snippet":"max-snippet:-1","max-image-preview":"max-image-preview:large","max-video-preview":"max-video-preview:-1"},"canonical":"https:\/\/www.uhu.es\/etsi\/formulario-inscripcion-sistemas-de-informacion-geografica\/","og_locale":"es_ES","og_type":"article","og_title":"Formulario: \"Introducci\u00f3n a Sistemas de Informaci\u00f3n Geogr\u00e1fica\" - ETSI, UHU","og_description":"T\u00edtulo: Introducci\u00f3n a Sistemas de Informaci\u00f3n Geogr\u00e1fica. Fecha: 26 de abril de 16.00 a 20:00. Formulario de inscripci\u00f3n: *Nombre: *Apellidos: ... Read More","og_url":"https:\/\/www.uhu.es\/etsi\/formulario-inscripcion-sistemas-de-informacion-geografica\/","og_site_name":"ETSI, UHU","article_modified_time":"2018-04-18T08:01:01+00:00","schema":{"@context":"https:\/\/schema.org","@graph":[{"@type":"WebPage","@id":"https:\/\/www.uhu.es\/etsi\/formulario-inscripcion-sistemas-de-informacion-geografica\/","url":"https:\/\/www.uhu.es\/etsi\/formulario-inscripcion-sistemas-de-informacion-geografica\/","name":"Formulario: \"Introducci\u00f3n a Sistemas de Informaci\u00f3n Geogr\u00e1fica\" - ETSI, UHU","isPartOf":{"@id":"https:\/\/www.uhu.es\/etsi\/#website"},"datePublished":"2018-04-16T10:49:49+00:00","dateModified":"2018-04-18T08:01:01+00:00","breadcrumb":{"@id":"https:\/\/www.uhu.es\/etsi\/formulario-inscripcion-sistemas-de-informacion-geografica\/#breadcrumb"},"inLanguage":"es-ES","potentialAction":[{"@type":"ReadAction","target":["https:\/\/www.uhu.es\/etsi\/formulario-inscripcion-sistemas-de-informacion-geografica\/"]}]},{"@type":"BreadcrumbList","@id":"https:\/\/www.uhu.es\/etsi\/formulario-inscripcion-sistemas-de-informacion-geografica\/#breadcrumb","itemListElement":[{"@type":"ListItem","position":1,"name":"Portada","item":"https:\/\/www.uhu.es\/etsi\/"},{"@type":"ListItem","position":2,"name":"Formulario: &#8220;Introducci\u00f3n a Sistemas de Informaci\u00f3n Geogr\u00e1fica&#8221;"}]},{"@type":"WebSite","@id":"https:\/\/www.uhu.es\/etsi\/#website","url":"https:\/\/www.uhu.es\/etsi\/","name":"ETSI, UHU","description":"Escuela T\u00e9cnica Superior de  Ingenier\u00eda de la Universidad de Huelva","publisher":{"@id":"https:\/\/www.uhu.es\/etsi\/#organization"},"potentialAction":[{"@type":"SearchAction","target":{"@type":"EntryPoint","urlTemplate":"https:\/\/www.uhu.es\/etsi\/?s={search_term_string}"},"query-input":"required name=search_term_string"}],"inLanguage":"es-ES"},{"@type":"Organization","@id":"https:\/\/www.uhu.es\/etsi\/#organization","name":"UHU ETSI","url":"https:\/\/www.uhu.es\/etsi\/","logo":{"@type":"ImageObject","inLanguage":"es-ES","@id":"https:\/\/www.uhu.es\/etsi\/#\/schema\/logo\/image\/","url":"http:\/\/www.uhu.es\/etsi\/wp-content\/uploads\/2016\/02\/membrete_ETSI.jpg","contentUrl":"http:\/\/www.uhu.es\/etsi\/wp-content\/uploads\/2016\/02\/membrete_ETSI.jpg","width":423,"height":81,"caption":"UHU ETSI"},"image":{"@id":"https:\/\/www.uhu.es\/etsi\/#\/schema\/logo\/image\/"}}]}},"_links":{"self":[{"href":"https:\/\/www.uhu.es\/etsi\/wp-json\/wp\/v2\/pages\/15796"}],"collection":[{"href":"https:\/\/www.uhu.es\/etsi\/wp-json\/wp\/v2\/pages"}],"about":[{"href":"https:\/\/www.uhu.es\/etsi\/wp-json\/wp\/v2\/types\/page"}],"author":[{"embeddable":true,"href":"https:\/\/www.uhu.es\/etsi\/wp-json\/wp\/v2\/users\/7"}],"replies":[{"embeddable":true,"href":"https:\/\/www.uhu.es\/etsi\/wp-json\/wp\/v2\/comments?post=15796"}],"version-history":[{"count":7,"href":"https:\/\/www.uhu.es\/etsi\/wp-json\/wp\/v2\/pages\/15796\/revisions"}],"predecessor-version":[{"id":15810,"href":"https:\/\/www.uhu.es\/etsi\/wp-json\/wp\/v2\/pages\/15796\/revisions\/15810"}],"wp:attachment":[{"href":"https:\/\/www.uhu.es\/etsi\/wp-json\/wp\/v2\/media?parent=15796"}],"curies":[{"name":"wp","href":"https:\/\/api.w.org\/{rel}","templated":true}]}}