{"id":16122,"date":"2018-06-20T10:14:14","date_gmt":"2018-06-20T09:14:14","guid":{"rendered":"http:\/\/www.uhu.es\/etsi\/?page_id=16122"},"modified":"2021-06-30T13:29:10","modified_gmt":"2021-06-30T12:29:10","slug":"citanet_aviso","status":"publish","type":"page","link":"https:\/\/www.uhu.es\/etsi\/citanet_aviso\/","title":{"rendered":"CitaNet_Aviso"},"content":{"rendered":"<p><!--<span style=\"font-size: 14pt; color: #ff0000;\"><span style=\"display: inline-block; width: 0px; overflow: hidden; line-height: 0;\" data-mce-type=\"bookmark\" class=\"mce_SELRES_start\"><\/span><b><i>LA ATENCI\u00d3N AL P\u00daBLICO EN HORARIO DE TARDE SE SUSPENDE DESDE EL 16 DE JUNIO HASTA EL 15 DE SEPTIEMBRE.<\/i><\/b><\/span>--><\/p>\n<p><!--\n<span style=\"font-size: 14pt; color: #ff0000;\"><b><strong><u>COMO CONSECUENCIA DE LA SITUACI\u00d3N PROVOCADA POR EL COVID-19<\/u><\/strong><\/b><\/span>\nLa atenci\u00f3n al p\u00fablico se realizar\u00e1 a trav\u00e9s del tel\u00e9fono o del correo electr\u00f3nico de la persona de secretar\u00eda encargada de los tr\u00e1mites de la titulaci\u00f3n, cuyos datos de contacto se pueden consultar en:\n\n\n<p style=\"text-align: center;\"><a href=\"https:\/\/www.uhu.es\/etsi\/secretaria\/listado-telefonico-secretaria\/\">https:\/\/www.uhu.es\/etsi\/secretaria\/listado-telefonico-secretaria\/<\/a><\/p>\n\n\nEl correo electr\u00f3nico deber\u00e1 ser enviado desde la cuenta proporcionada al alumnado por la Universidad de Huelva (<a href=\"mailto:*@alu.uhu.es\">*@alu.uhu.es<\/a>)\n\nLa atenci\u00f3n presencial deber\u00e1 ser consultada con el tramitador\/a de la titulaci\u00f3n.\n\nHasta nuevo aviso, se suspende la utilizaci\u00f3n de la aplicaci\u00f3n de Cita Previa (CitaNet)\n--><br \/>\n<!--\n\n\n<p style=\"text-align: center;\"><span style=\"font-size: 14pt;\"><a href=\"https:\/\/www.uhu.es\/etsi\/citanet\/\"><strong>Pulse para continuar<\/strong><\/a><\/span><\/p>\n\n\n--><\/p>\n<p><a href=\"https:\/\/www.uhu.es\/etsi\/wp-content\/uploads\/2021\/06\/cartelWPsecretaria-2.jpg\"><img decoding=\"async\" loading=\"lazy\" class=\"size-full wp-image-20838 aligncenter\" src=\"https:\/\/www.uhu.es\/etsi\/wp-content\/uploads\/2021\/06\/cartelWPsecretaria-2.jpg\" alt=\"\" width=\"960\" height=\"584\" srcset=\"https:\/\/www.uhu.es\/etsi\/wp-content\/uploads\/2021\/06\/cartelWPsecretaria-2.jpg 960w, https:\/\/www.uhu.es\/etsi\/wp-content\/uploads\/2021\/06\/cartelWPsecretaria-2-300x183.jpg 300w, https:\/\/www.uhu.es\/etsi\/wp-content\/uploads\/2021\/06\/cartelWPsecretaria-2-768x467.jpg 768w, https:\/\/www.uhu.es\/etsi\/wp-content\/uploads\/2021\/06\/cartelWPsecretaria-2-100x61.jpg 100w, https:\/\/www.uhu.es\/etsi\/wp-content\/uploads\/2021\/06\/cartelWPsecretaria-2-862x524.jpg 862w, https:\/\/www.uhu.es\/etsi\/wp-content\/uploads\/2021\/06\/cartelWPsecretaria-2-846x515.jpg 846w\" sizes=\"(max-width: 960px) 100vw, 960px\" \/><\/a><\/p>\n<p><span style=\"font-size: 18pt;\">Al programa de cita previa se puede acceder de las siguientes formas:<\/span><\/p>\n<ul>\n<li><span style=\"font-size: 18pt;\">Entrando en el <strong>enlace<\/strong>: <strong><a href=\"https:\/\/iris.uhu.es\/citas-online\/index.php\">https:\/\/iris.uhu.es\/citas-online\/index.php<\/a><\/strong><\/span><\/li>\n<li><span style=\"font-size: 18pt;\">A trav\u00e9s del men\u00fa superior: <strong>Secretar\u00eda<\/strong> &gt; <strong>Cita previa<\/strong>.<\/span><\/li>\n<p> \t<!--\n\n<li><span style=\"font-size: 18pt;\">Pulsando el bot\u00f3n <strong>\"Accede directamente a..  Cita Previa\"<\/strong> en la p\u00e1gina principal de la ETSI.<\/span><\/li>\n\n-->\n<\/ul>\n","protected":false},"excerpt":{"rendered":"<p>Al programa de cita previa se puede acceder de las siguientes formas: Entrando en el enlace: https:\/\/iris.uhu.es\/citas-online\/index.php A trav\u00e9s del &#8230; <\/p>\n<div><a href=\"https:\/\/www.uhu.es\/etsi\/citanet_aviso\/\" class=\"more-link\">Read More<\/a><\/div>\n","protected":false},"author":7,"featured_media":0,"parent":0,"menu_order":0,"comment_status":"closed","ping_status":"closed","template":"template-layout-full-width.php","meta":[],"yoast_head":"<!-- This site is optimized with the Yoast SEO plugin v20.2.1 - https:\/\/yoast.com\/wordpress\/plugins\/seo\/ -->\n<title>CitaNet_Aviso - ETSI, UHU<\/title>\n<meta name=\"robots\" content=\"index, follow, max-snippet:-1, max-image-preview:large, max-video-preview:-1\" \/>\n<link rel=\"canonical\" href=\"http:\/\/www.uhu.es\/etsi\/citanet_aviso\/\" \/>\n<meta property=\"og:locale\" content=\"es_ES\" \/>\n<meta property=\"og:type\" content=\"article\" \/>\n<meta property=\"og:title\" content=\"CitaNet_Aviso - ETSI, UHU\" \/>\n<meta property=\"og:description\" content=\"Al programa de cita previa se puede acceder de las siguientes formas: Entrando en el enlace: https:\/\/iris.uhu.es\/citas-online\/index.php A trav\u00e9s del ... Read More\" \/>\n<meta property=\"og:url\" content=\"http:\/\/www.uhu.es\/etsi\/citanet_aviso\/\" \/>\n<meta property=\"og:site_name\" content=\"ETSI, UHU\" \/>\n<meta property=\"article:modified_time\" content=\"2021-06-30T12:29:10+00:00\" \/>\n<meta property=\"og:image\" content=\"http:\/\/www.uhu.es\/etsi\/wp-content\/uploads\/2021\/06\/cartelWPsecretaria-2.jpg\" \/>\n<script type=\"application\/ld+json\" class=\"yoast-schema-graph\">{\"@context\":\"https:\/\/schema.org\",\"@graph\":[{\"@type\":\"WebPage\",\"@id\":\"http:\/\/www.uhu.es\/etsi\/citanet_aviso\/\",\"url\":\"http:\/\/www.uhu.es\/etsi\/citanet_aviso\/\",\"name\":\"CitaNet_Aviso - ETSI, UHU\",\"isPartOf\":{\"@id\":\"https:\/\/www.uhu.es\/etsi\/#website\"},\"datePublished\":\"2018-06-20T09:14:14+00:00\",\"dateModified\":\"2021-06-30T12:29:10+00:00\",\"breadcrumb\":{\"@id\":\"http:\/\/www.uhu.es\/etsi\/citanet_aviso\/#breadcrumb\"},\"inLanguage\":\"es-ES\",\"potentialAction\":[{\"@type\":\"ReadAction\",\"target\":[\"http:\/\/www.uhu.es\/etsi\/citanet_aviso\/\"]}]},{\"@type\":\"BreadcrumbList\",\"@id\":\"http:\/\/www.uhu.es\/etsi\/citanet_aviso\/#breadcrumb\",\"itemListElement\":[{\"@type\":\"ListItem\",\"position\":1,\"name\":\"Portada\",\"item\":\"https:\/\/www.uhu.es\/etsi\/\"},{\"@type\":\"ListItem\",\"position\":2,\"name\":\"CitaNet_Aviso\"}]},{\"@type\":\"WebSite\",\"@id\":\"https:\/\/www.uhu.es\/etsi\/#website\",\"url\":\"https:\/\/www.uhu.es\/etsi\/\",\"name\":\"ETSI, UHU\",\"description\":\"Escuela T\u00e9cnica Superior de  Ingenier\u00eda de la Universidad de Huelva\",\"publisher\":{\"@id\":\"https:\/\/www.uhu.es\/etsi\/#organization\"},\"potentialAction\":[{\"@type\":\"SearchAction\",\"target\":{\"@type\":\"EntryPoint\",\"urlTemplate\":\"https:\/\/www.uhu.es\/etsi\/?s={search_term_string}\"},\"query-input\":\"required name=search_term_string\"}],\"inLanguage\":\"es-ES\"},{\"@type\":\"Organization\",\"@id\":\"https:\/\/www.uhu.es\/etsi\/#organization\",\"name\":\"UHU ETSI\",\"url\":\"https:\/\/www.uhu.es\/etsi\/\",\"logo\":{\"@type\":\"ImageObject\",\"inLanguage\":\"es-ES\",\"@id\":\"https:\/\/www.uhu.es\/etsi\/#\/schema\/logo\/image\/\",\"url\":\"http:\/\/www.uhu.es\/etsi\/wp-content\/uploads\/2016\/02\/membrete_ETSI.jpg\",\"contentUrl\":\"http:\/\/www.uhu.es\/etsi\/wp-content\/uploads\/2016\/02\/membrete_ETSI.jpg\",\"width\":423,\"height\":81,\"caption\":\"UHU ETSI\"},\"image\":{\"@id\":\"https:\/\/www.uhu.es\/etsi\/#\/schema\/logo\/image\/\"}}]}<\/script>\n<!-- \/ Yoast SEO plugin. -->","yoast_head_json":{"title":"CitaNet_Aviso - ETSI, UHU","robots":{"index":"index","follow":"follow","max-snippet":"max-snippet:-1","max-image-preview":"max-image-preview:large","max-video-preview":"max-video-preview:-1"},"canonical":"http:\/\/www.uhu.es\/etsi\/citanet_aviso\/","og_locale":"es_ES","og_type":"article","og_title":"CitaNet_Aviso - ETSI, UHU","og_description":"Al programa de cita previa se puede acceder de las siguientes formas: Entrando en el enlace: https:\/\/iris.uhu.es\/citas-online\/index.php A trav\u00e9s del ... Read More","og_url":"http:\/\/www.uhu.es\/etsi\/citanet_aviso\/","og_site_name":"ETSI, UHU","article_modified_time":"2021-06-30T12:29:10+00:00","og_image":[{"url":"http:\/\/www.uhu.es\/etsi\/wp-content\/uploads\/2021\/06\/cartelWPsecretaria-2.jpg"}],"schema":{"@context":"https:\/\/schema.org","@graph":[{"@type":"WebPage","@id":"http:\/\/www.uhu.es\/etsi\/citanet_aviso\/","url":"http:\/\/www.uhu.es\/etsi\/citanet_aviso\/","name":"CitaNet_Aviso - ETSI, UHU","isPartOf":{"@id":"https:\/\/www.uhu.es\/etsi\/#website"},"datePublished":"2018-06-20T09:14:14+00:00","dateModified":"2021-06-30T12:29:10+00:00","breadcrumb":{"@id":"http:\/\/www.uhu.es\/etsi\/citanet_aviso\/#breadcrumb"},"inLanguage":"es-ES","potentialAction":[{"@type":"ReadAction","target":["http:\/\/www.uhu.es\/etsi\/citanet_aviso\/"]}]},{"@type":"BreadcrumbList","@id":"http:\/\/www.uhu.es\/etsi\/citanet_aviso\/#breadcrumb","itemListElement":[{"@type":"ListItem","position":1,"name":"Portada","item":"https:\/\/www.uhu.es\/etsi\/"},{"@type":"ListItem","position":2,"name":"CitaNet_Aviso"}]},{"@type":"WebSite","@id":"https:\/\/www.uhu.es\/etsi\/#website","url":"https:\/\/www.uhu.es\/etsi\/","name":"ETSI, UHU","description":"Escuela T\u00e9cnica Superior de  Ingenier\u00eda de la Universidad de Huelva","publisher":{"@id":"https:\/\/www.uhu.es\/etsi\/#organization"},"potentialAction":[{"@type":"SearchAction","target":{"@type":"EntryPoint","urlTemplate":"https:\/\/www.uhu.es\/etsi\/?s={search_term_string}"},"query-input":"required name=search_term_string"}],"inLanguage":"es-ES"},{"@type":"Organization","@id":"https:\/\/www.uhu.es\/etsi\/#organization","name":"UHU ETSI","url":"https:\/\/www.uhu.es\/etsi\/","logo":{"@type":"ImageObject","inLanguage":"es-ES","@id":"https:\/\/www.uhu.es\/etsi\/#\/schema\/logo\/image\/","url":"http:\/\/www.uhu.es\/etsi\/wp-content\/uploads\/2016\/02\/membrete_ETSI.jpg","contentUrl":"http:\/\/www.uhu.es\/etsi\/wp-content\/uploads\/2016\/02\/membrete_ETSI.jpg","width":423,"height":81,"caption":"UHU ETSI"},"image":{"@id":"https:\/\/www.uhu.es\/etsi\/#\/schema\/logo\/image\/"}}]}},"_links":{"self":[{"href":"https:\/\/www.uhu.es\/etsi\/wp-json\/wp\/v2\/pages\/16122"}],"collection":[{"href":"https:\/\/www.uhu.es\/etsi\/wp-json\/wp\/v2\/pages"}],"about":[{"href":"https:\/\/www.uhu.es\/etsi\/wp-json\/wp\/v2\/types\/page"}],"author":[{"embeddable":true,"href":"https:\/\/www.uhu.es\/etsi\/wp-json\/wp\/v2\/users\/7"}],"replies":[{"embeddable":true,"href":"https:\/\/www.uhu.es\/etsi\/wp-json\/wp\/v2\/comments?post=16122"}],"version-history":[{"count":7,"href":"https:\/\/www.uhu.es\/etsi\/wp-json\/wp\/v2\/pages\/16122\/revisions"}],"predecessor-version":[{"id":20841,"href":"https:\/\/www.uhu.es\/etsi\/wp-json\/wp\/v2\/pages\/16122\/revisions\/20841"}],"wp:attachment":[{"href":"https:\/\/www.uhu.es\/etsi\/wp-json\/wp\/v2\/media?parent=16122"}],"curies":[{"name":"wp","href":"https:\/\/api.w.org\/{rel}","templated":true}]}}