{"id":17743,"date":"2019-05-31T11:35:30","date_gmt":"2019-05-31T10:35:30","guid":{"rendered":"http:\/\/www.uhu.es\/etsi\/?page_id=17743"},"modified":"2019-06-03T09:34:10","modified_gmt":"2019-06-03T08:34:10","slug":"criterios-general-de-revision-de-guias-docentes-por-parte-de-la-cgc-de-la-etsi","status":"publish","type":"page","link":"https:\/\/www.uhu.es\/etsi\/criterios-general-de-revision-de-guias-docentes-por-parte-de-la-cgc-de-la-etsi\/","title":{"rendered":"Criterios general de revisi\u00f3n de gu\u00edas docentes por parte de la CGC de la ETSI"},"content":{"rendered":"<p><strong>Una gu\u00eda recibe informe NO favorable si:<\/strong><\/p>\n<p style=\"padding-left: 30px;\">\u2013 Falta el coordinador y\/o sus datos est\u00e1n incompletos. Ninguna gu\u00eda puede quedar sin coordinador, en el caso de que este pendiente de contrataci\u00f3n, el coordinador debe ser el Director del Departamento responsable.<\/p>\n<p style=\"padding-left: 30px;\">\u2013 Las Actividades Formativas \/ Metodolog\u00edas Docentes no se corresponden con las que aparecen en la Memoria de Verificaci\u00f3n y\/o no est\u00e1n desarrolladas<\/p>\n<p style=\"padding-left: 30px;\">\u2013 Los Sistemas de Evaluaci\u00f3n no se corresponden con los de la Memoria de Verificaci\u00f3n y\/o no est\u00e1 cerrado para el estudiante dentro del rango de porcentajes establecidos en la Memoria.<\/p>\n<p style=\"padding-left: 60px;\">IMPORTANTE: se pueden consultar en:\u00a0<a href=\"https:\/\/www.uhu.es\/etsi\/descargas\/2018\/Sistemas_Evaluacion_Grados.xlsx\">https:\/\/www.uhu.es\/etsi\/descargas\/2018\/Sistemas_Evaluacion_Grados.xlsx<\/a><\/p>\n<p style=\"padding-left: 30px;\">\u2013 No se han relacionado los sistemas de evaluaci\u00f3n y\/o las metodolog\u00edas docentes con las competencias que se adquieren en una asignatura<br \/>\n\u2013 Cuando existan otras deficiencias de importancia.<\/p>\n<p><strong>Una gu\u00eda recibe informe favorable con recomendaciones si:<\/strong><\/p>\n<p style=\"padding-left: 30px;\">\u2013 Faltan algunos datos de los profesores<\/p>\n<p style=\"padding-left: 30px;\">\u2013 Las Actividades Formativas\/Metodolog\u00edas Docentes no se han desarrollado suficientemente a criterio de la comisi\u00f3n<\/p>\n<p style=\"padding-left: 30px;\">\u2013 Los Sistemas de Evaluaci\u00f3n est\u00e1n poco desarrollados o son confusos a criterio de la comisi\u00f3n.<\/p>\n<p style=\"padding-left: 30px;\">\u2013 El temario est\u00e1 poco desarrollado a criterio de la comisi\u00f3n<\/p>\n<p style=\"padding-left: 30px;\">\u2013 La organizaci\u00f3n docente es pobre a criterio de la comisi\u00f3n<\/p>\n","protected":false},"excerpt":{"rendered":"<p>Una gu\u00eda recibe informe NO favorable si: \u2013 Falta el coordinador y\/o sus datos est\u00e1n incompletos. Ninguna gu\u00eda puede quedar &#8230; <\/p>\n<div><a href=\"https:\/\/www.uhu.es\/etsi\/criterios-general-de-revision-de-guias-docentes-por-parte-de-la-cgc-de-la-etsi\/\" class=\"more-link\">Read More<\/a><\/div>\n","protected":false},"author":7,"featured_media":0,"parent":0,"menu_order":0,"comment_status":"closed","ping_status":"closed","template":"","meta":[],"yoast_head":"<!-- This site is optimized with the Yoast SEO plugin v20.2.1 - https:\/\/yoast.com\/wordpress\/plugins\/seo\/ -->\n<title>Criterios general de revisi\u00f3n de gu\u00edas docentes por parte de la CGC de la ETSI - ETSI, UHU<\/title>\n<meta name=\"robots\" content=\"index, follow, max-snippet:-1, max-image-preview:large, max-video-preview:-1\" \/>\n<link rel=\"canonical\" href=\"https:\/\/www.uhu.es\/etsi\/criterios-general-de-revision-de-guias-docentes-por-parte-de-la-cgc-de-la-etsi\/\" \/>\n<meta property=\"og:locale\" content=\"es_ES\" \/>\n<meta property=\"og:type\" content=\"article\" \/>\n<meta property=\"og:title\" content=\"Criterios general de revisi\u00f3n de gu\u00edas docentes por parte de la CGC de la ETSI - ETSI, UHU\" \/>\n<meta property=\"og:description\" content=\"Una gu\u00eda recibe informe NO favorable si: \u2013 Falta el coordinador y\/o sus datos est\u00e1n incompletos. Ninguna gu\u00eda puede quedar ... Read More\" \/>\n<meta property=\"og:url\" content=\"https:\/\/www.uhu.es\/etsi\/criterios-general-de-revision-de-guias-docentes-por-parte-de-la-cgc-de-la-etsi\/\" \/>\n<meta property=\"og:site_name\" content=\"ETSI, UHU\" \/>\n<meta property=\"article:modified_time\" content=\"2019-06-03T08:34:10+00:00\" \/>\n<meta name=\"twitter:label1\" content=\"Est. reading time\" \/>\n\t<meta name=\"twitter:data1\" content=\"1 minute\" \/>\n<script type=\"application\/ld+json\" class=\"yoast-schema-graph\">{\"@context\":\"https:\/\/schema.org\",\"@graph\":[{\"@type\":\"WebPage\",\"@id\":\"https:\/\/www.uhu.es\/etsi\/criterios-general-de-revision-de-guias-docentes-por-parte-de-la-cgc-de-la-etsi\/\",\"url\":\"https:\/\/www.uhu.es\/etsi\/criterios-general-de-revision-de-guias-docentes-por-parte-de-la-cgc-de-la-etsi\/\",\"name\":\"Criterios general de revisi\u00f3n de gu\u00edas docentes por parte de la CGC de la ETSI - ETSI, UHU\",\"isPartOf\":{\"@id\":\"https:\/\/www.uhu.es\/etsi\/#website\"},\"datePublished\":\"2019-05-31T10:35:30+00:00\",\"dateModified\":\"2019-06-03T08:34:10+00:00\",\"breadcrumb\":{\"@id\":\"https:\/\/www.uhu.es\/etsi\/criterios-general-de-revision-de-guias-docentes-por-parte-de-la-cgc-de-la-etsi\/#breadcrumb\"},\"inLanguage\":\"es-ES\",\"potentialAction\":[{\"@type\":\"ReadAction\",\"target\":[\"https:\/\/www.uhu.es\/etsi\/criterios-general-de-revision-de-guias-docentes-por-parte-de-la-cgc-de-la-etsi\/\"]}]},{\"@type\":\"BreadcrumbList\",\"@id\":\"https:\/\/www.uhu.es\/etsi\/criterios-general-de-revision-de-guias-docentes-por-parte-de-la-cgc-de-la-etsi\/#breadcrumb\",\"itemListElement\":[{\"@type\":\"ListItem\",\"position\":1,\"name\":\"Portada\",\"item\":\"https:\/\/www.uhu.es\/etsi\/\"},{\"@type\":\"ListItem\",\"position\":2,\"name\":\"Criterios general de revisi\u00f3n de gu\u00edas docentes por parte de la CGC de la ETSI\"}]},{\"@type\":\"WebSite\",\"@id\":\"https:\/\/www.uhu.es\/etsi\/#website\",\"url\":\"https:\/\/www.uhu.es\/etsi\/\",\"name\":\"ETSI, UHU\",\"description\":\"Escuela T\u00e9cnica Superior de  Ingenier\u00eda de la Universidad de Huelva\",\"publisher\":{\"@id\":\"https:\/\/www.uhu.es\/etsi\/#organization\"},\"potentialAction\":[{\"@type\":\"SearchAction\",\"target\":{\"@type\":\"EntryPoint\",\"urlTemplate\":\"https:\/\/www.uhu.es\/etsi\/?s={search_term_string}\"},\"query-input\":\"required name=search_term_string\"}],\"inLanguage\":\"es-ES\"},{\"@type\":\"Organization\",\"@id\":\"https:\/\/www.uhu.es\/etsi\/#organization\",\"name\":\"UHU ETSI\",\"url\":\"https:\/\/www.uhu.es\/etsi\/\",\"logo\":{\"@type\":\"ImageObject\",\"inLanguage\":\"es-ES\",\"@id\":\"https:\/\/www.uhu.es\/etsi\/#\/schema\/logo\/image\/\",\"url\":\"http:\/\/www.uhu.es\/etsi\/wp-content\/uploads\/2016\/02\/membrete_ETSI.jpg\",\"contentUrl\":\"http:\/\/www.uhu.es\/etsi\/wp-content\/uploads\/2016\/02\/membrete_ETSI.jpg\",\"width\":423,\"height\":81,\"caption\":\"UHU ETSI\"},\"image\":{\"@id\":\"https:\/\/www.uhu.es\/etsi\/#\/schema\/logo\/image\/\"}}]}<\/script>\n<!-- \/ Yoast SEO plugin. -->","yoast_head_json":{"title":"Criterios general de revisi\u00f3n de gu\u00edas docentes por parte de la CGC de la ETSI - ETSI, UHU","robots":{"index":"index","follow":"follow","max-snippet":"max-snippet:-1","max-image-preview":"max-image-preview:large","max-video-preview":"max-video-preview:-1"},"canonical":"https:\/\/www.uhu.es\/etsi\/criterios-general-de-revision-de-guias-docentes-por-parte-de-la-cgc-de-la-etsi\/","og_locale":"es_ES","og_type":"article","og_title":"Criterios general de revisi\u00f3n de gu\u00edas docentes por parte de la CGC de la ETSI - ETSI, UHU","og_description":"Una gu\u00eda recibe informe NO favorable si: \u2013 Falta el coordinador y\/o sus datos est\u00e1n incompletos. Ninguna gu\u00eda puede quedar ... Read More","og_url":"https:\/\/www.uhu.es\/etsi\/criterios-general-de-revision-de-guias-docentes-por-parte-de-la-cgc-de-la-etsi\/","og_site_name":"ETSI, UHU","article_modified_time":"2019-06-03T08:34:10+00:00","twitter_misc":{"Est. reading time":"1 minute"},"schema":{"@context":"https:\/\/schema.org","@graph":[{"@type":"WebPage","@id":"https:\/\/www.uhu.es\/etsi\/criterios-general-de-revision-de-guias-docentes-por-parte-de-la-cgc-de-la-etsi\/","url":"https:\/\/www.uhu.es\/etsi\/criterios-general-de-revision-de-guias-docentes-por-parte-de-la-cgc-de-la-etsi\/","name":"Criterios general de revisi\u00f3n de gu\u00edas docentes por parte de la CGC de la ETSI - ETSI, UHU","isPartOf":{"@id":"https:\/\/www.uhu.es\/etsi\/#website"},"datePublished":"2019-05-31T10:35:30+00:00","dateModified":"2019-06-03T08:34:10+00:00","breadcrumb":{"@id":"https:\/\/www.uhu.es\/etsi\/criterios-general-de-revision-de-guias-docentes-por-parte-de-la-cgc-de-la-etsi\/#breadcrumb"},"inLanguage":"es-ES","potentialAction":[{"@type":"ReadAction","target":["https:\/\/www.uhu.es\/etsi\/criterios-general-de-revision-de-guias-docentes-por-parte-de-la-cgc-de-la-etsi\/"]}]},{"@type":"BreadcrumbList","@id":"https:\/\/www.uhu.es\/etsi\/criterios-general-de-revision-de-guias-docentes-por-parte-de-la-cgc-de-la-etsi\/#breadcrumb","itemListElement":[{"@type":"ListItem","position":1,"name":"Portada","item":"https:\/\/www.uhu.es\/etsi\/"},{"@type":"ListItem","position":2,"name":"Criterios general de revisi\u00f3n de gu\u00edas docentes por parte de la CGC de la ETSI"}]},{"@type":"WebSite","@id":"https:\/\/www.uhu.es\/etsi\/#website","url":"https:\/\/www.uhu.es\/etsi\/","name":"ETSI, UHU","description":"Escuela T\u00e9cnica Superior de  Ingenier\u00eda de la Universidad de Huelva","publisher":{"@id":"https:\/\/www.uhu.es\/etsi\/#organization"},"potentialAction":[{"@type":"SearchAction","target":{"@type":"EntryPoint","urlTemplate":"https:\/\/www.uhu.es\/etsi\/?s={search_term_string}"},"query-input":"required name=search_term_string"}],"inLanguage":"es-ES"},{"@type":"Organization","@id":"https:\/\/www.uhu.es\/etsi\/#organization","name":"UHU ETSI","url":"https:\/\/www.uhu.es\/etsi\/","logo":{"@type":"ImageObject","inLanguage":"es-ES","@id":"https:\/\/www.uhu.es\/etsi\/#\/schema\/logo\/image\/","url":"http:\/\/www.uhu.es\/etsi\/wp-content\/uploads\/2016\/02\/membrete_ETSI.jpg","contentUrl":"http:\/\/www.uhu.es\/etsi\/wp-content\/uploads\/2016\/02\/membrete_ETSI.jpg","width":423,"height":81,"caption":"UHU ETSI"},"image":{"@id":"https:\/\/www.uhu.es\/etsi\/#\/schema\/logo\/image\/"}}]}},"_links":{"self":[{"href":"https:\/\/www.uhu.es\/etsi\/wp-json\/wp\/v2\/pages\/17743"}],"collection":[{"href":"https:\/\/www.uhu.es\/etsi\/wp-json\/wp\/v2\/pages"}],"about":[{"href":"https:\/\/www.uhu.es\/etsi\/wp-json\/wp\/v2\/types\/page"}],"author":[{"embeddable":true,"href":"https:\/\/www.uhu.es\/etsi\/wp-json\/wp\/v2\/users\/7"}],"replies":[{"embeddable":true,"href":"https:\/\/www.uhu.es\/etsi\/wp-json\/wp\/v2\/comments?post=17743"}],"version-history":[{"count":4,"href":"https:\/\/www.uhu.es\/etsi\/wp-json\/wp\/v2\/pages\/17743\/revisions"}],"predecessor-version":[{"id":17756,"href":"https:\/\/www.uhu.es\/etsi\/wp-json\/wp\/v2\/pages\/17743\/revisions\/17756"}],"wp:attachment":[{"href":"https:\/\/www.uhu.es\/etsi\/wp-json\/wp\/v2\/media?parent=17743"}],"curies":[{"name":"wp","href":"https:\/\/api.w.org\/{rel}","templated":true}]}}