{"id":21682,"date":"2022-04-01T07:24:40","date_gmt":"2022-04-01T06:24:40","guid":{"rendered":"http:\/\/www.uhu.es\/etsi\/?page_id=21682"},"modified":"2023-03-28T12:58:01","modified_gmt":"2023-03-28T11:58:01","slug":"reconocimiento-y-transferencia-de-creditos","status":"publish","type":"page","link":"https:\/\/www.uhu.es\/etsi\/reconocimiento-y-transferencia-de-creditos\/","title":{"rendered":"Reconocimiento y Transferencia de Cr\u00e9ditos"},"content":{"rendered":"<p align=\"justify\"><span style=\"color: #212529;\"><span style=\"font-family: Arial, serif;\"><span style=\"font-size: x-large;\"><a href=\"https:\/\/www.uhu.es\/etsi\/wp-content\/uploads\/2022\/04\/imagen-cr\u00e9ditos.png\"><img decoding=\"async\" loading=\"lazy\" class=\"wp-image-21684 aligncenter\" src=\"https:\/\/www.uhu.es\/etsi\/wp-content\/uploads\/2022\/04\/imagen-cr\u00e9ditos.png\" alt=\"\" width=\"653\" height=\"367\" srcset=\"https:\/\/www.uhu.es\/etsi\/wp-content\/uploads\/2022\/04\/imagen-cr\u00e9ditos.png 1280w, https:\/\/www.uhu.es\/etsi\/wp-content\/uploads\/2022\/04\/imagen-cr\u00e9ditos-300x169.png 300w, https:\/\/www.uhu.es\/etsi\/wp-content\/uploads\/2022\/04\/imagen-cr\u00e9ditos-768x432.png 768w, https:\/\/www.uhu.es\/etsi\/wp-content\/uploads\/2022\/04\/imagen-cr\u00e9ditos-1024x576.png 1024w, https:\/\/www.uhu.es\/etsi\/wp-content\/uploads\/2022\/04\/imagen-cr\u00e9ditos-100x56.png 100w, https:\/\/www.uhu.es\/etsi\/wp-content\/uploads\/2022\/04\/imagen-cr\u00e9ditos-862x485.png 862w, https:\/\/www.uhu.es\/etsi\/wp-content\/uploads\/2022\/04\/imagen-cr\u00e9ditos-1200x675.png 1200w, https:\/\/www.uhu.es\/etsi\/wp-content\/uploads\/2022\/04\/imagen-cr\u00e9ditos-846x476.png 846w, https:\/\/www.uhu.es\/etsi\/wp-content\/uploads\/2022\/04\/imagen-cr\u00e9ditos-1184x666.png 1184w\" sizes=\"(max-width: 653px) 100vw, 653px\" \/><\/a><\/span><\/span><\/span><\/p>\n<p align=\"justify\"><span style=\"color: #212529; font-family: arial, helvetica, sans-serif;\"><span style=\"font-size: x-large;\"><b>Definici\u00f3n<\/b><\/span><\/span><\/p>\n<ul>\n<li><span style=\"color: #212529; font-family: arial, helvetica, sans-serif;\"><span style=\"font-size: medium;\"><b>Reconocimiento de cr\u00e9ditos.<\/b><\/span><\/span>\n<ul>\n<li><span style=\"font-family: arial, helvetica, sans-serif;\"><span style=\"font-size: medium;\">Se entiende por reconocimiento, la aceptaci\u00f3n por la Universidad de Huelva de los cr\u00e9ditos que, habiendo sido obtenidos en unas ense\u00f1anzas oficiales, en la misma u otra universidad, son computados en otras distintas a efectos de la obtenci\u00f3n de un t\u00edtulo oficial.<\/span><\/span><\/li>\n<li><span style=\"font-family: arial, helvetica, sans-serif;\"><span style=\"font-size: medium;\">Asimismo, podr\u00e1n ser objeto de reconocimiento los cr\u00e9ditos cursados en otras ense\u00f1anzas superiores oficiales o en ense\u00f1anzas universitarias conducentes a la obtenci\u00f3n de otros t\u00edtulos, a los que se refiere el art\u00edculo 34.1 de la Ley Org\u00e1nica 6\/2001, de 21 de diciembre, de Universidades.<\/span><\/span><\/li>\n<\/ul>\n<\/li>\n<\/ul>\n<ul>\n<li style=\"list-style-type: none;\">\n<ul>\n<li><span style=\"font-family: arial, helvetica, sans-serif;\"><span style=\"font-size: medium;\">La experiencia laboral y profesional acreditada podr\u00e1 ser tambi\u00e9n reconocida en forma de cr\u00e9ditos que computar\u00e1n a efectos de la obtenci\u00f3n de un t\u00edtulo oficial, siempre que dicha experiencia est\u00e9 relacionada con las competencias inherentes a dicho t\u00edtulo.<\/span><\/span><\/li>\n<\/ul>\n<\/li>\n<\/ul>\n<ul>\n<li style=\"list-style-type: none;\">\n<ul>\n<li><span style=\"font-family: arial, helvetica, sans-serif;\"><span style=\"font-size: medium;\">Tambi\u00e9n podr\u00e1n reconocerse cr\u00e9ditos por la participaci\u00f3n en actividades universitarias culturales, deportivas, de representaci\u00f3n estudiantil, solidarias y de cooperaci\u00f3n.<\/span><\/span><\/li>\n<\/ul>\n<\/li>\n<\/ul>\n<ul>\n<li style=\"list-style-type: none;\">\n<ul>\n<li>\n<p align=\"justify\"><span style=\"font-family: arial, helvetica, sans-serif;\"><span style=\"font-size: medium;\">No podr\u00e1n ser objeto de reconocimiento los cr\u00e9ditos obtenidos en el t\u00edtulo de origen por convalidaci\u00f3n o reconocimiento, o cuando haya sido objeto de reconocimiento para el mismo t\u00edtulo de destino los estudios que originaron la citada convalidaci\u00f3n o reconocimiento.<\/span><\/span><\/p>\n<\/li>\n<\/ul>\n<\/li>\n<\/ul>\n<p align=\"justify\"><span style=\"color: #212529; font-family: arial, helvetica, sans-serif;\"><span style=\"font-size: x-large;\"><b>Reconocimiento de Cr\u00e9ditos en las Ense\u00f1anzas de Grado.<\/b><\/span><\/span><\/p>\n<ul>\n<li><span style=\"color: #212529; font-family: arial, helvetica, sans-serif;\"><span style=\"font-size: medium;\"><b>Reconocimiento de cr\u00e9ditos obtenidos en estudios oficiales conforme a anteriores ordenaciones universitarias:<\/b><\/span><\/span><\/li>\n<\/ul>\n<p><span style=\"font-family: arial, helvetica, sans-serif;\"><span style=\"color: #212529;\"><span style=\"font-size: medium;\">En el caso de cr\u00e9ditos obtenidos en <\/span><\/span><span style=\"color: #212529;\"><span style=\"font-size: medium;\"><b>estudios oficiales de la UHU<\/b><\/span><\/span><span style=\"color: #212529;\"><span style=\"font-size: medium;\">, el reconocimiento se realizar\u00e1 teniendo en cuenta la tabla de adaptaci\u00f3n de cr\u00e9ditos de las asignaturas de dichos planes de estudio con las asignaturas de los nuevos planes de estudio regulados seg\u00fan lo reflejado en cada memoria para la solicitud de verificaci\u00f3n de t\u00edtulos.<\/span><\/span><\/span><\/p>\n<p><span style=\"font-family: arial, helvetica, sans-serif;\"><span style=\"color: #212529;\"><span style=\"font-size: medium;\">En el caso de cr\u00e9ditos obtenidos en <\/span><\/span><span style=\"color: #212529;\"><span style=\"font-size: medium;\"><b>otros estudios oficiales<\/b><\/span><\/span><span style=\"color: #212529;\"><span style=\"font-size: medium;\">, \u00e9stos se podr\u00e1n reconocer teniendo en cuenta la adecuaci\u00f3n entre los conocimientos asociados a las materias y\/o asignaturas cursadas por el estudiante seg\u00fan lo establecido en la normativa vigente.<\/span><\/span><\/span><\/p>\n<ul>\n<li><span style=\"color: #212529; font-family: arial, helvetica, sans-serif;\"><span style=\"font-size: medium;\"><b>Reconocimiento de cr\u00e9ditos obtenidos en t\u00edtulos de la actual ordenaci\u00f3n.<\/b><\/span><\/span><\/li>\n<\/ul>\n<p><span style=\"color: #212529; font-family: arial, helvetica, sans-serif;\"><span style=\"font-size: medium;\">Los cr\u00e9ditos podr\u00e1n ser reconocidos teniendo en cuenta la adecuaci\u00f3n entre las competencias y conocimientos adquiridos bien en otros m\u00f3dulos, materias, asignaturas o ense\u00f1anzas cursadas por el estudiante y los previstos en el plan de estudios o bien que tengan car\u00e1cter transversal. En cualquier caso, no podr\u00e1n ser objeto de reconocimiento los cr\u00e9ditos correspondientes a los trabajos de fin de grado y m\u00e1ster.<\/span><\/span><\/p>\n<ul>\n<li><span style=\"color: #212529; font-family: arial, helvetica, sans-serif;\"><span style=\"font-size: medium;\"><b>Reconocimiento de cr\u00e9ditos por estudios no oficiales y experiencia laboral o profesional:<\/b><\/span><\/span><\/li>\n<\/ul>\n<p><span style=\"color: #212529; font-family: arial, helvetica, sans-serif;\"><span style=\"font-size: medium;\">El reconocimiento de cr\u00e9ditos obtenido por esta v\u00eda, supone la aceptaci\u00f3n de cr\u00e9ditos obtenidos en estudios universitarios no oficiales (T\u00edtulos propios), o bien por la acreditaci\u00f3n de experiencia laboral o profesional, y por tanto, su c\u00f3mputo como superados, seg\u00fan el reglamento vigente<\/span><\/span><\/p>\n<p><span style=\"font-family: arial, helvetica, sans-serif;\"><span style=\"color: #212529;\"><span style=\"font-size: medium;\">En el caso de t\u00edtulos universitarios distintos de los de car\u00e1cter oficial (T\u00edtulos propios) cada una de las materias reconocidas deber\u00e1n presentar una adecuaci\u00f3n entre las competencias y conocimientos adquiridos y los previstos en el plan de estudios del t\u00edtulo de destino. <\/span><\/span><span style=\"color: #212529;\"><span style=\"font-size: medium;\"><b>No pudiendo superar los 12,5 cr\u00e9ditos de reconocimiento<\/b><\/span><\/span><\/span><\/p>\n<p><span style=\"color: #212529; font-family: arial, helvetica, sans-serif;\"><span style=\"font-size: medium;\">Los cr\u00e9ditos por experiencia laboral podr\u00e1n ser reconocidos teniendo en cuenta el nivel de cualificaci\u00f3n profesional desempe\u00f1ado, y su relaci\u00f3n con las competencias y conocimientos que deben ser adquiridos de acuerdo con el plan de estudios, y la experiencia laboral o profesional acreditada, as\u00ed como el n\u00famero de cr\u00e9ditos que deben ser objeto de reconocimiento teniendo en cuenta la documentaci\u00f3n aportada y salvo que la memoria del t\u00edtulo especifique lo contrario, los cr\u00e9ditos o asignaturas que podr\u00e1n ser reconocidas ser\u00e1n aquellas que tengan car\u00e1cter optativo o pr\u00e1ctico. El m\u00e1ximo de cr\u00e9ditos reconocidos por experiencia para cada titulaci\u00f3n de grado queda reflejado en la siguiente tabla:<\/span><\/span><\/p>\n<p>&nbsp;<\/p>\n<table width=\"727\" cellspacing=\"0\" cellpadding=\"7\">\n<colgroup>\n<col width=\"400\" \/>\n<col width=\"297\" \/> <\/colgroup>\n<tbody>\n<tr valign=\"top\">\n<td width=\"400\">\n<p align=\"center\"><span style=\"color: #212529; font-family: arial, helvetica, sans-serif;\"><span style=\"font-size: medium;\"><b>T\u00edtulo<\/b><\/span><\/span><\/p>\n<\/td>\n<td width=\"297\">\n<p align=\"center\"><span style=\"color: #212529; font-family: arial, helvetica, sans-serif;\"><span style=\"font-size: medium;\"><b>Cr\u00e9ditos m\u00e1ximos reconocibles<\/b><\/span><\/span><\/p>\n<\/td>\n<\/tr>\n<tr valign=\"top\">\n<td width=\"400\">\n<p align=\"left\"><span style=\"color: #212529; font-family: arial, helvetica, sans-serif;\"><span style=\"font-size: medium;\">Grado en Ingenier\u00eda Agr\u00edcola<\/span><\/span><\/p>\n<\/td>\n<td width=\"297\">\n<p align=\"center\"><span style=\"color: #212529; font-family: arial, helvetica, sans-serif;\"><span style=\"font-size: medium;\">15<\/span><\/span><\/p>\n<\/td>\n<\/tr>\n<tr valign=\"top\">\n<td width=\"400\">\n<p align=\"left\"><span style=\"color: #212529; font-family: arial, helvetica, sans-serif;\"><span style=\"font-size: medium;\">Grado en Ingenier\u00eda Inform\u00e1tica<\/span><\/span><\/p>\n<\/td>\n<td width=\"297\">\n<p align=\"center\"><span style=\"color: #212529; font-family: arial, helvetica, sans-serif;\"><span style=\"font-size: medium;\">12,5<\/span><\/span><\/p>\n<\/td>\n<\/tr>\n<tr valign=\"top\">\n<td width=\"400\">\n<p align=\"left\"><span style=\"color: #212529; font-family: arial, helvetica, sans-serif;\"><span style=\"font-size: medium;\">Grado de Ingenier\u00eda Explotaci\u00f3n de Minas y Recursos Energ\u00e9ticos<\/span><\/span><\/p>\n<\/td>\n<td width=\"297\">\n<p align=\"center\"><span style=\"color: #212529; font-family: arial, helvetica, sans-serif;\"><span style=\"font-size: medium;\">15<\/span><\/span><\/p>\n<\/td>\n<\/tr>\n<tr valign=\"top\">\n<td width=\"400\">\n<p align=\"left\"><span style=\"color: #212529; font-family: arial, helvetica, sans-serif;\"><span style=\"font-size: medium;\">Grado en Ingenier\u00eda El\u00e9ctrica<\/span><\/span><\/p>\n<\/td>\n<td width=\"297\">\n<p align=\"center\"><span style=\"color: #212529; font-family: arial, helvetica, sans-serif;\"><span style=\"font-size: medium;\">12,5<\/span><\/span><\/p>\n<\/td>\n<\/tr>\n<tr valign=\"top\">\n<td width=\"400\">\n<p align=\"left\"><span style=\"color: #212529; font-family: arial, helvetica, sans-serif;\"><span style=\"font-size: medium;\">Grado en Ingenier\u00eda Electr\u00f3nica Industrial<\/span><\/span><\/p>\n<\/td>\n<td width=\"297\">\n<p align=\"center\"><span style=\"color: #212529; font-family: arial, helvetica, sans-serif;\"><span style=\"font-size: medium;\">12,5<\/span><\/span><\/p>\n<\/td>\n<\/tr>\n<tr valign=\"top\">\n<td width=\"400\">\n<p align=\"left\"><span style=\"color: #212529; font-family: arial, helvetica, sans-serif;\"><span style=\"font-size: medium;\">Grado en Ingenier\u00eda Energ\u00e9tica<\/span><\/span><\/p>\n<\/td>\n<td width=\"297\">\n<p align=\"center\"><span style=\"color: #212529; font-family: arial, helvetica, sans-serif;\"><span style=\"font-size: medium;\">12,5<\/span><\/span><\/p>\n<\/td>\n<\/tr>\n<tr valign=\"top\">\n<td width=\"400\">\n<p align=\"left\"><span style=\"color: #212529; font-family: arial, helvetica, sans-serif;\"><span style=\"font-size: medium;\">Grado en Ingenier\u00eda Forestal y del Medio Natural<\/span><\/span><\/p>\n<\/td>\n<td width=\"297\">\n<p align=\"center\"><span style=\"color: #212529; font-family: arial, helvetica, sans-serif;\"><span style=\"font-size: medium;\">12,5<\/span><\/span><\/p>\n<\/td>\n<\/tr>\n<tr valign=\"top\">\n<td width=\"400\">\n<p align=\"left\"><span style=\"color: #212529; font-family: arial, helvetica, sans-serif;\"><span style=\"font-size: medium;\">Grado en Ingenier\u00eda Mec\u00e1nica<\/span><\/span><\/p>\n<\/td>\n<td width=\"297\">\n<p align=\"center\"><span style=\"color: #212529; font-family: arial, helvetica, sans-serif;\"><span style=\"font-size: medium;\">12,5<\/span><\/span><\/p>\n<\/td>\n<\/tr>\n<tr valign=\"top\">\n<td width=\"400\">\n<p align=\"left\"><span style=\"color: #212529; font-family: arial, helvetica, sans-serif;\"><span style=\"font-size: medium;\">Grado en Ingenier\u00eda Qu\u00edmica Industrial<\/span><\/span><\/p>\n<\/td>\n<td width=\"297\">\n<p align=\"center\"><span style=\"color: #212529; font-family: arial, helvetica, sans-serif;\"><span style=\"font-size: medium;\">12,5<\/span><\/span><\/p>\n<\/td>\n<\/tr>\n<\/tbody>\n<\/table>\n<p>&nbsp;<\/p>\n<ul>\n<li><span style=\"color: #212529; font-family: arial, helvetica, sans-serif;\"><span style=\"font-size: medium;\"><b>Reconocimiento de asignaturas de Ciclos Formativos de Grado Superior<\/b><\/span><\/span><\/li>\n<\/ul>\n<p><span style=\"color: #212529; font-family: arial, helvetica, sans-serif;\"><span style=\"font-size: medium;\">Los estudiantes con un Ciclo Formativo de Grado Superior podr\u00e1n solicitar el reconocimiento de asignaturas en el Grado siempre que pertenezcan a la misma rama de conocimiento.<\/span><\/span><\/p>\n<p><span style=\"color: #212529; font-family: arial, helvetica, sans-serif;\"><span style=\"font-size: medium;\">Existen tablas de reconocimiento desde los distintos ciclos formativos a los grados de la ETSI, las cuales se pueden consultar en:<\/span><\/span><\/p>\n<p><span style=\"color: #0000ff; font-family: arial, helvetica, sans-serif;\"><u><a href=\"https:\/\/apppruebaetsi.uhu.es\/simplesaml\/app_gestion_cursos\/rec_creditos\/mostrar_ciclos.php\"><span style=\"font-size: medium;\">https:\/\/apppruebaetsi.uhu.es\/simplesaml\/app_gestion_cursos\/rec_creditos\/mostrar_ciclos.php<\/span><\/a><\/u><\/span><\/p>\n<ul>\n<li><span style=\"color: #212529; font-family: arial, helvetica, sans-serif;\"><span style=\"font-size: medium;\"><b>Reconocimiento de cr\u00e9ditos por Actividades Universitarias Complementarias<\/b><\/span><\/span><\/li>\n<\/ul>\n<p><span style=\"font-family: arial, helvetica, sans-serif;\"><span style=\"color: #212529;\"><span style=\"font-size: medium;\">Los estudiantes podr\u00e1n obtener e incorporar a su expediente un reconocimiento acad\u00e9mico de <\/span><\/span><span style=\"color: #212529;\"><span style=\"font-size: medium;\"><b>hasta un m\u00e1ximo de seis cr\u00e9ditos optativos<\/b><\/span><\/span><span style=\"color: #212529;\"><span style=\"font-size: medium;\"> del total del plan de estudios. Seg\u00fan lo recogido en el reglamento vigente.<\/span><\/span><\/span><\/p>\n<ul>\n<li><span style=\"color: #212529; font-family: arial, helvetica, sans-serif;\"><span style=\"font-size: medium;\"><b>Reconocimiento de cr\u00e9ditos por pr\u00e1cticas en empresa<\/b><\/span><\/span><\/li>\n<\/ul>\n<p><span style=\"color: #212529; font-family: arial, helvetica, sans-serif;\"><span style=\"font-size: medium;\">El procedimiento de gesti\u00f3n de pr\u00e1cticas est\u00e1 regulado por la normativa de Pr\u00e1cticas Externas de la Universidad de Huelva, que establece que la gesti\u00f3n de las pr\u00e1cticas, as\u00ed como la captaci\u00f3n de entidades colaboradoras para la realizaci\u00f3n de las mismas, se realizar\u00e1 a trav\u00e9s del \u00c1rea de Pr\u00e1cticas del Servicio de Orientaci\u00f3n, Informaci\u00f3n, Pr\u00e1cticas para el Empleo y Autoempleo (SOIPEA) de la Universidad de Huelva. El estudiante se integrar\u00e1 en la actividad de la empresa para aplicar las habilidades y destrezas adquiridas en la titulaci\u00f3n y fundamentalmente para adquirir nuevas habilidades relacionadas con la actividad profesional. <\/span><\/span><\/p>\n<p><span style=\"color: #212529; font-family: arial, helvetica, sans-serif;\"><span style=\"font-size: medium;\">De acuerdo al RD 1707\/2011, de 18 de noviembre, por el que se regulan las pr\u00e1cticas externas de los estudiantes, se establece una tutorizaci\u00f3n de estas, que se realizar\u00e1 a trav\u00e9s de un tutor de la entidad colaboradora, y el personal t\u00e9cnico de SOIPEA.<\/span><\/span><\/p>\n<p><span style=\"font-family: arial, helvetica, sans-serif;\"><span style=\"color: #212529;\"><span style=\"font-size: medium;\">El seguimiento de \u00e9stas se realizar\u00e1 a trav\u00e9s de una memoria de actividades y encuestas por parte del estudiante, emitiendo al final de las pr\u00e1cticas, el tutor de la entidad colaboradora, un informe que ser\u00e1 remitido a SOIPEA, para la acreditaci\u00f3n de las mismas. De esta forma, solo se reconocer\u00e1n las pr\u00e1cticas de empresas (<\/span><\/span><span style=\"color: #212529;\"><span style=\"font-size: medium;\"><b>6 cr\u00e9ditos<\/b><\/span><\/span><span style=\"color: #212529;\"><span style=\"font-size: medium;\">) que se ajusten a lo indicado anteriormente y est\u00e9n relacionadas con la titulaci\u00f3n de Grado que se est\u00e9 cursando.<\/span><\/span><\/span><\/p>\n<p><span style=\"color: #212529; font-family: arial, helvetica, sans-serif;\"><span style=\"font-size: medium;\">Para m\u00e1s informaci\u00f3n, consultar: <a href=\"https:\/\/www.uhu.es\/secretaria-general\/sites\/secretaria-general\/files\/2021-02\/rto_reconoc_grado_desde_tp_exper_laboral_0.pdf\">Normativa<\/a><\/span><\/span><\/p>\n<p><span style=\"color: #212529;\"><span style=\"font-family: Arial, serif;\"><span style=\"font-size: medium;\"><span style=\"font-family: arial, helvetica, sans-serif;\">Por correo electr\u00f3nico dirigido a la persona de Secretar\u00eda encargada de los tr\u00e1mites de la titulaci\u00f3n, cuyos datos de contacto se pueden consultar en <\/span><a href=\"http:\/\/www.uhu.es\/ etsi\/secretaria\/listado-telefonico-secretaria\/\"><span style=\"font-family: arial, helvetica, sans-serif;\">https:\/\/www.uhu.es\/etsi\/secretaria\/listado-telefonico-secretaria\/<\/span><\/a><\/span><\/span><\/span><\/p>\n<p>&nbsp;<\/p>\n","protected":false},"excerpt":{"rendered":"<p>Definici\u00f3n Reconocimiento de cr\u00e9ditos. Se entiende por reconocimiento, la aceptaci\u00f3n por la Universidad de Huelva de los cr\u00e9ditos que, habiendo &#8230; <\/p>\n<div><a href=\"https:\/\/www.uhu.es\/etsi\/reconocimiento-y-transferencia-de-creditos\/\" class=\"more-link\">Read More<\/a><\/div>\n","protected":false},"author":7,"featured_media":0,"parent":0,"menu_order":0,"comment_status":"closed","ping_status":"closed","template":"template-layout-full-width.php","meta":[],"yoast_head":"<!-- This site is optimized with the Yoast SEO plugin v20.2.1 - https:\/\/yoast.com\/wordpress\/plugins\/seo\/ -->\n<title>Reconocimiento y Transferencia de Cr\u00e9ditos - ETSI, UHU<\/title>\n<meta name=\"robots\" content=\"index, follow, max-snippet:-1, max-image-preview:large, max-video-preview:-1\" \/>\n<link rel=\"canonical\" href=\"https:\/\/www.uhu.es\/etsi\/reconocimiento-y-transferencia-de-creditos\/\" \/>\n<meta property=\"og:locale\" content=\"es_ES\" \/>\n<meta property=\"og:type\" content=\"article\" \/>\n<meta property=\"og:title\" content=\"Reconocimiento y Transferencia de Cr\u00e9ditos - ETSI, UHU\" \/>\n<meta property=\"og:description\" content=\"Definici\u00f3n Reconocimiento de cr\u00e9ditos. Se entiende por reconocimiento, la aceptaci\u00f3n por la Universidad de Huelva de los cr\u00e9ditos que, habiendo ... Read More\" \/>\n<meta property=\"og:url\" content=\"https:\/\/www.uhu.es\/etsi\/reconocimiento-y-transferencia-de-creditos\/\" \/>\n<meta property=\"og:site_name\" content=\"ETSI, UHU\" \/>\n<meta property=\"article:modified_time\" content=\"2023-03-28T11:58:01+00:00\" \/>\n<meta name=\"twitter:label1\" content=\"Est. reading time\" \/>\n\t<meta name=\"twitter:data1\" content=\"5 minutes\" \/>\n<script type=\"application\/ld+json\" class=\"yoast-schema-graph\">{\"@context\":\"https:\/\/schema.org\",\"@graph\":[{\"@type\":\"WebPage\",\"@id\":\"https:\/\/www.uhu.es\/etsi\/reconocimiento-y-transferencia-de-creditos\/\",\"url\":\"https:\/\/www.uhu.es\/etsi\/reconocimiento-y-transferencia-de-creditos\/\",\"name\":\"Reconocimiento y Transferencia de Cr\u00e9ditos - ETSI, UHU\",\"isPartOf\":{\"@id\":\"https:\/\/www.uhu.es\/etsi\/#website\"},\"datePublished\":\"2022-04-01T06:24:40+00:00\",\"dateModified\":\"2023-03-28T11:58:01+00:00\",\"breadcrumb\":{\"@id\":\"https:\/\/www.uhu.es\/etsi\/reconocimiento-y-transferencia-de-creditos\/#breadcrumb\"},\"inLanguage\":\"es-ES\",\"potentialAction\":[{\"@type\":\"ReadAction\",\"target\":[\"https:\/\/www.uhu.es\/etsi\/reconocimiento-y-transferencia-de-creditos\/\"]}]},{\"@type\":\"BreadcrumbList\",\"@id\":\"https:\/\/www.uhu.es\/etsi\/reconocimiento-y-transferencia-de-creditos\/#breadcrumb\",\"itemListElement\":[{\"@type\":\"ListItem\",\"position\":1,\"name\":\"Portada\",\"item\":\"https:\/\/www.uhu.es\/etsi\/\"},{\"@type\":\"ListItem\",\"position\":2,\"name\":\"Reconocimiento y Transferencia de Cr\u00e9ditos\"}]},{\"@type\":\"WebSite\",\"@id\":\"https:\/\/www.uhu.es\/etsi\/#website\",\"url\":\"https:\/\/www.uhu.es\/etsi\/\",\"name\":\"ETSI, UHU\",\"description\":\"Escuela T\u00e9cnica Superior de  Ingenier\u00eda de la Universidad de Huelva\",\"publisher\":{\"@id\":\"https:\/\/www.uhu.es\/etsi\/#organization\"},\"potentialAction\":[{\"@type\":\"SearchAction\",\"target\":{\"@type\":\"EntryPoint\",\"urlTemplate\":\"https:\/\/www.uhu.es\/etsi\/?s={search_term_string}\"},\"query-input\":\"required name=search_term_string\"}],\"inLanguage\":\"es-ES\"},{\"@type\":\"Organization\",\"@id\":\"https:\/\/www.uhu.es\/etsi\/#organization\",\"name\":\"UHU ETSI\",\"url\":\"https:\/\/www.uhu.es\/etsi\/\",\"logo\":{\"@type\":\"ImageObject\",\"inLanguage\":\"es-ES\",\"@id\":\"https:\/\/www.uhu.es\/etsi\/#\/schema\/logo\/image\/\",\"url\":\"http:\/\/www.uhu.es\/etsi\/wp-content\/uploads\/2016\/02\/membrete_ETSI.jpg\",\"contentUrl\":\"http:\/\/www.uhu.es\/etsi\/wp-content\/uploads\/2016\/02\/membrete_ETSI.jpg\",\"width\":423,\"height\":81,\"caption\":\"UHU ETSI\"},\"image\":{\"@id\":\"https:\/\/www.uhu.es\/etsi\/#\/schema\/logo\/image\/\"}}]}<\/script>\n<!-- \/ Yoast SEO plugin. -->","yoast_head_json":{"title":"Reconocimiento y Transferencia de Cr\u00e9ditos - ETSI, UHU","robots":{"index":"index","follow":"follow","max-snippet":"max-snippet:-1","max-image-preview":"max-image-preview:large","max-video-preview":"max-video-preview:-1"},"canonical":"https:\/\/www.uhu.es\/etsi\/reconocimiento-y-transferencia-de-creditos\/","og_locale":"es_ES","og_type":"article","og_title":"Reconocimiento y Transferencia de Cr\u00e9ditos - ETSI, UHU","og_description":"Definici\u00f3n Reconocimiento de cr\u00e9ditos. Se entiende por reconocimiento, la aceptaci\u00f3n por la Universidad de Huelva de los cr\u00e9ditos que, habiendo ... Read More","og_url":"https:\/\/www.uhu.es\/etsi\/reconocimiento-y-transferencia-de-creditos\/","og_site_name":"ETSI, UHU","article_modified_time":"2023-03-28T11:58:01+00:00","twitter_misc":{"Est. reading time":"5 minutes"},"schema":{"@context":"https:\/\/schema.org","@graph":[{"@type":"WebPage","@id":"https:\/\/www.uhu.es\/etsi\/reconocimiento-y-transferencia-de-creditos\/","url":"https:\/\/www.uhu.es\/etsi\/reconocimiento-y-transferencia-de-creditos\/","name":"Reconocimiento y Transferencia de Cr\u00e9ditos - ETSI, UHU","isPartOf":{"@id":"https:\/\/www.uhu.es\/etsi\/#website"},"datePublished":"2022-04-01T06:24:40+00:00","dateModified":"2023-03-28T11:58:01+00:00","breadcrumb":{"@id":"https:\/\/www.uhu.es\/etsi\/reconocimiento-y-transferencia-de-creditos\/#breadcrumb"},"inLanguage":"es-ES","potentialAction":[{"@type":"ReadAction","target":["https:\/\/www.uhu.es\/etsi\/reconocimiento-y-transferencia-de-creditos\/"]}]},{"@type":"BreadcrumbList","@id":"https:\/\/www.uhu.es\/etsi\/reconocimiento-y-transferencia-de-creditos\/#breadcrumb","itemListElement":[{"@type":"ListItem","position":1,"name":"Portada","item":"https:\/\/www.uhu.es\/etsi\/"},{"@type":"ListItem","position":2,"name":"Reconocimiento y Transferencia de Cr\u00e9ditos"}]},{"@type":"WebSite","@id":"https:\/\/www.uhu.es\/etsi\/#website","url":"https:\/\/www.uhu.es\/etsi\/","name":"ETSI, UHU","description":"Escuela T\u00e9cnica Superior de  Ingenier\u00eda de la Universidad de Huelva","publisher":{"@id":"https:\/\/www.uhu.es\/etsi\/#organization"},"potentialAction":[{"@type":"SearchAction","target":{"@type":"EntryPoint","urlTemplate":"https:\/\/www.uhu.es\/etsi\/?s={search_term_string}"},"query-input":"required name=search_term_string"}],"inLanguage":"es-ES"},{"@type":"Organization","@id":"https:\/\/www.uhu.es\/etsi\/#organization","name":"UHU ETSI","url":"https:\/\/www.uhu.es\/etsi\/","logo":{"@type":"ImageObject","inLanguage":"es-ES","@id":"https:\/\/www.uhu.es\/etsi\/#\/schema\/logo\/image\/","url":"http:\/\/www.uhu.es\/etsi\/wp-content\/uploads\/2016\/02\/membrete_ETSI.jpg","contentUrl":"http:\/\/www.uhu.es\/etsi\/wp-content\/uploads\/2016\/02\/membrete_ETSI.jpg","width":423,"height":81,"caption":"UHU ETSI"},"image":{"@id":"https:\/\/www.uhu.es\/etsi\/#\/schema\/logo\/image\/"}}]}},"_links":{"self":[{"href":"https:\/\/www.uhu.es\/etsi\/wp-json\/wp\/v2\/pages\/21682"}],"collection":[{"href":"https:\/\/www.uhu.es\/etsi\/wp-json\/wp\/v2\/pages"}],"about":[{"href":"https:\/\/www.uhu.es\/etsi\/wp-json\/wp\/v2\/types\/page"}],"author":[{"embeddable":true,"href":"https:\/\/www.uhu.es\/etsi\/wp-json\/wp\/v2\/users\/7"}],"replies":[{"embeddable":true,"href":"https:\/\/www.uhu.es\/etsi\/wp-json\/wp\/v2\/comments?post=21682"}],"version-history":[{"count":7,"href":"https:\/\/www.uhu.es\/etsi\/wp-json\/wp\/v2\/pages\/21682\/revisions"}],"predecessor-version":[{"id":22980,"href":"https:\/\/www.uhu.es\/etsi\/wp-json\/wp\/v2\/pages\/21682\/revisions\/22980"}],"wp:attachment":[{"href":"https:\/\/www.uhu.es\/etsi\/wp-json\/wp\/v2\/media?parent=21682"}],"curies":[{"name":"wp","href":"https:\/\/api.w.org\/{rel}","templated":true}]}}