{"id":6922,"date":"2014-11-12T09:16:48","date_gmt":"2014-11-12T09:16:48","guid":{"rendered":"http:\/\/www.uhu.es\/etsi\/?page_id=6922"},"modified":"2021-10-01T09:01:37","modified_gmt":"2021-10-01T08:01:37","slug":"horario-de-atencion-al-publico-de-la-secretaria-del-centro","status":"publish","type":"page","link":"https:\/\/www.uhu.es\/etsi\/la-escuela_\/informacion-general\/horario-de-atencion-al-publico-de-la-secretaria-del-centro\/","title":{"rendered":"Horario de atenci\u00f3n al p\u00fablico de la Secretar\u00eda del Centro"},"content":{"rendered":"<p>&nbsp;<\/p>\n<p><!--\n[alert type=\"info\"]\n\n\n<p style=\"text-align: center;\"><strong>AVISO<\/strong><\/p>\n\n\n\n\n<p style=\"text-align: center;\">La <strong>secretar\u00eda<\/strong> del centro permanecer\u00e1 <strong>cerrada<\/strong> el <strong>d\u00eda 26 de diciembre de 2017<\/strong>.<\/p>\n\n\n\n\n<p style=\"text-align: center;\">Los <strong>d\u00edas 28 de diciembre de 2017, y 2 y 4 de enero de 2018<\/strong> se <strong>cierra<\/strong> la atenci\u00f3n al p\u00fablico en horario de <strong>tarde<\/strong>.<\/p>\n\n\n[\/alert]--><\/p>\n<p>&nbsp;<\/p>\n<p style=\"text-align: center;\"><span id=\"horario\">De <strong>lunes a viernes de 10:00 a 13:00<\/strong><\/span><\/p>\n<p><!--\n\n\n<p style=\"text-align: center;\">y desde el 16 de Septiembre hasta el 15 de Junio<\/p>\n\n\n\n\n<p style=\"text-align: center;\">per\u00edodo lectivo:<\/p>\n\n\n\n\n<p style=\"text-align: center;\"><span id=\"horario\"> <strong>martes y jueves de 16:00 a 18:00<\/strong><\/span><\/p>\n\n\n&nbsp;\n--><\/p>\n","protected":false},"excerpt":{"rendered":"<p>&nbsp; &nbsp; De lunes a viernes de 10:00 a 13:00<\/p>\n","protected":false},"author":7,"featured_media":0,"parent":6915,"menu_order":0,"comment_status":"closed","ping_status":"closed","template":"template-layout-full-width.php","meta":[],"yoast_head":"<!-- This site is optimized with the Yoast SEO plugin v20.2.1 - https:\/\/yoast.com\/wordpress\/plugins\/seo\/ -->\n<title>Horario de atenci\u00f3n al p\u00fablico de la Secretar\u00eda del Centro - ETSI, UHU<\/title>\n<meta name=\"description\" content=\"Horario\" \/>\n<meta name=\"robots\" content=\"index, follow, max-snippet:-1, max-image-preview:large, max-video-preview:-1\" \/>\n<link rel=\"canonical\" href=\"https:\/\/www.uhu.es\/etsi\/la-escuela_\/informacion-general\/horario-de-atencion-al-publico-de-la-secretaria-del-centro\/\" \/>\n<meta property=\"og:locale\" content=\"es_ES\" \/>\n<meta property=\"og:type\" content=\"article\" \/>\n<meta property=\"og:title\" content=\"Horario de atenci\u00f3n al p\u00fablico de la Secretar\u00eda del Centro - ETSI, UHU\" \/>\n<meta property=\"og:description\" content=\"Horario\" \/>\n<meta property=\"og:url\" content=\"https:\/\/www.uhu.es\/etsi\/la-escuela_\/informacion-general\/horario-de-atencion-al-publico-de-la-secretaria-del-centro\/\" \/>\n<meta property=\"og:site_name\" content=\"ETSI, UHU\" \/>\n<meta property=\"article:modified_time\" content=\"2021-10-01T08:01:37+00:00\" \/>\n<script type=\"application\/ld+json\" class=\"yoast-schema-graph\">{\"@context\":\"https:\/\/schema.org\",\"@graph\":[{\"@type\":\"WebPage\",\"@id\":\"https:\/\/www.uhu.es\/etsi\/la-escuela_\/informacion-general\/horario-de-atencion-al-publico-de-la-secretaria-del-centro\/\",\"url\":\"https:\/\/www.uhu.es\/etsi\/la-escuela_\/informacion-general\/horario-de-atencion-al-publico-de-la-secretaria-del-centro\/\",\"name\":\"Horario de atenci\u00f3n al p\u00fablico de la Secretar\u00eda del Centro - ETSI, UHU\",\"isPartOf\":{\"@id\":\"https:\/\/www.uhu.es\/etsi\/#website\"},\"datePublished\":\"2014-11-12T09:16:48+00:00\",\"dateModified\":\"2021-10-01T08:01:37+00:00\",\"description\":\"Horario\",\"breadcrumb\":{\"@id\":\"https:\/\/www.uhu.es\/etsi\/la-escuela_\/informacion-general\/horario-de-atencion-al-publico-de-la-secretaria-del-centro\/#breadcrumb\"},\"inLanguage\":\"es-ES\",\"potentialAction\":[{\"@type\":\"ReadAction\",\"target\":[\"https:\/\/www.uhu.es\/etsi\/la-escuela_\/informacion-general\/horario-de-atencion-al-publico-de-la-secretaria-del-centro\/\"]}]},{\"@type\":\"BreadcrumbList\",\"@id\":\"https:\/\/www.uhu.es\/etsi\/la-escuela_\/informacion-general\/horario-de-atencion-al-publico-de-la-secretaria-del-centro\/#breadcrumb\",\"itemListElement\":[{\"@type\":\"ListItem\",\"position\":1,\"name\":\"Portada\",\"item\":\"https:\/\/www.uhu.es\/etsi\/\"},{\"@type\":\"ListItem\",\"position\":2,\"name\":\"La Escuela\",\"item\":\"http:\/\/www.uhu.es\/etsi\/la-escuela_\/\"},{\"@type\":\"ListItem\",\"position\":3,\"name\":\"Informaci\u00f3n General\",\"item\":\"http:\/\/www.uhu.es\/etsi\/la-escuela_\/informacion-general\/\"},{\"@type\":\"ListItem\",\"position\":4,\"name\":\"Horario de atenci\u00f3n al p\u00fablico de la Secretar\u00eda del Centro\"}]},{\"@type\":\"WebSite\",\"@id\":\"https:\/\/www.uhu.es\/etsi\/#website\",\"url\":\"https:\/\/www.uhu.es\/etsi\/\",\"name\":\"ETSI, UHU\",\"description\":\"Escuela T\u00e9cnica Superior de  Ingenier\u00eda de la Universidad de Huelva\",\"publisher\":{\"@id\":\"https:\/\/www.uhu.es\/etsi\/#organization\"},\"potentialAction\":[{\"@type\":\"SearchAction\",\"target\":{\"@type\":\"EntryPoint\",\"urlTemplate\":\"https:\/\/www.uhu.es\/etsi\/?s={search_term_string}\"},\"query-input\":\"required name=search_term_string\"}],\"inLanguage\":\"es-ES\"},{\"@type\":\"Organization\",\"@id\":\"https:\/\/www.uhu.es\/etsi\/#organization\",\"name\":\"UHU ETSI\",\"url\":\"https:\/\/www.uhu.es\/etsi\/\",\"logo\":{\"@type\":\"ImageObject\",\"inLanguage\":\"es-ES\",\"@id\":\"https:\/\/www.uhu.es\/etsi\/#\/schema\/logo\/image\/\",\"url\":\"http:\/\/www.uhu.es\/etsi\/wp-content\/uploads\/2016\/02\/membrete_ETSI.jpg\",\"contentUrl\":\"http:\/\/www.uhu.es\/etsi\/wp-content\/uploads\/2016\/02\/membrete_ETSI.jpg\",\"width\":423,\"height\":81,\"caption\":\"UHU ETSI\"},\"image\":{\"@id\":\"https:\/\/www.uhu.es\/etsi\/#\/schema\/logo\/image\/\"}}]}<\/script>\n<!-- \/ Yoast SEO plugin. -->","yoast_head_json":{"title":"Horario de atenci\u00f3n al p\u00fablico de la Secretar\u00eda del Centro - ETSI, UHU","description":"Horario","robots":{"index":"index","follow":"follow","max-snippet":"max-snippet:-1","max-image-preview":"max-image-preview:large","max-video-preview":"max-video-preview:-1"},"canonical":"https:\/\/www.uhu.es\/etsi\/la-escuela_\/informacion-general\/horario-de-atencion-al-publico-de-la-secretaria-del-centro\/","og_locale":"es_ES","og_type":"article","og_title":"Horario de atenci\u00f3n al p\u00fablico de la Secretar\u00eda del Centro - ETSI, UHU","og_description":"Horario","og_url":"https:\/\/www.uhu.es\/etsi\/la-escuela_\/informacion-general\/horario-de-atencion-al-publico-de-la-secretaria-del-centro\/","og_site_name":"ETSI, UHU","article_modified_time":"2021-10-01T08:01:37+00:00","schema":{"@context":"https:\/\/schema.org","@graph":[{"@type":"WebPage","@id":"https:\/\/www.uhu.es\/etsi\/la-escuela_\/informacion-general\/horario-de-atencion-al-publico-de-la-secretaria-del-centro\/","url":"https:\/\/www.uhu.es\/etsi\/la-escuela_\/informacion-general\/horario-de-atencion-al-publico-de-la-secretaria-del-centro\/","name":"Horario de atenci\u00f3n al p\u00fablico de la Secretar\u00eda del Centro - ETSI, UHU","isPartOf":{"@id":"https:\/\/www.uhu.es\/etsi\/#website"},"datePublished":"2014-11-12T09:16:48+00:00","dateModified":"2021-10-01T08:01:37+00:00","description":"Horario","breadcrumb":{"@id":"https:\/\/www.uhu.es\/etsi\/la-escuela_\/informacion-general\/horario-de-atencion-al-publico-de-la-secretaria-del-centro\/#breadcrumb"},"inLanguage":"es-ES","potentialAction":[{"@type":"ReadAction","target":["https:\/\/www.uhu.es\/etsi\/la-escuela_\/informacion-general\/horario-de-atencion-al-publico-de-la-secretaria-del-centro\/"]}]},{"@type":"BreadcrumbList","@id":"https:\/\/www.uhu.es\/etsi\/la-escuela_\/informacion-general\/horario-de-atencion-al-publico-de-la-secretaria-del-centro\/#breadcrumb","itemListElement":[{"@type":"ListItem","position":1,"name":"Portada","item":"https:\/\/www.uhu.es\/etsi\/"},{"@type":"ListItem","position":2,"name":"La Escuela","item":"http:\/\/www.uhu.es\/etsi\/la-escuela_\/"},{"@type":"ListItem","position":3,"name":"Informaci\u00f3n General","item":"http:\/\/www.uhu.es\/etsi\/la-escuela_\/informacion-general\/"},{"@type":"ListItem","position":4,"name":"Horario de atenci\u00f3n al p\u00fablico de la Secretar\u00eda del Centro"}]},{"@type":"WebSite","@id":"https:\/\/www.uhu.es\/etsi\/#website","url":"https:\/\/www.uhu.es\/etsi\/","name":"ETSI, UHU","description":"Escuela T\u00e9cnica Superior de  Ingenier\u00eda de la Universidad de Huelva","publisher":{"@id":"https:\/\/www.uhu.es\/etsi\/#organization"},"potentialAction":[{"@type":"SearchAction","target":{"@type":"EntryPoint","urlTemplate":"https:\/\/www.uhu.es\/etsi\/?s={search_term_string}"},"query-input":"required name=search_term_string"}],"inLanguage":"es-ES"},{"@type":"Organization","@id":"https:\/\/www.uhu.es\/etsi\/#organization","name":"UHU ETSI","url":"https:\/\/www.uhu.es\/etsi\/","logo":{"@type":"ImageObject","inLanguage":"es-ES","@id":"https:\/\/www.uhu.es\/etsi\/#\/schema\/logo\/image\/","url":"http:\/\/www.uhu.es\/etsi\/wp-content\/uploads\/2016\/02\/membrete_ETSI.jpg","contentUrl":"http:\/\/www.uhu.es\/etsi\/wp-content\/uploads\/2016\/02\/membrete_ETSI.jpg","width":423,"height":81,"caption":"UHU ETSI"},"image":{"@id":"https:\/\/www.uhu.es\/etsi\/#\/schema\/logo\/image\/"}}]}},"_links":{"self":[{"href":"https:\/\/www.uhu.es\/etsi\/wp-json\/wp\/v2\/pages\/6922"}],"collection":[{"href":"https:\/\/www.uhu.es\/etsi\/wp-json\/wp\/v2\/pages"}],"about":[{"href":"https:\/\/www.uhu.es\/etsi\/wp-json\/wp\/v2\/types\/page"}],"author":[{"embeddable":true,"href":"https:\/\/www.uhu.es\/etsi\/wp-json\/wp\/v2\/users\/7"}],"replies":[{"embeddable":true,"href":"https:\/\/www.uhu.es\/etsi\/wp-json\/wp\/v2\/comments?post=6922"}],"version-history":[{"count":14,"href":"https:\/\/www.uhu.es\/etsi\/wp-json\/wp\/v2\/pages\/6922\/revisions"}],"predecessor-version":[{"id":7561,"href":"https:\/\/www.uhu.es\/etsi\/wp-json\/wp\/v2\/pages\/6922\/revisions\/7561"}],"up":[{"embeddable":true,"href":"https:\/\/www.uhu.es\/etsi\/wp-json\/wp\/v2\/pages\/6915"}],"wp:attachment":[{"href":"https:\/\/www.uhu.es\/etsi\/wp-json\/wp\/v2\/media?parent=6922"}],"curies":[{"name":"wp","href":"https:\/\/api.w.org\/{rel}","templated":true}]}}