{"id":7,"date":"2023-06-09T11:00:31","date_gmt":"2023-06-09T11:00:31","guid":{"rendered":"https:\/\/www.uhu.es\/proyecto-tecnosuelos\/?page_id=7"},"modified":"2023-06-15T17:39:25","modified_gmt":"2023-06-15T17:39:25","slug":"proyecto","status":"publish","type":"page","link":"https:\/\/www.uhu.es\/proyecto-tecnosuelos\/","title":{"rendered":"Proyecto"},"content":{"rendered":"\n<div class=\"wp-block-media-text alignwide is-stacked-on-mobile has-ast-global-color-8-background-color has-background\"><figure class=\"wp-block-media-text__media\"><img decoding=\"async\" src=\"https:\/\/www.uhu.es\/proyecto-tecnosuelos\/wp-content\/uploads\/2023\/06\/Toma-de-muestras.jpg\" alt=\"\" class=\"wp-image-23 size-full\"\/><\/figure><div class=\"wp-block-media-text__content\">\n<h1 class=\"wp-block-heading has-text-align-center has-large-font-size\" style=\"text-transform:uppercase\"><strong>Dise\u00f1o y Aplicaci\u00f3n de Tecnosuelos formulados con residuos no peligrosos para la recuperaci\u00f3n ambiental de espacio mineros y el sellado de vertederos<\/strong><\/h1>\n<\/div><\/div>\n\n\n\n<div style=\"height:100px\" aria-hidden=\"true\" class=\"wp-block-spacer\"><\/div>\n\n\n\n<p class=\"has-text-align-center\">Proyecto de I+D+i enfocado a la econom\u00eda circular, financiado por la Junta de Andaluc\u00eda (programa operativo FEDER Andaluc\u00eda 2014-2020) en colaboraci\u00f3n con la empresa DSM Soluciones Medioambientales<\/p>\n\n\n\n<figure class=\"wp-block-image aligncenter size-large is-resized\"><img decoding=\"async\" loading=\"lazy\" src=\"https:\/\/www.uhu.es\/proyecto-tecnosuelos\/wp-content\/uploads\/2023\/06\/logos-1024x140.png\" alt=\"\" class=\"wp-image-43\" width=\"768\" height=\"105\"\/><\/figure>\n\n\n\n<div style=\"height:100px\" aria-hidden=\"true\" class=\"wp-block-spacer\"><\/div>\n\n\n\n<h2 class=\"wp-block-heading has-text-align-center\">Datos identificativos del Proyecto<\/h2>\n\n\n\n<p><strong>Denominaci\u00f3n del proyecto:<\/strong> DISE\u00d1O Y APLICACI\u00d3N DE TECNOSUELOS FORMULADOS CON RESIDUOS NO PELIGROSOS PARA LA RECUPERACI\u00d3N AMBIENTAL DE ESPACIOS MINEROS Y EL SELLADO DE VERTEDEROS<br><strong>Referencia:<\/strong> P18-TP-350<br><strong>Organismo:<\/strong> Universidad de Huelva<br><strong>Universidades participantes:<\/strong> Universidad de Huelva y Universidad de Sevilla<br><strong>Investigador principal:<\/strong> Dr. Juan Carlos Fern\u00e1ndez Caliani (Universidad de Huelva)<br><strong>Modalidad del proyecto:<\/strong> Proyectos de investigaci\u00f3n en colaboraci\u00f3n con el tejido productivo<br><strong>Presupuesto:<\/strong> 84.764,71 \u20ac<br><strong>Duraci\u00f3n del proyecto:<\/strong> 36 meses<br><strong>Fecha de finalizaci\u00f3n: <\/strong>30\/06\/2023<\/p>\n\n\n\n<div style=\"height:100px\" aria-hidden=\"true\" class=\"wp-block-spacer\"><\/div>\n\n\n\n<div class=\"inherit-container-width wp-block-group alignfull has-background is-layout-constrained\" style=\"background-color:#e1cfaa\">\n<div class=\"wp-block-columns alignwide is-layout-flex wp-container-2\">\n<div class=\"wp-block-column is-layout-flow\">\n<div style=\"height:100px\" aria-hidden=\"true\" class=\"wp-block-spacer\"><\/div>\n\n\n\n<h2 class=\"wp-block-heading has-text-align-center\">Presentaci\u00f3n del proyecto<\/h2>\n\n\n\n<div style=\"height:5px\" aria-hidden=\"true\" class=\"wp-block-spacer\"><\/div>\n<\/div>\n<\/div>\n\n\n\n<div class=\"wp-block-columns alignwide are-vertically-aligned-top is-layout-flex wp-container-6\">\n<div class=\"wp-block-column is-vertically-aligned-top is-layout-flow\" style=\"flex-basis:33.38%\">\n<p>La elaboraci\u00f3n de suelos tecnol\u00f3gicos o Tecnosuelos es una <strong>nueva alternativa de remediaci\u00f3n ambiental<\/strong> de bajo impacto, consistente en el desarrollo de mezclas s\u00f3lidas de materiales residuales y subproductos, adecuadamente formuladas y estructuradas, para el saneamiento y la mejora ambiental y productiva de suelos degradados o contaminados, con beneficios econ\u00f3micos y sociales a\u00f1adidos, bajo riesgo controlado.<\/p>\n\n\n\n<p>En este contexto de <strong>econom\u00eda circular y desarrollo sostenible<\/strong>, se propone un proyecto de dise\u00f1o, formulaci\u00f3n y creaci\u00f3n de Tecnosuelos, dentro de una amplia ventana operativa, para dar respuesta a necesidades concretas, como la <strong>valorizaci\u00f3n de residuos no peligrosos<\/strong>, la <strong>regeneraci\u00f3n de suelos mineros<\/strong> y el <strong>sellado de vertederos<\/strong>. La finalidad del Proyecto se encuadra en el \u00e1mbito de la estrategia tem\u00e1tica europea para la protecci\u00f3n del suelo, y est\u00e1 en consonancia con los objetivos prioritarios y l\u00edneas de actuaci\u00f3n de la pol\u00edtica ambiental andaluza, ajust\u00e1ndose a los principios rectores de sostenibilidad e innovaci\u00f3n del Programa Andaluz de Suelos Contaminados.<\/p>\n<\/div>\n\n\n\n<div class=\"wp-block-column is-vertically-aligned-top is-layout-flow\" style=\"flex-basis:33%\">\n<div style=\"height:100px\" aria-hidden=\"true\" class=\"wp-block-spacer\"><\/div>\n\n\n\n<figure class=\"wp-block-image size-full\"><img decoding=\"async\" src=\"https:\/\/www.uhu.es\/proyecto-tecnosuelos\/wp-content\/uploads\/2023\/06\/Flores-en-laboratorio-vertical.jpg\" alt=\"\" class=\"wp-image-47\"\/><\/figure>\n<\/div>\n\n\n\n<div class=\"wp-block-column is-vertically-aligned-top is-layout-flow\" style=\"flex-basis:33.62%\">\n<figure class=\"wp-block-image size-full\"><img decoding=\"async\" src=\"https:\/\/www.uhu.es\/proyecto-tecnosuelos\/wp-content\/uploads\/2023\/06\/tomando-muestras-vertical.jpg\" alt=\"\" class=\"wp-image-46\"\/><\/figure>\n<\/div>\n<\/div>\n\n\n\n<div class=\"wp-block-columns alignwide is-layout-flex wp-container-9\">\n<div class=\"wp-block-column is-layout-flow\" style=\"flex-basis:67%\">\n<figure class=\"wp-block-image alignright size-full\"><img decoding=\"async\" src=\"https:\/\/www.uhu.es\/proyecto-tecnosuelos\/wp-content\/uploads\/2023\/06\/terreno-de-muestras-cuadro.jpg\" alt=\"\" class=\"wp-image-48\"\/><\/figure>\n<\/div>\n\n\n\n<div class=\"wp-block-column is-vertically-aligned-center is-layout-flow\" style=\"flex-basis:33%\">\n<p>El Proyecto se ha programado para ejecutarse en tres a\u00f1os (2021-2023), con arreglo a un <strong>planteamiento metodol\u00f3gico multidisciplinar<\/strong>, que comprende una etapa de caracterizaci\u00f3n, una etapa de dise\u00f1o, formulaci\u00f3n y aplicaci\u00f3n, y una \u00faltima etapa de control anal\u00edtico y seguimiento de numerosos par\u00e1metros geoqu\u00edmicos y ed\u00e1ficos conforme a instrucciones t\u00e9cnicas y procedimientos establecidos.<\/p>\n\n\n\n<p>Se espera dise\u00f1ar \u201ca la carta\u201d Tecnosuelos derivados de residuos que tengan efectos positivos sobre la regeneraci\u00f3n de los espacios mineros contaminados, actuando como estabilizadores qu\u00edmicos para neutralizar la hiperacidez y reducir la movilidad y disponibilidad de los contaminantes, estabilizando carbono org\u00e1nico en suelo y biomasa y, en definitiva, favoreciendo la fertilidad y el desarrollo de la vegetaci\u00f3n. Adem\u00e1s, se prev\u00e9 obtener un Tecnosuelo con aptitud para la construcci\u00f3n de la capa de cobertera final de la secuencia de sellado de un vertedero, con un horizonte superior que permita el crecimiento de la vegetaci\u00f3n aut\u00f3ctona y un horizonte inferior que facilite el drenaje lateral, contribuyendo as\u00ed a la mejora del proceso tecnol\u00f3gico de clausura.<\/p>\n\n\n\n<p>El Proyecto contempla un plan de difusi\u00f3n de los <a href=\"https:\/\/www.uhu.es\/proyecto-tecnosuelos\/resultados\/\" data-type=\"page\" data-id=\"51\">resultados<\/a> mediante presentaci\u00f3n de comunicaciones en congresos nacionales e internacionales, publicaci\u00f3n de art\u00edculos cient\u00edficos en revistas relevantes por su \u00edndice de impacto, y jornadas de transferencia tecnol\u00f3gica con el socio colaborador y otras empresas interesadas en explotar los resultados de la investigaci\u00f3n.<\/p>\n<\/div>\n<\/div>\n<\/div>\n\n\n\n<div style=\"height:100px\" aria-hidden=\"true\" class=\"wp-block-spacer\"><\/div>\n\n\n\n<h2 class=\"wp-block-heading has-text-align-center\">Objetivos del proyecto<\/h2>\n\n\n\n<h3 class=\"wp-block-heading\">Generales<\/h3>\n\n\n\n<ul>\n<li>Producir Tecnosuelos con aptitud para la recuperaci\u00f3n ambiental de zonas mineras degradadas o actividades que requieren un importante aporte de tierra natural, como el sellado y cubrici\u00f3n de vertederos.<\/li>\n\n\n\n<li>Revalorizar y reutilizar materiales residuales que actualmente no tienen salida al mercado y su \u00fanica posibilidad de gesti\u00f3n es el dep\u00f3sito en vertedero.<\/li>\n\n\n\n<li>Mejorar la capacidad de neutralizaci\u00f3n de la acidez y de inmovilizaci\u00f3n de elementos traza potencialmente t\u00f3xicos de los suelos mineros.<\/li>\n\n\n\n<li>Estabilizar carbono en suelo y biomasa, y reciclar N, K, P y otros nutrientes.<\/li>\n<\/ul>\n\n\n\n<h3 class=\"wp-block-heading\">Espec\u00edficos<\/h3>\n\n\n\n<ul>\n<li>Dise\u00f1ar, formular, elaborar y ensayar diferentes tipos de Tecnosuelos a partir de residuos no peligrosos, como t\u00e9cnica de recuperaci\u00f3n natural asistida de suelos acidificados y contaminados por residuos minero-metal\u00fargicos, y para su empleo como capa de cobertura en la secuencia de sellado de vertederos.<\/li>\n\n\n\n<li>Evaluar la viabilidad de los Tecnosuelos formulados, y verificar que pueden sostener una infraestructura verde sin tener efectos adversos en el medio ambiente o la salud de las personas.<\/li>\n<\/ul>\n\n\n\n<div style=\"height:100px\" aria-hidden=\"true\" class=\"wp-block-spacer\"><\/div>\n","protected":false},"excerpt":{"rendered":"<p>Dise\u00f1o y Aplicaci\u00f3n de Tecnosuelos formulados con residuos no peligrosos para la recuperaci\u00f3n ambiental de espacio mineros y el sellado de vertederos Proyecto de I+D+i enfocado a la econom\u00eda circular, financiado por la Junta de Andaluc\u00eda (programa operativo FEDER Andaluc\u00eda 2014-2020) en colaboraci\u00f3n con la empresa DSM Soluciones Medioambientales Datos identificativos del Proyecto Denominaci\u00f3n del &hellip;<\/p>\n<p class=\"read-more\"> <a class=\"\" href=\"https:\/\/www.uhu.es\/proyecto-tecnosuelos\/\"> <span class=\"screen-reader-text\">Proyecto<\/span> Read More &raquo;<\/a><\/p>\n","protected":false},"author":1,"featured_media":0,"parent":0,"menu_order":0,"comment_status":"closed","ping_status":"closed","template":"","meta":{"site-sidebar-layout":"default","site-content-layout":"default","ast-global-header-display":"","ast-banner-title-visibility":"","ast-main-header-display":"","ast-hfb-above-header-display":"","ast-hfb-below-header-display":"","ast-hfb-mobile-header-display":"","site-post-title":"","ast-breadcrumbs-content":"","ast-featured-img":"","footer-sml-layout":"","theme-transparent-header-meta":"","adv-header-id-meta":"","stick-header-meta":"","header-above-stick-meta":"","header-main-stick-meta":"","header-below-stick-meta":""},"_links":{"self":[{"href":"https:\/\/www.uhu.es\/proyecto-tecnosuelos\/wp-json\/wp\/v2\/pages\/7"}],"collection":[{"href":"https:\/\/www.uhu.es\/proyecto-tecnosuelos\/wp-json\/wp\/v2\/pages"}],"about":[{"href":"https:\/\/www.uhu.es\/proyecto-tecnosuelos\/wp-json\/wp\/v2\/types\/page"}],"author":[{"embeddable":true,"href":"https:\/\/www.uhu.es\/proyecto-tecnosuelos\/wp-json\/wp\/v2\/users\/1"}],"replies":[{"embeddable":true,"href":"https:\/\/www.uhu.es\/proyecto-tecnosuelos\/wp-json\/wp\/v2\/comments?post=7"}],"version-history":[{"count":15,"href":"https:\/\/www.uhu.es\/proyecto-tecnosuelos\/wp-json\/wp\/v2\/pages\/7\/revisions"}],"predecessor-version":[{"id":200,"href":"https:\/\/www.uhu.es\/proyecto-tecnosuelos\/wp-json\/wp\/v2\/pages\/7\/revisions\/200"}],"wp:attachment":[{"href":"https:\/\/www.uhu.es\/proyecto-tecnosuelos\/wp-json\/wp\/v2\/media?parent=7"}],"curies":[{"name":"wp","href":"https:\/\/api.w.org\/{rel}","templated":true}]}}