{"id":1028,"date":"2019-07-02T09:38:34","date_gmt":"2019-07-02T07:38:34","guid":{"rendered":"http:\/\/www.uhu.es\/rensma\/?page_id=1028"},"modified":"2025-10-21T09:26:40","modified_gmt":"2025-10-21T07:26:40","slug":"inicio-2","status":"publish","type":"page","link":"https:\/\/www.uhu.es\/rensma\/","title":{"rendered":"Inicio"},"content":{"rendered":"\n<div class=\"wp-block-cover alignfull is-light\"><span aria-hidden=\"true\" class=\"wp-block-cover__background has-background-dim\"><\/span><img decoding=\"async\" loading=\"lazy\" width=\"940\" height=\"300\" class=\"wp-block-cover__image-background wp-image-806\" alt=\"\" src=\"https:\/\/www.uhu.es\/rensma\/wp-content\/uploads\/2019\/06\/Slider.jpg\" data-object-fit=\"cover\" srcset=\"https:\/\/www.uhu.es\/rensma\/wp-content\/uploads\/2019\/06\/Slider.jpg 940w, https:\/\/www.uhu.es\/rensma\/wp-content\/uploads\/2019\/06\/Slider-300x96.jpg 300w, https:\/\/www.uhu.es\/rensma\/wp-content\/uploads\/2019\/06\/Slider-768x245.jpg 768w\" sizes=\"(max-width: 940px) 100vw, 940px\" \/><div class=\"wp-block-cover__inner-container is-layout-constrained wp-block-cover-is-layout-constrained\">\n<p class=\"has-text-align-center has-large-font-size\"><\/p>\n\n\n\n<div style=\"height:100px\" aria-hidden=\"true\" class=\"wp-block-spacer\"><\/div>\n<\/div><\/div>\n\n\n\n<div class=\"wp-block-group is-layout-constrained wp-container-36 wp-block-group-is-layout-constrained\" style=\"margin-top:var(--wp--preset--spacing--60);margin-bottom:var(--wp--preset--spacing--60)\">\n<h2 class=\"wp-block-heading has-text-align-center has-ast-global-color-5-color has-ast-global-color-0-background-color has-text-color has-background\" id=\"listadohome\">\u00daltimas noticias<\/h2>\n\n\n\n<div class=\"wp-block-query is-layout-flow wp-block-query-is-layout-flow\"><ul class=\"wp-block-post-template is-layout-flow wp-block-post-template-is-layout-flow\"><li class=\"wp-block-post post-6257 post type-post status-publish format-standard has-post-thumbnail hentry category-1\">\n\n<div class=\"wp-block-columns alignwide is-layout-flex wp-container-4 wp-block-columns-is-layout-flex\">\n<div class=\"wp-block-column is-layout-flow wp-block-column-is-layout-flow\" style=\"flex-basis:50%\"><figure class=\"wp-block-post-featured-image\"><a href=\"https:\/\/www.uhu.es\/rensma\/articulo-de-divulgacion-sobre-nuestra-investigacion-en-la-unidad-de-mejora-genetica\/\" target=\"_self\"  ><img loading=\"lazy\" width=\"580\" height=\"350\" src=\"https:\/\/www.uhu.es\/rensma\/wp-content\/uploads\/2026\/03\/captura-de-pantalla.png\" class=\"attachment-post-thumbnail size-post-thumbnail wp-post-image\" alt=\"Art\u00edculo de divulgaci\u00f3n sobre nuestra investigaci\u00f3n en la Unidad de Mejora Gen\u00e9tica\" decoding=\"async\" style=\"object-fit:cover;\" srcset=\"https:\/\/www.uhu.es\/rensma\/wp-content\/uploads\/2026\/03\/captura-de-pantalla.png 580w, https:\/\/www.uhu.es\/rensma\/wp-content\/uploads\/2026\/03\/captura-de-pantalla-300x181.png 300w, https:\/\/www.uhu.es\/rensma\/wp-content\/uploads\/2026\/03\/captura-de-pantalla-50x30.png 50w\" sizes=\"(max-width: 580px) 100vw, 580px\" \/><\/a><\/figure><\/div>\n\n\n\n<div class=\"wp-block-column is-layout-flow wp-block-column-is-layout-flow\" style=\"flex-basis:50%\"><h2 class=\"wp-block-post-title\"><a href=\"https:\/\/www.uhu.es\/rensma\/articulo-de-divulgacion-sobre-nuestra-investigacion-en-la-unidad-de-mejora-genetica\/\" target=\"_self\" >Art\u00edculo de divulgaci\u00f3n sobre nuestra investigaci\u00f3n en la Unidad de Mejora Gen\u00e9tica<\/a><\/h2>\n\n<a class=\"wp-block-read-more\" href=\"https:\/\/www.uhu.es\/rensma\/articulo-de-divulgacion-sobre-nuestra-investigacion-en-la-unidad-de-mejora-genetica\/\" target=\"_self\">Leer m\u00e1s<span class=\"screen-reader-text\">: Art\u00edculo de divulgaci\u00f3n sobre nuestra investigaci\u00f3n en la Unidad de Mejora Gen\u00e9tica<\/span><\/a><\/div>\n<\/div>\n\n<\/li><li class=\"wp-block-post post-6192 post type-post status-publish format-standard has-post-thumbnail hentry category-1 tag-201\">\n\n<div class=\"wp-block-columns alignwide is-layout-flex wp-container-7 wp-block-columns-is-layout-flex\">\n<div class=\"wp-block-column is-layout-flow wp-block-column-is-layout-flow\" style=\"flex-basis:50%\"><figure class=\"wp-block-post-featured-image\"><a href=\"https:\/\/www.uhu.es\/rensma\/investigadores-de-rensma-en-el-ranking-of-the-world-scientists-worlds-top-2-scientists\/\" target=\"_self\"  ><img loading=\"lazy\" width=\"891\" height=\"777\" src=\"https:\/\/www.uhu.es\/rensma\/wp-content\/uploads\/2025\/10\/captura-de-noticia.png\" class=\"attachment-post-thumbnail size-post-thumbnail wp-post-image\" alt=\"Investigadores de RENSMA en el Ranking of the World Scientists: World\u2019s Top 2% Scientists\" decoding=\"async\" style=\"object-fit:cover;\" srcset=\"https:\/\/www.uhu.es\/rensma\/wp-content\/uploads\/2025\/10\/captura-de-noticia.png 891w, https:\/\/www.uhu.es\/rensma\/wp-content\/uploads\/2025\/10\/captura-de-noticia-300x262.png 300w, https:\/\/www.uhu.es\/rensma\/wp-content\/uploads\/2025\/10\/captura-de-noticia-768x670.png 768w, https:\/\/www.uhu.es\/rensma\/wp-content\/uploads\/2025\/10\/captura-de-noticia-50x44.png 50w\" sizes=\"(max-width: 891px) 100vw, 891px\" \/><\/a><\/figure><\/div>\n\n\n\n<div class=\"wp-block-column is-layout-flow wp-block-column-is-layout-flow\" style=\"flex-basis:50%\"><h2 class=\"wp-block-post-title\"><a href=\"https:\/\/www.uhu.es\/rensma\/investigadores-de-rensma-en-el-ranking-of-the-world-scientists-worlds-top-2-scientists\/\" target=\"_self\" >Investigadores de RENSMA en el Ranking of the World Scientists: World\u2019s Top 2% Scientists<\/a><\/h2>\n\n<a class=\"wp-block-read-more\" href=\"https:\/\/www.uhu.es\/rensma\/investigadores-de-rensma-en-el-ranking-of-the-world-scientists-worlds-top-2-scientists\/\" target=\"_self\">Leer m\u00e1s<span class=\"screen-reader-text\">: Investigadores de RENSMA en el Ranking of the World Scientists: World\u2019s Top 2% Scientists<\/span><\/a><\/div>\n<\/div>\n\n<\/li><li class=\"wp-block-post post-5967 post type-post status-publish format-standard has-post-thumbnail hentry category-proximos-eventos-es category-seminarios-conferencias-es tag-201\">\n\n<div class=\"wp-block-columns alignwide is-layout-flex wp-container-10 wp-block-columns-is-layout-flex\">\n<div class=\"wp-block-column is-layout-flow wp-block-column-is-layout-flow\" style=\"flex-basis:50%\"><figure class=\"wp-block-post-featured-image\"><a href=\"https:\/\/www.uhu.es\/rensma\/ponencia-exploracion-y-produccion-de-petroleo-en-campos-convencionales-y-no-convencionales\/\" target=\"_self\"  ><img loading=\"lazy\" width=\"1280\" height=\"720\" src=\"https:\/\/www.uhu.es\/rensma\/wp-content\/uploads\/2025\/04\/imagen-por-defecto.png\" class=\"attachment-post-thumbnail size-post-thumbnail wp-post-image\" alt=\"Ponencia: Exploraci\u00f3n y producci\u00f3n de petr\u00f3leo en campos convencionales y no convencionales\" decoding=\"async\" style=\"object-fit:cover;\" srcset=\"https:\/\/www.uhu.es\/rensma\/wp-content\/uploads\/2025\/04\/imagen-por-defecto.png 1280w, https:\/\/www.uhu.es\/rensma\/wp-content\/uploads\/2025\/04\/imagen-por-defecto-300x169.png 300w, https:\/\/www.uhu.es\/rensma\/wp-content\/uploads\/2025\/04\/imagen-por-defecto-1024x576.png 1024w, https:\/\/www.uhu.es\/rensma\/wp-content\/uploads\/2025\/04\/imagen-por-defecto-768x432.png 768w, https:\/\/www.uhu.es\/rensma\/wp-content\/uploads\/2025\/04\/imagen-por-defecto-50x28.png 50w\" sizes=\"(max-width: 1280px) 100vw, 1280px\" \/><\/a><\/figure><\/div>\n\n\n\n<div class=\"wp-block-column is-layout-flow wp-block-column-is-layout-flow\" style=\"flex-basis:50%\"><h2 class=\"wp-block-post-title\"><a href=\"https:\/\/www.uhu.es\/rensma\/ponencia-exploracion-y-produccion-de-petroleo-en-campos-convencionales-y-no-convencionales\/\" target=\"_self\" >Ponencia: Exploraci\u00f3n y producci\u00f3n de petr\u00f3leo en campos convencionales y no convencionales<\/a><\/h2>\n\n<a class=\"wp-block-read-more\" href=\"https:\/\/www.uhu.es\/rensma\/ponencia-exploracion-y-produccion-de-petroleo-en-campos-convencionales-y-no-convencionales\/\" target=\"_self\">Leer m\u00e1s<span class=\"screen-reader-text\">: Ponencia: Exploraci\u00f3n y producci\u00f3n de petr\u00f3leo en campos convencionales y no convencionales<\/span><\/a><\/div>\n<\/div>\n\n<\/li><li class=\"wp-block-post post-5960 post type-post status-publish format-standard has-post-thumbnail hentry category-seminarios-conferencias-es tag-201\">\n\n<div class=\"wp-block-columns alignwide is-layout-flex wp-container-13 wp-block-columns-is-layout-flex\">\n<div class=\"wp-block-column is-layout-flow wp-block-column-is-layout-flow\" style=\"flex-basis:50%\"><figure class=\"wp-block-post-featured-image\"><a href=\"https:\/\/www.uhu.es\/rensma\/ponencia-la-biodiversidad-vegetal-su-estudio-y-valoracion-un-ejemplo-en-un-parque-nacional\/\" target=\"_self\"  ><img loading=\"lazy\" width=\"1280\" height=\"720\" src=\"https:\/\/www.uhu.es\/rensma\/wp-content\/uploads\/2025\/04\/imagen-por-defecto.png\" class=\"attachment-post-thumbnail size-post-thumbnail wp-post-image\" alt=\"Ponencia: La Biodiversidad Vegetal: su estudio y valoraci\u00f3n. Un ejemplo en un Parque Nacional\" decoding=\"async\" style=\"object-fit:cover;\" srcset=\"https:\/\/www.uhu.es\/rensma\/wp-content\/uploads\/2025\/04\/imagen-por-defecto.png 1280w, https:\/\/www.uhu.es\/rensma\/wp-content\/uploads\/2025\/04\/imagen-por-defecto-300x169.png 300w, https:\/\/www.uhu.es\/rensma\/wp-content\/uploads\/2025\/04\/imagen-por-defecto-1024x576.png 1024w, https:\/\/www.uhu.es\/rensma\/wp-content\/uploads\/2025\/04\/imagen-por-defecto-768x432.png 768w, https:\/\/www.uhu.es\/rensma\/wp-content\/uploads\/2025\/04\/imagen-por-defecto-50x28.png 50w\" sizes=\"(max-width: 1280px) 100vw, 1280px\" \/><\/a><\/figure><\/div>\n\n\n\n<div class=\"wp-block-column is-layout-flow wp-block-column-is-layout-flow\" style=\"flex-basis:50%\"><h2 class=\"wp-block-post-title\"><a href=\"https:\/\/www.uhu.es\/rensma\/ponencia-la-biodiversidad-vegetal-su-estudio-y-valoracion-un-ejemplo-en-un-parque-nacional\/\" target=\"_self\" >Ponencia: La Biodiversidad Vegetal: su estudio y valoraci\u00f3n. Un ejemplo en un Parque Nacional<\/a><\/h2>\n\n<a class=\"wp-block-read-more\" href=\"https:\/\/www.uhu.es\/rensma\/ponencia-la-biodiversidad-vegetal-su-estudio-y-valoracion-un-ejemplo-en-un-parque-nacional\/\" target=\"_self\">Leer m\u00e1s<span class=\"screen-reader-text\">: Ponencia: La Biodiversidad Vegetal: su estudio y valoraci\u00f3n. Un ejemplo en un Parque Nacional<\/span><\/a><\/div>\n<\/div>\n\n<\/li><li class=\"wp-block-post post-5951 post type-post status-publish format-standard has-post-thumbnail hentry category-actualidad-es tag-201\">\n\n<div class=\"wp-block-columns alignwide is-layout-flex wp-container-16 wp-block-columns-is-layout-flex\">\n<div class=\"wp-block-column is-layout-flow wp-block-column-is-layout-flow\" style=\"flex-basis:50%\"><figure class=\"wp-block-post-featured-image\"><a href=\"https:\/\/www.uhu.es\/rensma\/ayudas-a-la-investigacion-en-rensma-2025\/\" target=\"_self\"  ><img loading=\"lazy\" width=\"1280\" height=\"780\" src=\"https:\/\/www.uhu.es\/rensma\/wp-content\/uploads\/2025\/04\/ayuda-a-la-investigacion.jpg\" class=\"attachment-post-thumbnail size-post-thumbnail wp-post-image\" alt=\"Ayudas a la Investigaci\u00f3n en RENSMA 2025\" decoding=\"async\" style=\"object-fit:cover;\" srcset=\"https:\/\/www.uhu.es\/rensma\/wp-content\/uploads\/2025\/04\/ayuda-a-la-investigacion.jpg 1280w, https:\/\/www.uhu.es\/rensma\/wp-content\/uploads\/2025\/04\/ayuda-a-la-investigacion-300x183.jpg 300w, https:\/\/www.uhu.es\/rensma\/wp-content\/uploads\/2025\/04\/ayuda-a-la-investigacion-1024x624.jpg 1024w, https:\/\/www.uhu.es\/rensma\/wp-content\/uploads\/2025\/04\/ayuda-a-la-investigacion-768x468.jpg 768w, https:\/\/www.uhu.es\/rensma\/wp-content\/uploads\/2025\/04\/ayuda-a-la-investigacion-50x30.jpg 50w\" sizes=\"(max-width: 1280px) 100vw, 1280px\" \/><\/a><\/figure><\/div>\n\n\n\n<div class=\"wp-block-column is-layout-flow wp-block-column-is-layout-flow\" style=\"flex-basis:50%\"><h2 class=\"wp-block-post-title\"><a href=\"https:\/\/www.uhu.es\/rensma\/ayudas-a-la-investigacion-en-rensma-2025\/\" target=\"_self\" >Ayudas a la Investigaci\u00f3n en RENSMA 2025<\/a><\/h2>\n\n<a class=\"wp-block-read-more\" href=\"https:\/\/www.uhu.es\/rensma\/ayudas-a-la-investigacion-en-rensma-2025\/\" target=\"_self\">Leer m\u00e1s<span class=\"screen-reader-text\">: Ayudas a la Investigaci\u00f3n en RENSMA 2025<\/span><\/a><\/div>\n<\/div>\n\n<\/li><li class=\"wp-block-post post-5948 post type-post status-publish format-standard has-post-thumbnail hentry category-actualidad-es tag-201\">\n\n<div class=\"wp-block-columns alignwide is-layout-flex wp-container-19 wp-block-columns-is-layout-flex\">\n<div class=\"wp-block-column is-layout-flow wp-block-column-is-layout-flow\" style=\"flex-basis:50%\"><figure class=\"wp-block-post-featured-image\"><a href=\"https:\/\/www.uhu.es\/rensma\/entrega-de-los-premios-a-la-excelencia-investigadora-jose-luis-garcia-palacios\/\" target=\"_self\"  ><img loading=\"lazy\" width=\"1919\" height=\"1079\" src=\"https:\/\/www.uhu.es\/rensma\/wp-content\/uploads\/2025\/02\/captura-entrega-de-premios.jpg\" class=\"attachment-post-thumbnail size-post-thumbnail wp-post-image\" alt=\"Entrega de los premios a la excelencia investigadora \u00abJos\u00e9 Luis Garc\u00eda Palacios\u00bb\" decoding=\"async\" style=\"object-fit:cover;\" srcset=\"https:\/\/www.uhu.es\/rensma\/wp-content\/uploads\/2025\/02\/captura-entrega-de-premios.jpg 1919w, https:\/\/www.uhu.es\/rensma\/wp-content\/uploads\/2025\/02\/captura-entrega-de-premios-300x169.jpg 300w, https:\/\/www.uhu.es\/rensma\/wp-content\/uploads\/2025\/02\/captura-entrega-de-premios-1024x576.jpg 1024w, https:\/\/www.uhu.es\/rensma\/wp-content\/uploads\/2025\/02\/captura-entrega-de-premios-768x432.jpg 768w, https:\/\/www.uhu.es\/rensma\/wp-content\/uploads\/2025\/02\/captura-entrega-de-premios-50x28.jpg 50w, https:\/\/www.uhu.es\/rensma\/wp-content\/uploads\/2025\/02\/captura-entrega-de-premios-1600x900.jpg 1600w, https:\/\/www.uhu.es\/rensma\/wp-content\/uploads\/2025\/02\/captura-entrega-de-premios-1536x864.jpg 1536w\" sizes=\"(max-width: 1919px) 100vw, 1919px\" \/><\/a><\/figure><\/div>\n\n\n\n<div class=\"wp-block-column is-layout-flow wp-block-column-is-layout-flow\" style=\"flex-basis:50%\"><h2 class=\"wp-block-post-title\"><a href=\"https:\/\/www.uhu.es\/rensma\/entrega-de-los-premios-a-la-excelencia-investigadora-jose-luis-garcia-palacios\/\" target=\"_self\" >Entrega de los premios a la excelencia investigadora \u00abJos\u00e9 Luis Garc\u00eda Palacios\u00bb<\/a><\/h2>\n\n<a class=\"wp-block-read-more\" href=\"https:\/\/www.uhu.es\/rensma\/entrega-de-los-premios-a-la-excelencia-investigadora-jose-luis-garcia-palacios\/\" target=\"_self\">Leer m\u00e1s<span class=\"screen-reader-text\">: Entrega de los premios a la excelencia investigadora \u00abJos\u00e9 Luis Garc\u00eda Palacios\u00bb<\/span><\/a><\/div>\n<\/div>\n\n<\/li><li class=\"wp-block-post post-5912 post type-post status-publish format-standard has-post-thumbnail hentry category-topicality-en\">\n\n<div class=\"wp-block-columns alignwide is-layout-flex wp-container-22 wp-block-columns-is-layout-flex\">\n<div class=\"wp-block-column is-layout-flow wp-block-column-is-layout-flow\" style=\"flex-basis:50%\"><figure class=\"wp-block-post-featured-image\"><a href=\"https:\/\/www.uhu.es\/rensma\/en\/doctor-honoris-causa-ryszard-lobinski-2\/\" target=\"_self\"  ><img loading=\"lazy\" width=\"2560\" height=\"1709\" src=\"https:\/\/www.uhu.es\/rensma\/wp-content\/uploads\/2024\/12\/Doctor-Honoris-Causa-lobinsky-acto-scaled.jpg\" class=\"attachment-post-thumbnail size-post-thumbnail wp-post-image\" alt=\"Doctor Honoris Causa Ryszard Lobinski\" decoding=\"async\" style=\"object-fit:cover;\" srcset=\"https:\/\/www.uhu.es\/rensma\/wp-content\/uploads\/2024\/12\/Doctor-Honoris-Causa-lobinsky-acto-scaled.jpg 2560w, https:\/\/www.uhu.es\/rensma\/wp-content\/uploads\/2024\/12\/Doctor-Honoris-Causa-lobinsky-acto-300x200.jpg 300w, https:\/\/www.uhu.es\/rensma\/wp-content\/uploads\/2024\/12\/Doctor-Honoris-Causa-lobinsky-acto-1024x684.jpg 1024w, https:\/\/www.uhu.es\/rensma\/wp-content\/uploads\/2024\/12\/Doctor-Honoris-Causa-lobinsky-acto-768x513.jpg 768w, https:\/\/www.uhu.es\/rensma\/wp-content\/uploads\/2024\/12\/Doctor-Honoris-Causa-lobinsky-acto-50x33.jpg 50w, https:\/\/www.uhu.es\/rensma\/wp-content\/uploads\/2024\/12\/Doctor-Honoris-Causa-lobinsky-acto-1600x1068.jpg 1600w, https:\/\/www.uhu.es\/rensma\/wp-content\/uploads\/2024\/12\/Doctor-Honoris-Causa-lobinsky-acto-1536x1026.jpg 1536w, https:\/\/www.uhu.es\/rensma\/wp-content\/uploads\/2024\/12\/Doctor-Honoris-Causa-lobinsky-acto-2048x1367.jpg 2048w\" sizes=\"(max-width: 2560px) 100vw, 2560px\" \/><\/a><\/figure><\/div>\n\n\n\n<div class=\"wp-block-column is-layout-flow wp-block-column-is-layout-flow\" style=\"flex-basis:50%\"><h2 class=\"wp-block-post-title\"><a href=\"https:\/\/www.uhu.es\/rensma\/en\/doctor-honoris-causa-ryszard-lobinski-2\/\" target=\"_self\" >Doctor Honoris Causa Ryszard Lobinski<\/a><\/h2>\n\n<a class=\"wp-block-read-more\" href=\"https:\/\/www.uhu.es\/rensma\/en\/doctor-honoris-causa-ryszard-lobinski-2\/\" target=\"_self\">Leer m\u00e1s<span class=\"screen-reader-text\">: Doctor Honoris Causa Ryszard Lobinski<\/span><\/a><\/div>\n<\/div>\n\n<\/li><li class=\"wp-block-post post-5909 post type-post status-publish format-standard has-post-thumbnail hentry category-topicality-en\">\n\n<div class=\"wp-block-columns alignwide is-layout-flex wp-container-25 wp-block-columns-is-layout-flex\">\n<div class=\"wp-block-column is-layout-flow wp-block-column-is-layout-flow\" style=\"flex-basis:50%\"><figure class=\"wp-block-post-featured-image\"><a href=\"https:\/\/www.uhu.es\/rensma\/en\/the-uhu-places-three-researchers-in-the-prestigious-stanford-ranking\/\" target=\"_self\"  ><img loading=\"lazy\" width=\"700\" height=\"393\" src=\"https:\/\/www.uhu.es\/rensma\/wp-content\/uploads\/2024\/10\/Foto-UHU.jpg\" class=\"attachment-post-thumbnail size-post-thumbnail wp-post-image\" alt=\"The UHU places three researchers in the prestigious Stanford Ranking\" decoding=\"async\" style=\"object-fit:cover;\" srcset=\"https:\/\/www.uhu.es\/rensma\/wp-content\/uploads\/2024\/10\/Foto-UHU.jpg 700w, https:\/\/www.uhu.es\/rensma\/wp-content\/uploads\/2024\/10\/Foto-UHU-300x168.jpg 300w, https:\/\/www.uhu.es\/rensma\/wp-content\/uploads\/2024\/10\/Foto-UHU-50x28.jpg 50w\" sizes=\"(max-width: 700px) 100vw, 700px\" \/><\/a><\/figure><\/div>\n\n\n\n<div class=\"wp-block-column is-layout-flow wp-block-column-is-layout-flow\" style=\"flex-basis:50%\"><h2 class=\"wp-block-post-title\"><a href=\"https:\/\/www.uhu.es\/rensma\/en\/the-uhu-places-three-researchers-in-the-prestigious-stanford-ranking\/\" target=\"_self\" >The UHU places three researchers in the prestigious Stanford Ranking<\/a><\/h2>\n\n<a class=\"wp-block-read-more\" href=\"https:\/\/www.uhu.es\/rensma\/en\/the-uhu-places-three-researchers-in-the-prestigious-stanford-ranking\/\" target=\"_self\">Leer m\u00e1s<span class=\"screen-reader-text\">: The UHU places three researchers in the prestigious Stanford Ranking<\/span><\/a><\/div>\n<\/div>\n\n<\/li><li class=\"wp-block-post post-5901 post type-post status-publish format-standard has-post-thumbnail hentry category-actualidad-es tag-203\">\n\n<div class=\"wp-block-columns alignwide is-layout-flex wp-container-28 wp-block-columns-is-layout-flex\">\n<div class=\"wp-block-column is-layout-flow wp-block-column-is-layout-flow\" style=\"flex-basis:50%\"><figure class=\"wp-block-post-featured-image\"><a href=\"https:\/\/www.uhu.es\/rensma\/doctor-honoris-causa-ryszard-lobinski\/\" target=\"_self\"  ><img loading=\"lazy\" width=\"2560\" height=\"1709\" src=\"https:\/\/www.uhu.es\/rensma\/wp-content\/uploads\/2024\/12\/Doctor-Honoris-Causa-lobinsky-acto-scaled.jpg\" class=\"attachment-post-thumbnail size-post-thumbnail wp-post-image\" alt=\"Doctor Honoris Causa Ryszard Lobinski\" decoding=\"async\" style=\"object-fit:cover;\" srcset=\"https:\/\/www.uhu.es\/rensma\/wp-content\/uploads\/2024\/12\/Doctor-Honoris-Causa-lobinsky-acto-scaled.jpg 2560w, https:\/\/www.uhu.es\/rensma\/wp-content\/uploads\/2024\/12\/Doctor-Honoris-Causa-lobinsky-acto-300x200.jpg 300w, https:\/\/www.uhu.es\/rensma\/wp-content\/uploads\/2024\/12\/Doctor-Honoris-Causa-lobinsky-acto-1024x684.jpg 1024w, https:\/\/www.uhu.es\/rensma\/wp-content\/uploads\/2024\/12\/Doctor-Honoris-Causa-lobinsky-acto-768x513.jpg 768w, https:\/\/www.uhu.es\/rensma\/wp-content\/uploads\/2024\/12\/Doctor-Honoris-Causa-lobinsky-acto-50x33.jpg 50w, https:\/\/www.uhu.es\/rensma\/wp-content\/uploads\/2024\/12\/Doctor-Honoris-Causa-lobinsky-acto-1600x1068.jpg 1600w, https:\/\/www.uhu.es\/rensma\/wp-content\/uploads\/2024\/12\/Doctor-Honoris-Causa-lobinsky-acto-1536x1026.jpg 1536w, https:\/\/www.uhu.es\/rensma\/wp-content\/uploads\/2024\/12\/Doctor-Honoris-Causa-lobinsky-acto-2048x1367.jpg 2048w\" sizes=\"(max-width: 2560px) 100vw, 2560px\" \/><\/a><\/figure><\/div>\n\n\n\n<div class=\"wp-block-column is-layout-flow wp-block-column-is-layout-flow\" style=\"flex-basis:50%\"><h2 class=\"wp-block-post-title\"><a href=\"https:\/\/www.uhu.es\/rensma\/doctor-honoris-causa-ryszard-lobinski\/\" target=\"_self\" >Doctor Honoris Causa Ryszard Lobinski<\/a><\/h2>\n\n<a class=\"wp-block-read-more\" href=\"https:\/\/www.uhu.es\/rensma\/doctor-honoris-causa-ryszard-lobinski\/\" target=\"_self\">Leer m\u00e1s<span class=\"screen-reader-text\">: Doctor Honoris Causa Ryszard Lobinski<\/span><\/a><\/div>\n<\/div>\n\n<\/li><li class=\"wp-block-post post-5861 post type-post status-publish format-standard has-post-thumbnail hentry category-actualidad-es tag-203\">\n\n<div class=\"wp-block-columns alignwide is-layout-flex wp-container-31 wp-block-columns-is-layout-flex\">\n<div class=\"wp-block-column is-layout-flow wp-block-column-is-layout-flow\" style=\"flex-basis:50%\"><figure class=\"wp-block-post-featured-image\"><a href=\"https:\/\/www.uhu.es\/rensma\/la-uhu-situa-a-tres-investigadores-en-el-prestigioso-ranking-standford\/\" target=\"_self\"  ><img loading=\"lazy\" width=\"700\" height=\"393\" src=\"https:\/\/www.uhu.es\/rensma\/wp-content\/uploads\/2024\/10\/Foto-UHU.jpg\" class=\"attachment-post-thumbnail size-post-thumbnail wp-post-image\" alt=\"La UHU sit\u00faa a tres investigadores en el prestigioso Ranking Standford\" decoding=\"async\" style=\"object-fit:cover;\" srcset=\"https:\/\/www.uhu.es\/rensma\/wp-content\/uploads\/2024\/10\/Foto-UHU.jpg 700w, https:\/\/www.uhu.es\/rensma\/wp-content\/uploads\/2024\/10\/Foto-UHU-300x168.jpg 300w, https:\/\/www.uhu.es\/rensma\/wp-content\/uploads\/2024\/10\/Foto-UHU-50x28.jpg 50w\" sizes=\"(max-width: 700px) 100vw, 700px\" \/><\/a><\/figure><\/div>\n\n\n\n<div class=\"wp-block-column is-layout-flow wp-block-column-is-layout-flow\" style=\"flex-basis:50%\"><h2 class=\"wp-block-post-title\"><a href=\"https:\/\/www.uhu.es\/rensma\/la-uhu-situa-a-tres-investigadores-en-el-prestigioso-ranking-standford\/\" target=\"_self\" >La UHU sit\u00faa a tres investigadores en el prestigioso Ranking Standford<\/a><\/h2>\n\n<a class=\"wp-block-read-more\" href=\"https:\/\/www.uhu.es\/rensma\/la-uhu-situa-a-tres-investigadores-en-el-prestigioso-ranking-standford\/\" target=\"_self\">Leer m\u00e1s<span class=\"screen-reader-text\">: La UHU sit\u00faa a tres investigadores en el prestigioso Ranking Standford<\/span><\/a><\/div>\n<\/div>\n\n<\/li><\/ul><\/div>\n\n\n\n<div class=\"wp-block-buttons is-content-justification-center is-layout-flex wp-container-34 wp-block-buttons-is-layout-flex\">\n<div class=\"wp-block-button\"><a class=\"wp-block-button__link wp-element-button\" href=\"https:\/\/www.uhu.es\/rensma\/actualidad-rensma\/\">Ver todas las noticias<\/a><\/div>\n<\/div>\n\n\n\n<p>O realiza una b\u00fasqueda de contenidos:<\/p>\n\n\n<form role=\"search\" method=\"get\" action=\"https:\/\/www.uhu.es\/rensma\/\" class=\"wp-block-search__button-outside wp-block-search__text-button wp-block-search\"><label class=\"wp-block-search__label\" for=\"wp-block-search__input-35\" >Buscar<\/label><div class=\"wp-block-search__inside-wrapper \" ><input class=\"wp-block-search__input\" id=\"wp-block-search__input-35\" placeholder=\"\" value=\"\" type=\"search\" name=\"s\" required \/><button aria-label=\"Buscar\" class=\"wp-block-search__button wp-element-button\" type=\"submit\" >Buscar<\/button><\/div><\/form><\/div>\n","protected":false},"excerpt":{"rendered":"<p>\u00daltimas noticias O realiza una b\u00fasqueda de contenidos:<\/p>\n","protected":false},"author":2,"featured_media":0,"parent":0,"menu_order":0,"comment_status":"closed","ping_status":"closed","template":"","meta":{"site-sidebar-layout":"default","site-content-layout":"","ast-site-content-layout":"","site-content-style":"default","site-sidebar-style":"default","ast-global-header-display":"","ast-banner-title-visibility":"","ast-main-header-display":"","ast-hfb-above-header-display":"","ast-hfb-below-header-display":"","ast-hfb-mobile-header-display":"","site-post-title":"","ast-breadcrumbs-content":"","ast-featured-img":"","footer-sml-layout":"","theme-transparent-header-meta":"","adv-header-id-meta":"","stick-header-meta":"","header-above-stick-meta":"","header-main-stick-meta":"","header-below-stick-meta":"","astra-migrate-meta-layouts":"","footnotes":""},"_links":{"self":[{"href":"https:\/\/www.uhu.es\/rensma\/wp-json\/wp\/v2\/pages\/1028"}],"collection":[{"href":"https:\/\/www.uhu.es\/rensma\/wp-json\/wp\/v2\/pages"}],"about":[{"href":"https:\/\/www.uhu.es\/rensma\/wp-json\/wp\/v2\/types\/page"}],"author":[{"embeddable":true,"href":"https:\/\/www.uhu.es\/rensma\/wp-json\/wp\/v2\/users\/2"}],"replies":[{"embeddable":true,"href":"https:\/\/www.uhu.es\/rensma\/wp-json\/wp\/v2\/comments?post=1028"}],"version-history":[{"count":18,"href":"https:\/\/www.uhu.es\/rensma\/wp-json\/wp\/v2\/pages\/1028\/revisions"}],"predecessor-version":[{"id":6196,"href":"https:\/\/www.uhu.es\/rensma\/wp-json\/wp\/v2\/pages\/1028\/revisions\/6196"}],"wp:attachment":[{"href":"https:\/\/www.uhu.es\/rensma\/wp-json\/wp\/v2\/media?parent=1028"}],"curies":[{"name":"wp","href":"https:\/\/api.w.org\/{rel}","templated":true}]}}