{"id":1265,"date":"2019-09-05T12:27:43","date_gmt":"2019-09-05T10:27:43","guid":{"rendered":"http:\/\/www.uhu.es\/rensma\/?page_id=1265"},"modified":"2023-10-19T22:49:12","modified_gmt":"2023-10-19T20:49:12","slug":"doctorates","status":"publish","type":"page","link":"https:\/\/www.uhu.es\/rensma\/en\/doctorates\/","title":{"rendered":"Doctorates"},"content":{"rendered":"\n<div class=\"wp-block-query is-layout-flow wp-block-query-is-layout-flow\"><ul class=\"wp-block-post-template is-layout-flow wp-block-post-template-is-layout-flow\"><li class=\"wp-block-post post-1346 post type-post status-publish format-standard has-post-thumbnail hentry category-doctorates-en category-next-events-en\">\n\n<div class=\"wp-block-columns alignwide is-layout-flex wp-container-3 wp-block-columns-is-layout-flex\">\n<div class=\"wp-block-column is-layout-flow wp-block-column-is-layout-flow\" style=\"flex-basis:33.33%\"><figure class=\"wp-block-post-featured-image\"><a href=\"https:\/\/www.uhu.es\/rensma\/en\/development-of-omic-methodologies-for-the-study-and-early-diagnosis-of-lung-cancer\/\" target=\"_self\"  ><img loading=\"lazy\" width=\"3508\" height=\"2480\" src=\"https:\/\/www.uhu.es\/rensma\/wp-content\/uploads\/2019\/06\/Tesis-Doctoral-Belen.jpg\" class=\"attachment-post-thumbnail size-post-thumbnail wp-post-image\" alt=\"Development of omic methodologies for the study and early diagnosis of lung cancer\" decoding=\"async\" style=\"object-fit:cover;\" srcset=\"https:\/\/www.uhu.es\/rensma\/wp-content\/uploads\/2019\/06\/Tesis-Doctoral-Belen.jpg 3508w, https:\/\/www.uhu.es\/rensma\/wp-content\/uploads\/2019\/06\/Tesis-Doctoral-Belen-300x212.jpg 300w, https:\/\/www.uhu.es\/rensma\/wp-content\/uploads\/2019\/06\/Tesis-Doctoral-Belen-768x543.jpg 768w, https:\/\/www.uhu.es\/rensma\/wp-content\/uploads\/2019\/06\/Tesis-Doctoral-Belen-1024x724.jpg 1024w\" sizes=\"(max-width: 3508px) 100vw, 3508px\" \/><\/a><\/figure><\/div>\n\n\n\n<div class=\"wp-block-column is-layout-flow wp-block-column-is-layout-flow\" style=\"flex-basis:66.66%\"><h2 class=\"wp-block-post-title\"><a href=\"https:\/\/www.uhu.es\/rensma\/en\/development-of-omic-methodologies-for-the-study-and-early-diagnosis-of-lung-cancer\/\" target=\"_self\" >Development of omic methodologies for the study and early diagnosis of lung cancer<\/a><\/h2>\n\n<div class=\"wp-block-post-excerpt\"><p class=\"wp-block-post-excerpt__excerpt\">DOCTORAL THESIS DEFENSE Organized by the Center for Research in Natural Resources, Health and Environment (RENSMA). PhD student: Ms. Bel\u00e9n Callej\u00f3n Leblic. Directors: Jos\u00e9 Luis G\u00f3mez Ariza, Tamara Garc\u00eda Barrera and Antonio Pereira Vega. Doctoral Thesis: DEVELOPMENT OF OMIC METHODOLOGIES FOR THE STUDY AND EARLY DIAGNOSIS OF CANCER DE PULM\u00d3N. Date and place: Tuesday, June&hellip; <\/p><\/div><\/div>\n<\/div>\n\n<\/li><li class=\"wp-block-post post-1343 post type-post status-publish format-standard has-post-thumbnail hentry category-doctorates-en category-next-events-en\">\n\n<div class=\"wp-block-columns alignwide is-layout-flex wp-container-6 wp-block-columns-is-layout-flex\">\n<div class=\"wp-block-column is-layout-flow wp-block-column-is-layout-flow\" style=\"flex-basis:33.33%\"><figure class=\"wp-block-post-featured-image\"><a href=\"https:\/\/www.uhu.es\/rensma\/en\/combined-use-of-omic-methodologies-in-model-organisms-for-the-study-of-environmental-pollution\/\" target=\"_self\"  ><img loading=\"lazy\" width=\"3508\" height=\"2480\" src=\"https:\/\/www.uhu.es\/rensma\/wp-content\/uploads\/2019\/06\/Tesis-Doctoral-Gema.jpg\" class=\"attachment-post-thumbnail size-post-thumbnail wp-post-image\" alt=\"Combined use of omic methodologies in model organisms for the study of environmental pollution\" decoding=\"async\" style=\"object-fit:cover;\" srcset=\"https:\/\/www.uhu.es\/rensma\/wp-content\/uploads\/2019\/06\/Tesis-Doctoral-Gema.jpg 3508w, https:\/\/www.uhu.es\/rensma\/wp-content\/uploads\/2019\/06\/Tesis-Doctoral-Gema-300x212.jpg 300w, https:\/\/www.uhu.es\/rensma\/wp-content\/uploads\/2019\/06\/Tesis-Doctoral-Gema-768x543.jpg 768w, https:\/\/www.uhu.es\/rensma\/wp-content\/uploads\/2019\/06\/Tesis-Doctoral-Gema-1024x724.jpg 1024w\" sizes=\"(max-width: 3508px) 100vw, 3508px\" \/><\/a><\/figure><\/div>\n\n\n\n<div class=\"wp-block-column is-layout-flow wp-block-column-is-layout-flow\" style=\"flex-basis:66.66%\"><h2 class=\"wp-block-post-title\"><a href=\"https:\/\/www.uhu.es\/rensma\/en\/combined-use-of-omic-methodologies-in-model-organisms-for-the-study-of-environmental-pollution\/\" target=\"_self\" >Combined use of omic methodologies in model organisms for the study of environmental pollution<\/a><\/h2>\n\n<div class=\"wp-block-post-excerpt\"><p class=\"wp-block-post-excerpt__excerpt\">DOCTORAL THESIS DEFENSE Organized by the Center for Research in Natural Resources, Health and Environment (RENSMA). PhD student: Ms. Gema Rodr\u00edguez Moro Directors: Jos\u00e9 Luis G\u00f3mez Ariza and Tamara Garc\u00eda Barrera. Doctoral Thesis: COMBINED USE OF OMIC METHODOLOGIES IN MODEL ORGANISMS FOR THE STUDY OF ENVIRONMENTAL POLLUTION. Date and place: Monday, June 17, 2019, at&hellip; <\/p><\/div><\/div>\n<\/div>\n\n<\/li><\/ul><\/div>\n","protected":false},"excerpt":{"rendered":"","protected":false},"author":2,"featured_media":0,"parent":0,"menu_order":0,"comment_status":"closed","ping_status":"closed","template":"","meta":{"site-sidebar-layout":"default","site-content-layout":"","ast-site-content-layout":"","site-content-style":"default","site-sidebar-style":"default","ast-global-header-display":"","ast-banner-title-visibility":"","ast-main-header-display":"","ast-hfb-above-header-display":"","ast-hfb-below-header-display":"","ast-hfb-mobile-header-display":"","site-post-title":"","ast-breadcrumbs-content":"","ast-featured-img":"","footer-sml-layout":"","theme-transparent-header-meta":"","adv-header-id-meta":"","stick-header-meta":"","header-above-stick-meta":"","header-main-stick-meta":"","header-below-stick-meta":"","astra-migrate-meta-layouts":"","footnotes":""},"_links":{"self":[{"href":"https:\/\/www.uhu.es\/rensma\/wp-json\/wp\/v2\/pages\/1265"}],"collection":[{"href":"https:\/\/www.uhu.es\/rensma\/wp-json\/wp\/v2\/pages"}],"about":[{"href":"https:\/\/www.uhu.es\/rensma\/wp-json\/wp\/v2\/types\/page"}],"author":[{"embeddable":true,"href":"https:\/\/www.uhu.es\/rensma\/wp-json\/wp\/v2\/users\/2"}],"replies":[{"embeddable":true,"href":"https:\/\/www.uhu.es\/rensma\/wp-json\/wp\/v2\/comments?post=1265"}],"version-history":[{"count":5,"href":"https:\/\/www.uhu.es\/rensma\/wp-json\/wp\/v2\/pages\/1265\/revisions"}],"predecessor-version":[{"id":5031,"href":"https:\/\/www.uhu.es\/rensma\/wp-json\/wp\/v2\/pages\/1265\/revisions\/5031"}],"wp:attachment":[{"href":"https:\/\/www.uhu.es\/rensma\/wp-json\/wp\/v2\/media?parent=1265"}],"curies":[{"name":"wp","href":"https:\/\/api.w.org\/{rel}","templated":true}]}}