{"id":1269,"date":"2019-09-05T12:32:28","date_gmt":"2019-09-05T10:32:28","guid":{"rendered":"http:\/\/www.uhu.es\/rensma\/?page_id=1269"},"modified":"2023-10-19T23:03:18","modified_gmt":"2023-10-19T21:03:18","slug":"alphabetical-listing","status":"publish","type":"page","link":"https:\/\/www.uhu.es\/rensma\/en\/alphabetical-listing\/","title":{"rendered":"Alphabetical Listing"},"content":{"rendered":"\n<table id=\"tablepress-1\" class=\"tablepress tablepress-id-1\">\n<thead>\n<tr class=\"row-1 odd\">\n\t<th class=\"column-1\"><strong>A<\/strong><\/th><th class=\"column-2\"><\/th><th class=\"column-3\"><\/th><th class=\"column-4\"><\/th>\n<\/tr>\n<\/thead>\n<tbody class=\"row-hover\">\n<tr class=\"row-2 even\">\n\t<td class=\"column-1\"><strong>NOMBRE<\/strong><\/td><td class=\"column-2\"><strong>UNID. INVESTIG.<\/strong><\/td><td class=\"column-3\"><strong>TLFN.<\/strong><\/td><td class=\"column-4\"><strong>EMAIL<\/strong><\/td>\n<\/tr>\n<tr class=\"row-3 odd\">\n\t<td class=\"column-1\">Alguacil Ojeda, Juan<\/td><td class=\"column-2\">Epidemiolog\u00eda Cl\u00ednica, Ambiental y Transformaci\u00f3n Social<\/td><td class=\"column-3\">959219890<\/td><td class=\"column-4\"><a href=\"mailto:juan.alguacil@dbasp.uhu.es\" rel=\"noopener\" target=\"_blank\">juan.alguacil@dbasp.uhu.es<\/a><\/td>\n<\/tr>\n<tr class=\"row-4 even\">\n\t<td class=\"column-1\">Arellano Beltr\u00e1n, Francisca<\/td><td class=\"column-2\">An\u00e1lisis Medio Ambiental, Bioan\u00e1lisis y Biotecnolog\u00eda<\/td><td class=\"column-3\">959219033<\/td><td class=\"column-4\"><a href=\"mailto:francisca.arellano@dqcm.uhu.es\" rel=\"noopener\" target=\"_blank\">francisca.arellano@dqcm.uhu.es<\/a><\/td>\n<\/tr>\n<tr class=\"row-5 odd\">\n\t<td class=\"column-1\">Arias Borrego, Ana<\/td><td class=\"column-2\">An\u00e1lisis MedioAmbiental y Bioan\u00e1lisis <\/td><td class=\"column-3\">959219033<\/td><td class=\"column-4\"><a href=\"mailto:ana.arias@dqcm.uhu.es\" rel=\"noopener\" target=\"_blank\">ana.arias@dqcm.uhu.es<\/a><\/td>\n<\/tr>\n<\/tbody>\n<\/table>\n<!-- #tablepress-1 from cache -->\n\n\n<table id=\"tablepress-2\" class=\"tablepress tablepress-id-2\">\n<thead>\n<tr class=\"row-1 odd\">\n\t<th class=\"column-1\"><strong>B<\/strong><\/th><th class=\"column-2\"><\/th><th class=\"column-3\"><\/th><th class=\"column-4\"><\/th>\n<\/tr>\n<\/thead>\n<tbody class=\"row-hover\">\n<tr class=\"row-2 even\">\n\t<td class=\"column-1\">Basallote S\u00e1nchez, Mar\u00eda Dolores<\/td><td class=\"column-2\">Mineralog\u00eda y Geoqu\u00edmica Ambiental<\/td><td class=\"column-3\">959219835<\/td><td class=\"column-4\"><a href=\"mailto:maria.basallote@dct.uhu.es\" rel=\"noopener\" target=\"_blank\">maria.basallote@dct.uhu.es<\/a><\/td>\n<\/tr>\n<tr class=\"row-3 odd\">\n\t<td class=\"column-1\">Bol\u00edvar Raya, Juan Pedro<\/td><td class=\"column-2\">Valorizaci\u00f3n de Residuos Inorg\u00e1nicos y Radiactividad Ambiental<\/td><td class=\"column-3\">959219793<\/td><td class=\"column-4\"><a href=\"mailto:bolivar@dfaie.uhu.es\" rel=\"noopener\" target=\"_blank\">bolivar@dfaie.uhu.es<\/a><\/td>\n<\/tr>\n<\/tbody>\n<\/table>\n<!-- #tablepress-2 from cache -->\n\n\n<table id=\"tablepress-3\" class=\"tablepress tablepress-id-3\">\n<thead>\n<tr class=\"row-1 odd\">\n\t<th class=\"column-1\"><strong>C<\/strong><\/th><th class=\"column-2\"><\/th><th class=\"column-3\"><\/th><th class=\"column-4\"><\/th>\n<\/tr>\n<\/thead>\n<tbody class=\"row-hover\">\n<tr class=\"row-2 even\">\n\t<td class=\"column-1\">Callej\u00f3n Leblic, Bel\u00e9n<\/td><td class=\"column-2\">An\u00e1lisis Medio Ambiental y Bioan\u00e1lisis <\/td><td class=\"column-3\">959219033<\/td><td class=\"column-4\"><a href=\"mailto:belen.callejon@dqcm.uhu.es\" rel=\"noopener\" target=\"_blank\">belen.callejon@dqcm.uhu.es<\/a><\/td>\n<\/tr>\n<tr class=\"row-3 odd\">\n\t<td class=\"column-1\">Canalejo Rayas, Antonio Luis<\/td><td class=\"column-2\">Biolog\u00eda Ambiental<\/td><td class=\"column-3\">959219878<\/td><td class=\"column-4\"><a href=\"mailto:antonio.canalejo@dbasp.uhu.es\" rel=\"noopener\" target=\"_blank\">antonio.canalejo@dbasp.uhu.es<\/a><\/td>\n<\/tr>\n<tr class=\"row-4 even\">\n\t<td class=\"column-1\">Carmona M\u00e1rquez, Jose<\/td><td class=\"column-2\">Salud mental y consumo de drogas: Determinantes y medici\u00f3n psicol\u00f3gica<\/td><td class=\"column-3\">959218430<\/td><td class=\"column-4\"><a href=\"mailto:carmona@dpsi.uhu.es\" rel=\"noopener\" target=\"_blank\">carmona@dpsi.uhu.es<\/a><\/td>\n<\/tr>\n<tr class=\"row-5 odd\">\n\t<td class=\"column-1\">Contreras Llanes, Manuel<\/td><td class=\"column-2\">Valorizaci\u00f3n de Residuos Inorg\u00e1nicos y Radiactividad Ambiental<\/td><td class=\"column-3\">959219798<\/td><td class=\"column-4\"><a href=\"mailto:manuel.contreras@dfa.uhu.es\" rel=\"noopener\" target=\"_blank\">manuel.contreras@dfa.uhu.es<\/a><\/td>\n<\/tr>\n<\/tbody>\n<\/table>\n<!-- #tablepress-3 from cache -->\n\n\n<table id=\"tablepress-4\" class=\"tablepress tablepress-id-4\">\n<thead>\n<tr class=\"row-1 odd\">\n\t<th class=\"column-1\"><strong>D<\/strong><\/th><th class=\"column-2\"><\/th><th class=\"column-3\"><\/th><th class=\"column-4\"><\/th>\n<\/tr>\n<\/thead>\n<tbody class=\"row-hover\">\n<tr class=\"row-2 even\">\n\t<td class=\"column-1\">D\u00edaz Batanero, Mar\u00eda del Carmen<\/td><td class=\"column-2\">Salud mental y consumo de drogas: Determinantes y medici\u00f3n psicol\u00f3gica<\/td><td class=\"column-3\">959218428<\/td><td class=\"column-4\"><a href=\"mailto:carmen.diaz@dpsi.uhu.es\" rel=\"noopener\" target=\"_blank\">carmen.diaz@dpsi.uhu.es<\/a><\/td>\n<\/tr>\n<tr class=\"row-3 odd\">\n\t<td class=\"column-1\">Donaire Romero, Teodosio<\/td><td class=\"column-2\">Recursos Minerales<\/td><td class=\"column-3\">959210000<\/td><td class=\"column-4\"><a href=\"mailto:donaire@dgeo.uhu.es\" rel=\"noopener\" target=\"_blank\">donaire@dgeo.uhu.es<\/a><\/td>\n<\/tr>\n<tr class=\"row-4 even\">\n\t<td class=\"column-1\">Dos Santos, J\u00e9ssica<\/td><td class=\"column-2\">An\u00e1lisis Medio Ambiental, Bioan\u00e1lisis y Biotecnolog\u00eda <\/td><td class=\"column-3\">959210000<\/td><td class=\"column-4\"><a href=\"mailto:jessica.dossantos@dqcm.uhu.es\" rel=\"noopener\" target=\"_blank\">jessica.dossantos@dqcm.uhu.es<\/a><\/td>\n<\/tr>\n<\/tbody>\n<\/table>\n<!-- #tablepress-4 from cache -->\n\n\n<table id=\"tablepress-5\" class=\"tablepress tablepress-id-5\">\n<thead>\n<tr class=\"row-1 odd\">\n\t<th class=\"column-1\"><strong>F<\/strong><\/th><th class=\"column-2\"><\/th><th class=\"column-3\"><\/th><th class=\"column-4\"><\/th>\n<\/tr>\n<\/thead>\n<tbody class=\"row-hover\">\n<tr class=\"row-2 even\">\n\t<td class=\"column-1\">Fernandez Calder\u00f3n, Ferm\u00edn<\/td><td class=\"column-2\">Salud mental y consumo de drogas: Determinantes y medici\u00f3n psicol\u00f3gica<\/td><td class=\"column-3\">959218427<\/td><td class=\"column-4\"><a href=\"mailto:fermin.fernandez@dpces.uhu.es\" rel=\"noopener\" target=\"_blank\">fermin.fernandez@dpces.uhu.es<\/a><\/td>\n<\/tr>\n<tr class=\"row-3 odd\">\n\t<td class=\"column-1\">Fortes Garrido, Juan Carlos<\/td><td class=\"column-2\">Valorizaci\u00f3n de Residuos Inorg\u00e1nicos y Radiactividad Ambiental<\/td><td class=\"column-3\">959210000<\/td><td class=\"column-4\"><a href=\"mailto:jcfortes@dimme.uhu.es\" rel=\"noopener\" target=\"_blank\">jcfortes@dimme.uhu.es<\/a><\/td>\n<\/tr>\n<tr class=\"row-4 even\">\n\t<td class=\"column-1\">Fuentes L\u00f3pez, Jos\u00e9 Mar\u00eda<\/td><td class=\"column-2\">Geolog\u00eda y Gesti\u00f3n Ambiental de los Recursos Minerales<\/td><td class=\"column-3\">959219682<\/td><td class=\"column-4\"><a href=\"mailto:jose.fuentes@dct.uhu.es\" rel=\"noopener\" target=\"_blank\">jose.fuentes@dct.uhu.es<\/a><\/td>\n<\/tr>\n<\/tbody>\n<\/table>\n<!-- #tablepress-5 from cache -->\n\n\n<table id=\"tablepress-6\" class=\"tablepress tablepress-id-6\">\n<thead>\n<tr class=\"row-1 odd\">\n\t<th class=\"column-1\"><strong>G<\/strong><\/th><th class=\"column-2\"><\/th><th class=\"column-3\"><\/th><th class=\"column-4\"><\/th>\n<\/tr>\n<\/thead>\n<tbody class=\"row-hover\">\n<tr class=\"row-2 even\">\n\t<td class=\"column-1\">Garc\u00eda Barrera, Tamara<\/td><td class=\"column-2\">An\u00e1lisis Medio Ambiental y Bioan\u00e1lisis  <\/td><td class=\"column-3\">959219962<\/td><td class=\"column-4\"><a href=\"mailto:tamara.garcia@dqcm.uhu.es\" rel=\"noopener\" target=\"_blank\">tamara.garcia@dqcm.uhu.es<\/a><\/td>\n<\/tr>\n<tr class=\"row-3 odd\">\n\t<td class=\"column-1\">G\u00f3mez Ariza, Jos\u00e9 Luis<\/td><td class=\"column-2\">An\u00e1lisis Medio Ambiental y Bioan\u00e1lisis  <\/td><td class=\"column-3\">959219968<\/td><td class=\"column-4\"><a href=\"mailto:ariza@dqcm.uhu.es\" rel=\"noopener\" target=\"_blank\">ariza@dqcm.uhu.es<\/a><\/td>\n<\/tr>\n<tr class=\"row-4 even\">\n\t<td class=\"column-1\">Gonz\u00e1lez Barrionuevo, Felipe<\/td><td class=\"column-2\">Recursos Minerales<\/td><td class=\"column-3\">959210000<\/td><td class=\"column-4\"><a href=\"mailto:fbarrio@dgeo.uhu.es\" rel=\"noopener\" target=\"_blank\">fbarrio@dgeo.uhu.es<\/a><\/td>\n<\/tr>\n<tr class=\"row-5 odd\">\n\t<td class=\"column-1\">Guerrero M\u00e1rquez, Jos\u00e9 Lu\u00eds<\/td><td class=\"column-2\">Valorizaci\u00f3n de Residuos Inorg\u00e1nicos y Radiactividad Ambiental<\/td><td class=\"column-3\">959219798<\/td><td class=\"column-4\"><a href=\"mailto:joseluis.guerrero@dfa.uhu.es\" rel=\"noopener\" target=\"_blank\">joseluis.guerrero@dfa.uhu.es<\/a><\/td>\n<\/tr>\n<tr class=\"row-6 even\">\n\t<td class=\"column-1\">Guti\u00e9rrez \u00c1lvarez, Isidoro<\/td><td class=\"column-2\">Valorizaci\u00f3n de Residuos Inorg\u00e1nicos y Radiactividad Ambiental<\/td><td class=\"column-3\">959219798<\/td><td class=\"column-4\"><a href=\"mailto:isidoro.gutierrez@dfa.uhu.es\" rel=\"noopener\" target=\"_blank\">isidoro.gutierrez@dfa.uhu.es<\/a><\/td>\n<\/tr>\n<tr class=\"row-7 odd\">\n\t<td class=\"column-1\">Guti\u00e9rrez de San Miguel, Enrique<\/td><td class=\"column-2\">Valorizaci\u00f3n de Residuos Inorg\u00e1nicos y Radiactividad Ambiental<\/td><td class=\"column-3\">959219790<\/td><td class=\"column-4\"><a href=\"mailto:sanmigue@dfaie.uhu.es\" rel=\"noopener\" target=\"_blank\">sanmigue@dfaie.uhu.es<\/a><\/td>\n<\/tr>\n<\/tbody>\n<\/table>\n<!-- #tablepress-6 from cache -->\n\n\n<table id=\"tablepress-7\" class=\"tablepress tablepress-id-7\">\n<thead>\n<tr class=\"row-1 odd\">\n\t<th class=\"column-1\"><strong>H<\/strong><\/th><th class=\"column-2\"><\/th><th class=\"column-3\"><\/th><th class=\"column-4\"><\/th>\n<\/tr>\n<\/thead>\n<tbody class=\"row-hover\">\n<tr class=\"row-2 even\">\n\t<td class=\"column-1\">Hidalgo Fern\u00e1ndez, Pablo<\/td><td class=\"column-2\">Biolog\u00eda Ambiental<\/td><td class=\"column-3\">959219886<\/td><td class=\"column-4\"><a href=\"mailto:pablo.hidalgo@dbasp.uhu.es\" rel=\"noopener\" target=\"_blank\">pablo.hidalgo@dbasp.uhu.es<\/a><\/td>\n<\/tr>\n<\/tbody>\n<\/table>\n<!-- #tablepress-7 from cache -->\n\n\n<table id=\"tablepress-8\" class=\"tablepress tablepress-id-8\">\n<thead>\n<tr class=\"row-1 odd\">\n\t<th class=\"column-1\"><strong>L<\/strong><\/th><th class=\"column-2\"><\/th><th class=\"column-3\"><\/th><th class=\"column-4\"><\/th>\n<\/tr>\n<\/thead>\n<tbody class=\"row-hover\">\n<tr class=\"row-2 even\">\n\t<td class=\"column-1\">Le\u00f3n Ba\u00f1ares, Rosa Mar\u00eda<\/td><td class=\"column-2\">Mejora Gen\u00e9tica en Organismos Fotosint\u00e9ticos <\/td><td class=\"column-3\">959219951<\/td><td class=\"column-4\"><a href=\"mailto:rleon@pas.uhu.es\" rel=\"noopener\" target=\"_blank\">rleon@pas.uhu.es<\/a><\/td>\n<\/tr>\n<tr class=\"row-3 odd\">\n\t<td class=\"column-1\">Le\u00f3n Cortegano, Rafael<\/td><td class=\"column-2\">Mineralog\u00eda y Geoqu\u00edmica Ambiental<\/td><td class=\"column-3\">959219682<\/td><td class=\"column-4\"><a href=\"mailto:rafael.leon@dct.uhu.es\" rel=\"noopener\" target=\"_blank\">rafael.leon@dct.uhu.es<\/a><\/td>\n<\/tr>\n<tr class=\"row-4 even\">\n\t<td class=\"column-1\">Lorca Mar\u00edn, Jos\u00e9 \u00c1ndres<\/td><td class=\"column-2\">Epidemiolog\u00eda Cl\u00ednica, Ambiental y Transformaci\u00f3n Social<\/td><td class=\"column-3\">959218431<\/td><td class=\"column-4\"><a href=\"mailto:andres.lorca@dpsi.uhu.es\" rel=\"noopener\" target=\"_blank\">andres.lorca@dpsi.uhu.es<\/a><\/td>\n<\/tr>\n<tr class=\"row-5 odd\">\n\t<td class=\"column-1\">Lozano Rojas, Oscar M.<\/td><td class=\"column-2\">Salud mental y consumo de drogas: Determinantes y medici\u00f3n psicol\u00f3gica<\/td><td class=\"column-3\">959218438<\/td><td class=\"column-4\"><a href=\"mailto:oscar.lozano@dpsi.uhu.es\" rel=\"noopener\" target=\"_blank\">oscar.lozano@dpsi.uhu.es<\/a><\/td>\n<\/tr>\n<\/tbody>\n<\/table>\n<!-- #tablepress-8 from cache -->\n\n\n<table id=\"tablepress-9\" class=\"tablepress tablepress-id-9\">\n<thead>\n<tr class=\"row-1 odd\">\n\t<th class=\"column-1\"><strong>M<\/strong><\/th><th class=\"column-2\"><\/th><th class=\"column-3\"><\/th><th class=\"column-4\"><\/th>\n<\/tr>\n<\/thead>\n<tbody class=\"row-hover\">\n<tr class=\"row-2 even\">\n\t<td class=\"column-1\">Mac\u00edas Su\u00e1rez, Francisco<\/td><td class=\"column-2\">Mineralog\u00eda y Geoqu\u00edmica Ambiental<\/td><td class=\"column-3\">959219824<\/td><td class=\"column-4\"><a href=\"mailto:francisco.macias@dgeo.uhu.es\" rel=\"noopener\" target=\"_blank\">francisco.macias@dgeo.uhu.es<\/a><\/td>\n<\/tr>\n<tr class=\"row-3 odd\">\n\t<td class=\"column-1\">Mart\u00edn Dom\u00ednguez, Jose Enrique<\/td><td class=\"column-2\">Valorizaci\u00f3n de Residuos Inorg\u00e1nicos y Radiactividad Ambiental<\/td><td class=\"column-3\">959219784<\/td><td class=\"column-4\"><a href=\"mailto:jemartin@dfaie.uhu.es\" rel=\"noopener\" target=\"_blank\">jemartin@dfaie.uhu.es<\/a><\/td>\n<\/tr>\n<tr class=\"row-4 even\">\n\t<td class=\"column-1\">Mill\u00e1n Becerro, Ricardo<\/td><td class=\"column-2\">Mineralog\u00eda y Geoqu\u00edmica Ambiental<\/td><td class=\"column-3\">959219682<\/td><td class=\"column-4\"><a href=\"mailto:ricardo.millan@dct.uhu.es\" rel=\"noopener\" target=\"_blank\">ricardo.millan@dct.uhu.es<\/a><\/td>\n<\/tr>\n<tr class=\"row-5 odd\">\n\t<td class=\"column-1\">Moreno Garrido, Carmen<\/td><td class=\"column-2\">Recursos Minerales\t<\/td><td class=\"column-3\">959210000<\/td><td class=\"column-4\"><a href=\"mailto:carmor@dgeo.uhu.es\" rel=\"noopener\" target=\"_blank\">carmor@dgeo.uhu.es<\/a><\/td>\n<\/tr>\n<tr class=\"row-6 even\">\n\t<td class=\"column-1\">Moreno Gonz\u00e1lez, Ra\u00fal<\/td><td class=\"column-2\">Mineralog\u00eda y Geoqu\u00edmica Ambiental<\/td><td class=\"column-3\">959219826<\/td><td class=\"column-4\"><a href=\"mailto:raul.moreno@dct.uhu.es\" rel=\"noopener\" target=\"_blank\">raul.moreno@dct.uhu.es<\/td>\n<\/tr>\n<tr class=\"row-7 odd\">\n\t<td class=\"column-1\">Mosqueda Pena, Fernando<\/td><td class=\"column-2\">Valorizaci\u00f3n de Residuos Inorg\u00e1nicos y Radiactividad Ambiental<\/td><td class=\"column-3\">959219795<\/td><td class=\"column-4\"><a href=\"mailto:fernando.mosqueda@dfa.uhu.es\" rel=\"noopener\" target=\"_blank\">fernando.mosqueda@dfa.uhu.es<\/a><\/td>\n<\/tr>\n<tr class=\"row-8 even\">\n\t<td class=\"column-1\">Mu\u00f1oz Rodr\u00edguez, Adolfo<\/td><td class=\"column-2\">Alteraciones Celulares por Agentes Ex\u00f3genos<\/td><td class=\"column-3\">959219668<\/td><td class=\"column-4\"><a href=\"mailto:adolfo.munoz@dbasp.uhu.es\" rel=\"noopener\" target=\"_blank\">adolfo.munoz@dbasp.uhu.es<\/a><\/td>\n<\/tr>\n<\/tbody>\n<\/table>\n<!-- #tablepress-9 from cache -->\n\n\n<table id=\"tablepress-10\" class=\"tablepress tablepress-id-10\">\n<thead>\n<tr class=\"row-1 odd\">\n\t<th class=\"column-1\"><strong>N<\/strong><\/th><th class=\"column-2\"><\/th><th class=\"column-3\"><\/th><th class=\"column-4\"><\/th>\n<\/tr>\n<\/thead>\n<tbody class=\"row-hover\">\n<tr class=\"row-2 even\">\n\t<td class=\"column-1\">Navarro Rold\u00e1n, Francisco<\/td><td class=\"column-2\">Alteraciones Celulares por Agentes Ex\u00f3genos<\/td><td class=\"column-3\">959219880<\/td><td class=\"column-4\"><a href=\"mailto:fnavarro@dbasp.uhu.es\" rel=\"noopener\" target=\"_blank\">fnavarro@dbasp.uhu.es<\/a><\/td>\n<\/tr>\n<tr class=\"row-3 odd\">\n\t<td class=\"column-1\">Nieto Li\u00f1an, Jos\u00e9 Miguel<\/td><td class=\"column-2\">Mineralog\u00eda y Geoqu\u00edmica Ambiental<\/td><td class=\"column-3\">959219811<\/td><td class=\"column-4\"><a href=\"mailto:jmnieto@dgeo.uhu.es\" rel=\"noopener\" target=\"_blank\">jmnieto@dgeo.uhu.es<\/a><\/td>\n<\/tr>\n<\/tbody>\n<\/table>\n<!-- #tablepress-10 from cache -->\n\n\n<table id=\"tablepress-11\" class=\"tablepress tablepress-id-11\">\n<thead>\n<tr class=\"row-1 odd\">\n\t<th class=\"column-1\"><strong>O<\/strong><\/th><th class=\"column-2\"><\/th><th class=\"column-3\"><\/th><th class=\"column-4\"><\/th>\n<\/tr>\n<\/thead>\n<tbody class=\"row-hover\">\n<tr class=\"row-2 even\">\n\t<td class=\"column-1\">Ol\u00edas \u00c1lvarez, Manuel<\/td><td class=\"column-2\">Mineralog\u00eda y Geoqu\u00edmica Ambiental<\/td><td class=\"column-3\">959219864<\/td><td class=\"column-4\"><a href=\"mailto:manuel.olias@dgyp.uhu.es\" rel=\"noopener\" target=\"_blank\">manuel.olias@dgyp.uhu.es<\/a><\/td>\n<\/tr>\n<tr class=\"row-3 odd\">\n\t<td class=\"column-1\">Orden Carrasco, Salud<\/td><td class=\"column-2\">Mineralog\u00eda y Geoqu\u00edmica Ambiental<\/td><td class=\"column-3\">959219826<\/td><td class=\"column-4\"><a href=\"mailto:salud.orden@dct.uhu.es\" rel=\"noopener\" target=\"_blank\">salud.orden@dct.uhu.es<\/a><\/td>\n<\/tr>\n<\/tbody>\n<\/table>\n<!-- #tablepress-11 from cache -->\n\n\n<table id=\"tablepress-12\" class=\"tablepress tablepress-id-12\">\n<thead>\n<tr class=\"row-1 odd\">\n\t<th class=\"column-1\"><strong>P<\/strong><\/th><th class=\"column-2\"><\/th><th class=\"column-3\"><\/th><th class=\"column-4\"><\/th>\n<\/tr>\n<\/thead>\n<tbody class=\"row-hover\">\n<tr class=\"row-2 even\">\n\t<td class=\"column-1\">Paz G\u00f3mez, Daniela<\/td><td class=\"column-2\">Valorizaci\u00f3n de Residuos Inorg\u00e1nicos y Radiactividad Ambiental<\/td><td class=\"column-3\">959219798<\/td><td class=\"column-4\"><a href=\"mailto:daniela.paz@dci.uhu.es\" rel=\"noopener\" target=\"_blank\">daniela.paz@dci.uhu.es<\/a><\/td>\n<\/tr>\n<tr class=\"row-3 odd\">\n\t<td class=\"column-1\">P\u00e9rez L\u00f3pez, Rafael<\/td><td class=\"column-2\">Mineralog\u00eda y Geoqu\u00edmica Ambiental<\/td><td class=\"column-3\">959219819<\/td><td class=\"column-4\"><a href=\"mailto:rafael.perez@dgeo.uhu.es\" rel=\"noopener\" target=\"_blank\">rafael.perez@dgeo.uhu.es<\/a><\/td>\n<\/tr>\n<tr class=\"row-4 even\">\n\t<td class=\"column-1\">P\u00e9rez Moreno, Pedro Juan<\/td><td class=\"column-2\">Salud mental y consumo de drogas: Determinantes y medici\u00f3n psicol\u00f3gica<\/td><td class=\"column-3\">959219375<\/td><td class=\"column-4\"><a href=\"mailto:pedro.perez@dpsi.uhu.es\" rel=\"noopener\" target=\"_blank\">pedro.perez@dpsi.uhu.es<\/a><\/td>\n<\/tr>\n<tr class=\"row-5 odd\">\n\t<td class=\"column-1\">P\u00e9rez Moreno, Silvia<\/td><td class=\"column-2\">Valorizaci\u00f3n de Residuos Inorg\u00e1nicos y Radiactividad Ambiental<\/td><td class=\"column-3\">959219798<\/td><td class=\"column-4\"><a href=\"mailto:silvia.perez@dci.uhu.es\" rel=\"noopener\" target=\"_blank\">silvia.perez@dci.uhu.es<\/a><\/td>\n<\/tr>\n<tr class=\"row-6 even\">\n\t<td class=\"column-1\">Prenda Mar\u00edn, Jos\u00e9<\/td><td class=\"column-2\">Valorizaci\u00f3n de Residuos Inorg\u00e1nicos y Radiactividad Ambiental<\/td><td class=\"column-3\">959219888<\/td><td class=\"column-4\"><a href=\"mailto:jprenda@uhu.es\" rel=\"noopener\" target=\"_blank\">jprenda@uhu.es<\/a><\/td>\n<\/tr>\n<\/tbody>\n<\/table>\n<!-- #tablepress-12 from cache -->\n\n\n<table id=\"tablepress-13\" class=\"tablepress tablepress-id-13\">\n<thead>\n<tr class=\"row-1 odd\">\n\t<th class=\"column-1\"><strong>R<\/strong><\/th><th class=\"column-2\"><\/th><th class=\"column-3\"><\/th><th class=\"column-4\"><\/th>\n<\/tr>\n<\/thead>\n<tbody class=\"row-hover\">\n<tr class=\"row-2 even\">\n\t<td class=\"column-1\">Ram\u00edrez Acosta, Sara<\/td><td class=\"column-2\">An\u00e1lisis Medio Ambiental y Bioan\u00e1lisis <\/td><td class=\"column-3\">959219033<\/td><td class=\"column-4\"><a href=\"mailto:sara.ramirez@dqcm.uhu.es\" rel=\"noopener\" target=\"_blank\">sara.ramirez@dqcm.uhu.es<\/a><\/td>\n<\/tr>\n<tr class=\"row-3 odd\">\n\t<td class=\"column-1\">Rivera de los Santos, Francisco<\/td><td class=\"column-2\">Salud mental y consumo de drogas: Determinantes y medici\u00f3n psicol\u00f3gica<\/td><td class=\"column-3\">959218427<\/td><td class=\"column-4\"><a href=\"mailto:francisco.rivera@dpsi.uhu.es\" rel=\"noopener\" target=\"_blank\">francisco.rivera@dpsi.uhu.es<\/a><\/td>\n<\/tr>\n<tr class=\"row-4 even\">\n\t<td class=\"column-1\">Rodr\u00edguez Moro, Gema<\/td><td class=\"column-2\">An\u00e1lisis Medio Ambiental y Bioan\u00e1lisis <\/td><td class=\"column-3\">959219033<\/td><td class=\"column-4\"><a href=\"mailto:gema.moro@dqcm.uhu.es\" rel=\"noopener\" target=\"_blank\">gema.moro@dqcm.uhu.es<\/a><\/td>\n<\/tr>\n<tr class=\"row-5 odd\">\n\t<td class=\"column-1\">Ru\u00edz C\u00e1novas, Carlos<\/td><td class=\"column-2\">Mineralog\u00eda y Geoqu\u00edmica Ambiental<\/td><td class=\"column-3\">959219824<\/td><td class=\"column-4\"><a href=\"mailto:carlos.ruiz@dgeo.uhu.es\" rel=\"noopener\" target=\"_blank\">carlos.ruiz@dgeo.uhu.es<\/a><\/td>\n<\/tr>\n<tr class=\"row-6 even\">\n\t<td class=\"column-1\">Ruiz de Almod\u00f3var Sel, Gabriel<\/td><td class=\"column-2\">Recursos Minerales<\/td><td class=\"column-3\">959210000<\/td><td class=\"column-4\"><a href=\"mailto:almodovar@dgeo.uhu.es\" rel=\"noopener\" target=\"_blank\">almodovar@dgeo.uhu.es<\/a><\/td>\n<\/tr>\n<\/tbody>\n<\/table>\n<!-- #tablepress-13 from cache -->\n\n\n<table id=\"tablepress-14\" class=\"tablepress tablepress-id-14\">\n<thead>\n<tr class=\"row-1 odd\">\n\t<th class=\"column-1\"><strong>S<\/strong><\/th><th class=\"column-2\"><\/th><th class=\"column-3\"><\/th><th class=\"column-4\"><\/th>\n<\/tr>\n<\/thead>\n<tbody class=\"row-hover\">\n<tr class=\"row-2 even\">\n\t<td class=\"column-1\">S\u00e1ez Ramos, Reinaldo<\/td><td class=\"column-2\">Recursos Minerales<\/td><td class=\"column-3\">959210000<\/td><td class=\"column-4\"><a href=\"mailto:saez@dgeo.uhu.es\" rel=\"noopener\" target=\"_blank\">saez@dgeo.uhu.es<\/a><\/td>\n<\/tr>\n<tr class=\"row-3 odd\">\n\t<td class=\"column-1\">S\u00e1nchez Garc\u00eda, Manuel<\/td><td class=\"column-2\">Salud mental y consumo de drogas: Determinantes y medici\u00f3n psicol\u00f3gica<\/td><td class=\"column-3\">959218429<\/td><td class=\"column-4\"><a href=\"mailto:msanchez@dpsi.uhu.es\" rel=\"noopener\" target=\"_blank\">msanchez@dpsi.uhu.es<\/a><\/td>\n<\/tr>\n<tr class=\"row-4 even\">\n\t<td class=\"column-1\">S\u00e1nchez S\u00e1nchez, Rafael<\/td><td class=\"column-2\">Valorizaci\u00f3n de Residuos Inorg\u00e1nicos y Radiactividad Ambiental<\/td><td class=\"column-3\">959217454<\/td><td class=\"column-4\"><a href=\"mailto:rafael.sanchez@dimme.uhu.es\" rel=\"noopener\" target=\"_blank\">rafael.sanchez@dimme.uhu.es<\/a><\/td>\n<\/tr>\n<\/tbody>\n<\/table>\n<!-- #tablepress-14 from cache -->\n\n\n<table id=\"tablepress-15\" class=\"tablepress tablepress-id-15\">\n<thead>\n<tr class=\"row-1 odd\">\n\t<th class=\"column-1\"><strong>T<\/strong><\/th><th class=\"column-2\"><\/th><th class=\"column-3\"><\/th><th class=\"column-4\"><\/th>\n<\/tr>\n<\/thead>\n<tbody class=\"row-hover\">\n<tr class=\"row-2 even\">\n\t<td class=\"column-1\">Torronteras Santiago, Rafael<\/td><td class=\"column-2\">Biolog\u00eda Ambiental<\/td><td class=\"column-3\">959219891 \/ 959219937<\/td><td class=\"column-4\"><a href=\"mailto:torronte@dcaf.uhu.es\" rel=\"noopener\" target=\"_blank\">torronte@dcaf.uhu.es<\/a><\/td>\n<\/tr>\n<\/tbody>\n<\/table>\n<!-- #tablepress-15 from cache -->\n\n\n<table id=\"tablepress-16\" class=\"tablepress tablepress-id-16\">\n<thead>\n<tr class=\"row-1 odd\">\n\t<th class=\"column-1\"><strong>V<\/strong><\/th><th class=\"column-2\"><\/th><th class=\"column-3\"><\/th><th class=\"column-4\"><\/th>\n<\/tr>\n<\/thead>\n<tbody class=\"row-hover\">\n<tr class=\"row-2 even\">\n\t<td class=\"column-1\">V\u00e9lez P\u00e9rez, Rafael de F\u00e1tima<\/td><td class=\"column-2\">An\u00e1lisis Medio Ambiental y Bioan\u00e1lisis <\/td><td class=\"column-3\">959219033<\/td><td class=\"column-4\"><a href=\"mailto:rafael.velez@dqcm.uhu.es\" rel=\"noopener\" target=\"_blank\">rafael.velez@dqcm.uhu.es<\/a><\/td>\n<\/tr>\n<tr class=\"row-3 odd\">\n\t<td class=\"column-1\">Vigara Fern\u00e1ndez, Javier<\/td><td class=\"column-2\">Mejora Gen\u00e9tica en Organismos Fotosint\u00e9ticos<\/td><td class=\"column-3\">959219949<\/td><td class=\"column-4\"><a href=\"mailto:vigara@uhu.es\" rel=\"noopener\" target=\"_blank\">vigara@uhu.es<\/a><\/td>\n<\/tr>\n<\/tbody>\n<\/table>\n<!-- #tablepress-16 from cache -->\n\n\n<table id=\"tablepress-17\" class=\"tablepress tablepress-id-17\">\n<thead>\n<tr class=\"row-1 odd\">\n\t<th class=\"column-1\"><strong>Y<\/strong><\/th><th class=\"column-2\"><\/th><th class=\"column-3\"><\/th><th class=\"column-4\"><\/th>\n<\/tr>\n<\/thead>\n<tbody class=\"row-hover\">\n<tr class=\"row-2 even\">\n\t<td class=\"column-1\">Yesares Ortiz, Mar\u00eda Dolores<\/td><td class=\"column-2\">Recursos Minerales<\/td><td class=\"column-3\">959210000<\/td><td class=\"column-4\"><a href=\"mailto:lola.yesares@dgeo.uhu.es\" rel=\"noopener\" target=\"_blank\">lola.yesares@dgeo.uhu.es<\/a><\/td>\n<\/tr>\n<\/tbody>\n<\/table>\n<!-- #tablepress-17 from cache -->","protected":false},"excerpt":{"rendered":"","protected":false},"author":2,"featured_media":0,"parent":0,"menu_order":0,"comment_status":"closed","ping_status":"closed","template":"","meta":{"site-sidebar-layout":"default","site-content-layout":"","ast-site-content-layout":"","site-content-style":"default","site-sidebar-style":"default","ast-global-header-display":"","ast-banner-title-visibility":"","ast-main-header-display":"","ast-hfb-above-header-display":"","ast-hfb-below-header-display":"","ast-hfb-mobile-header-display":"","site-post-title":"","ast-breadcrumbs-content":"","ast-featured-img":"","footer-sml-layout":"","theme-transparent-header-meta":"","adv-header-id-meta":"","stick-header-meta":"","header-above-stick-meta":"","header-main-stick-meta":"","header-below-stick-meta":"","astra-migrate-meta-layouts":"","footnotes":""},"_links":{"self":[{"href":"https:\/\/www.uhu.es\/rensma\/wp-json\/wp\/v2\/pages\/1269"}],"collection":[{"href":"https:\/\/www.uhu.es\/rensma\/wp-json\/wp\/v2\/pages"}],"about":[{"href":"https:\/\/www.uhu.es\/rensma\/wp-json\/wp\/v2\/types\/page"}],"author":[{"embeddable":true,"href":"https:\/\/www.uhu.es\/rensma\/wp-json\/wp\/v2\/users\/2"}],"replies":[{"embeddable":true,"href":"https:\/\/www.uhu.es\/rensma\/wp-json\/wp\/v2\/comments?post=1269"}],"version-history":[{"count":2,"href":"https:\/\/www.uhu.es\/rensma\/wp-json\/wp\/v2\/pages\/1269\/revisions"}],"predecessor-version":[{"id":4698,"href":"https:\/\/www.uhu.es\/rensma\/wp-json\/wp\/v2\/pages\/1269\/revisions\/4698"}],"wp:attachment":[{"href":"https:\/\/www.uhu.es\/rensma\/wp-json\/wp\/v2\/media?parent=1269"}],"curies":[{"name":"wp","href":"https:\/\/api.w.org\/{rel}","templated":true}]}}