{"id":1489,"date":"2019-09-29T01:43:33","date_gmt":"2019-09-28T23:43:33","guid":{"rendered":"http:\/\/www.uhu.es\/rensma\/?page_id=1489"},"modified":"2025-06-10T08:51:45","modified_gmt":"2025-06-10T06:51:45","slug":"colaboraciones-neuro","status":"publish","type":"page","link":"https:\/\/www.uhu.es\/rensma\/colaboraciones-neuro\/","title":{"rendered":"Colaboraciones"},"content":{"rendered":"\n<div class=\"wp-block-cover alignfull is-light\"><span aria-hidden=\"true\" class=\"wp-block-cover__background has-background-dim\"><\/span><img decoding=\"async\" loading=\"lazy\" width=\"940\" height=\"300\" class=\"wp-block-cover__image-background wp-image-806\" alt=\"\" src=\"https:\/\/www.uhu.es\/rensma\/wp-content\/uploads\/2019\/06\/Slider.jpg\" data-object-fit=\"cover\" srcset=\"https:\/\/www.uhu.es\/rensma\/wp-content\/uploads\/2019\/06\/Slider.jpg 940w, https:\/\/www.uhu.es\/rensma\/wp-content\/uploads\/2019\/06\/Slider-300x96.jpg 300w, https:\/\/www.uhu.es\/rensma\/wp-content\/uploads\/2019\/06\/Slider-768x245.jpg 768w\" sizes=\"(max-width: 940px) 100vw, 940px\" \/><div class=\"wp-block-cover__inner-container is-layout-constrained wp-block-cover-is-layout-constrained\">\n<p class=\"has-text-align-center has-large-font-size\"><\/p>\n\n\n\n<div style=\"height:100px\" aria-hidden=\"true\" class=\"wp-block-spacer\"><\/div>\n<\/div><\/div>\n\n\n\n<h1 class=\"wp-block-heading has-text-align-center\" style=\"margin-top:var(--wp--preset--spacing--70)\">Colaboraciones<\/h1>\n\n\n\n<h3 class=\"wp-block-heading has-text-align-center\" style=\"text-transform:capitalize\"><strong>Unidad de Epidemiolog\u00eda Cl\u00ednica, Ambiental y Transformaci\u00f3n Social<\/strong><\/h3>\n\n\n\n<div class=\"wp-block-columns is-layout-flex wp-container-6 wp-block-columns-is-layout-flex\">\n<div class=\"wp-block-column is-layout-flow wp-block-column-is-layout-flow\" style=\"flex-basis:33.33%\">\n<p class=\"has-ast-global-color-5-color has-ast-global-color-0-background-color has-text-color has-background\">Men\u00fa laboratorio<\/p>\n\n\n<nav class=\" is-vertical wp-block-navigation is-layout-flex wp-container-3 wp-block-navigation-is-layout-flex\" aria-label=\"Menu NEURO\"><ul class=\"wp-block-navigation__container  is-vertical wp-block-navigation\"><li class=\" wp-block-navigation-item wp-block-navigation-link\"><a class=\"wp-block-navigation-item__content\"  href=\"https:\/\/www.uhu.es\/rensma\/presentacion-neuro\/\"><span class=\"wp-block-navigation-item__label\">Presentaci\u00f3n<\/span><\/a><\/li><li class=\" wp-block-navigation-item wp-block-navigation-link\"><a class=\"wp-block-navigation-item__content\"  href=\"https:\/\/www.uhu.es\/rensma\/lineas-de-investigacion-neuro\/\"><span class=\"wp-block-navigation-item__label\">L\u00edneas de Investigaci\u00f3n<\/span><\/a><\/li><li class=\" wp-block-navigation-item wp-block-navigation-link\"><a class=\"wp-block-navigation-item__content\"  href=\"https:\/\/www.uhu.es\/rensma\/miembros-neuro\/\"><span class=\"wp-block-navigation-item__label\">Miembros<\/span><\/a><\/li><li class=\" wp-block-navigation-item wp-block-navigation-link\"><a class=\"wp-block-navigation-item__content\"  href=\"https:\/\/www.uhu.es\/rensma\/proyectos-neuro\/\"><span class=\"wp-block-navigation-item__label\">Proyectos<\/span><\/a><\/li><li class=\" wp-block-navigation-item wp-block-navigation-link\"><a class=\"wp-block-navigation-item__content\"  href=\"https:\/\/www.uhu.es\/rensma\/publicaciones-neuro\/\"><span class=\"wp-block-navigation-item__label\">Publicaciones<\/span><\/a><\/li><li class=\" wp-block-navigation-item wp-block-navigation-link\"><a class=\"wp-block-navigation-item__content\"  href=\"https:\/\/www.uhu.es\/rensma\/infraestructuras-neuro\/\"><span class=\"wp-block-navigation-item__label\">Infraestructuras<\/span><\/a><\/li><li class=\" wp-block-navigation-item wp-block-navigation-link\"><a class=\"wp-block-navigation-item__content\"  href=\"https:\/\/www.uhu.es\/rensma\/colaboraciones-neuro\/\"><span class=\"wp-block-navigation-item__label\">Colaboraciones<\/span><\/a><\/li><li class=\" wp-block-navigation-item wp-block-navigation-link\"><a class=\"wp-block-navigation-item__content\"  href=\"https:\/\/www.uhu.es\/rensma\"><span class=\"wp-block-navigation-item__label\">\u226a Volver &#8230;<\/span><\/a><\/li><\/ul><\/nav><\/div>\n\n\n\n<div class=\"wp-block-column is-layout-flow wp-block-column-is-layout-flow\" style=\"flex-basis:66.66%\">\n<p><strong>Servicio Provincial de Drogodependencias de Huelva<br><\/strong><a href=\"http:\/\/www.diphuelva.es\/SPDA\/\">http:\/\/www.diphuelva.es\/SPDA\/<\/a><\/p>\n\n\n\n<p><strong>Hospital Juan Ram\u00f3n Jim\u00e9nez de Huelva<\/strong><br><a href=\"http:\/\/ahjuanramonjimenez.es\/\">http:\/\/ahjuanramonjimenez.es\/<\/a><\/p>\n\n\n\n<p><strong>Observatorio Andaluz de Drogas y Adicciones<\/strong><br><a href=\"https:\/\/www.juntadeandalucia.es\/organismos\/igualdadpoliticassocialesyconciliacion\/consejeria\/organos-colegiados\/62120.html\">https:\/\/www.juntadeandalucia.es\/organismos\/igualdadpoliticassocialesyconciliacion\/consejeria\/organos-colegiados\/62120.html<\/a><\/p>\n\n\n\n<p><strong>Agencia de Servicios Sociales y Dependencia de Andaluc\u00eda<\/strong><br><a href=\"http:\/\/www.juntadeandalucia.es\/agenciadeserviciossocialesydependencia\">http:\/\/www.juntadeandalucia.es\/agenciadeserviciossocialesydependencia<\/a><\/p>\n\n\n\n<p><strong>Escuela Andaluza de Salud P\u00fablica<\/strong><br><a href=\"https:\/\/www.easp.es\/\">https:\/\/www.easp.es\/<\/a><\/p>\n\n\n\n<p><strong>PETROECUADOR (Empresa P\u00fablica de Hidrocarburos del Ecuador)<\/strong><br><a href=\"https:\/\/www.eppetroecuador.ec\/\">https:\/\/www.eppetroecuador.ec\/<\/a><\/p>\n\n\n\n<p><strong>SEREN (Servicio de Evaluaci\u00f3n y Tratamiento Neuropsicolog\u00edco)<\/strong><br><a href=\"http:\/\/www.seren.es\">http:\/\/www.seren.es<\/a><\/p>\n\n\n\n<p><strong>Centro de Atenci\u00f3n Infantil Temprana CAIT ASPROMIN<\/strong><br><a href=\"http:\/\/www.aspromin.org\/Centros-y-Servicios\/Centro-de-Atencion-Infantil-Temprana\/\">http:\/\/www.aspromin.org\/Centros-y-Servicios\/Centro-de-Atencion-Infantil-Temprana\/<\/a><\/p>\n\n\n\n<p><strong>Plena Inclusi\u00f3n (antigua FEAPS)<\/strong><br><a href=\"http:\/\/www.plenainclusionandalucia.org\">http:\/\/www.plenainclusionandalucia.org<\/a><\/p>\n<\/div>\n<\/div>\n","protected":false},"excerpt":{"rendered":"<p>Colaboraciones Unidad de Epidemiolog\u00eda Cl\u00ednica, Ambiental y Transformaci\u00f3n Social Servicio Provincial de Drogodependencias de Huelvahttp:\/\/www.diphuelva.es\/SPDA\/ Hospital Juan Ram\u00f3n Jim\u00e9nez de Huelvahttp:\/\/ahjuanramonjimenez.es\/ Observatorio Andaluz de Drogas y Adiccioneshttps:\/\/www.juntadeandalucia.es\/organismos\/igualdadpoliticassocialesyconciliacion\/consejeria\/organos-colegiados\/62120.html Agencia de Servicios Sociales y Dependencia de Andaluc\u00edahttp:\/\/www.juntadeandalucia.es\/agenciadeserviciossocialesydependencia Escuela Andaluza de Salud P\u00fablicahttps:\/\/www.easp.es\/ PETROECUADOR (Empresa P\u00fablica de Hidrocarburos del Ecuador)https:\/\/www.eppetroecuador.ec\/ SEREN (Servicio de Evaluaci\u00f3n y Tratamiento Neuropsicolog\u00edco)http:\/\/www.seren.es Centro &hellip;<\/p>\n<p class=\"read-more\"> <a class=\"\" href=\"https:\/\/www.uhu.es\/rensma\/colaboraciones-neuro\/\"> <span class=\"screen-reader-text\">Colaboraciones<\/span> Leer m\u00e1s &raquo;<\/a><\/p>\n","protected":false},"author":2,"featured_media":0,"parent":0,"menu_order":0,"comment_status":"closed","ping_status":"closed","template":"","meta":{"site-sidebar-layout":"default","site-content-layout":"","ast-site-content-layout":"","site-content-style":"default","site-sidebar-style":"default","ast-global-header-display":"","ast-banner-title-visibility":"","ast-main-header-display":"","ast-hfb-above-header-display":"","ast-hfb-below-header-display":"","ast-hfb-mobile-header-display":"","site-post-title":"","ast-breadcrumbs-content":"","ast-featured-img":"","footer-sml-layout":"","theme-transparent-header-meta":"","adv-header-id-meta":"","stick-header-meta":"","header-above-stick-meta":"","header-main-stick-meta":"","header-below-stick-meta":"","astra-migrate-meta-layouts":"","footnotes":""},"_links":{"self":[{"href":"https:\/\/www.uhu.es\/rensma\/wp-json\/wp\/v2\/pages\/1489"}],"collection":[{"href":"https:\/\/www.uhu.es\/rensma\/wp-json\/wp\/v2\/pages"}],"about":[{"href":"https:\/\/www.uhu.es\/rensma\/wp-json\/wp\/v2\/types\/page"}],"author":[{"embeddable":true,"href":"https:\/\/www.uhu.es\/rensma\/wp-json\/wp\/v2\/users\/2"}],"replies":[{"embeddable":true,"href":"https:\/\/www.uhu.es\/rensma\/wp-json\/wp\/v2\/comments?post=1489"}],"version-history":[{"count":6,"href":"https:\/\/www.uhu.es\/rensma\/wp-json\/wp\/v2\/pages\/1489\/revisions"}],"predecessor-version":[{"id":6101,"href":"https:\/\/www.uhu.es\/rensma\/wp-json\/wp\/v2\/pages\/1489\/revisions\/6101"}],"wp:attachment":[{"href":"https:\/\/www.uhu.es\/rensma\/wp-json\/wp\/v2\/media?parent=1489"}],"curies":[{"name":"wp","href":"https:\/\/api.w.org\/{rel}","templated":true}]}}