{"id":190,"date":"2019-04-04T08:28:49","date_gmt":"2019-04-04T06:28:49","guid":{"rendered":"http:\/\/www.uhu.es\/rensma\/?page_id=190"},"modified":"2023-10-18T12:15:29","modified_gmt":"2023-10-18T10:15:29","slug":"objetivos","status":"publish","type":"page","link":"https:\/\/www.uhu.es\/rensma\/objetivos\/","title":{"rendered":"Objetivos"},"content":{"rendered":"\n<div class=\"wp-block-cover alignfull is-light\"><span aria-hidden=\"true\" class=\"wp-block-cover__background has-background-dim\"><\/span><img decoding=\"async\" loading=\"lazy\" width=\"940\" height=\"300\" class=\"wp-block-cover__image-background wp-image-806\" alt=\"\" src=\"https:\/\/www.uhu.es\/rensma\/wp-content\/uploads\/2019\/06\/Slider.jpg\" data-object-fit=\"cover\" srcset=\"https:\/\/www.uhu.es\/rensma\/wp-content\/uploads\/2019\/06\/Slider.jpg 940w, https:\/\/www.uhu.es\/rensma\/wp-content\/uploads\/2019\/06\/Slider-300x96.jpg 300w, https:\/\/www.uhu.es\/rensma\/wp-content\/uploads\/2019\/06\/Slider-768x245.jpg 768w\" sizes=\"(max-width: 940px) 100vw, 940px\" \/><div class=\"wp-block-cover__inner-container is-layout-constrained wp-block-cover-is-layout-constrained\">\n<p class=\"has-text-align-center has-large-font-size\"><\/p>\n\n\n\n<div style=\"height:100px\" aria-hidden=\"true\" class=\"wp-block-spacer\"><\/div>\n<\/div><\/div>\n\n\n\n<div style=\"height:100px\" aria-hidden=\"true\" class=\"wp-block-spacer\"><\/div>\n\n\n\n<h1 class=\"wp-block-heading has-text-align-center\">Objetivos<\/h1>\n\n\n\n<p>Los objetivos del RENSMA se han configurado considerando la posici\u00f3n de Europa respecto a los programas de I+D+I, especialmente a trav\u00e9s de los objetivos estrat\u00e9gicos del Horizonte 2020. Podr\u00edamos decir que el camino de la investigaci\u00f3n pasa por lograr el desarrollo de una <strong>Ciencia de Excelencia <\/strong>que refuerce la posici\u00f3n Europa, y yo a\u00f1adir\u00eda de Espa\u00f1a y de nuestro entorno pr\u00f3ximo en el panorama cient\u00edfico mundial. Junto al proyecto de \u201c<strong>Hacer m\u00e1s Ciencia<\/strong>\u201d hay que poner otro estrechamente relacionado que es el \u201c<strong>Desarrollo de nuevas Tecnolog\u00edas<\/strong>\u201d, que permitan el incremento de la competitividad y el impulso de nuevas econom\u00edas.<\/p>\n\n\n\n<h2 class=\"wp-block-heading\">Estrategias y l\u00edneas de acci\u00f3n<\/h2>\n\n\n\n<p>Por todo ello el RENSMA ha orientado sus estrategias y l\u00edneas de acci\u00f3n prioritarias de acuerdo con las siguientes premisas:<\/p>\n\n\n\n<ul>\n<li>La explotaci\u00f3n de los recursos existentes, su transformaci\u00f3n y explotaci\u00f3n sostenible, mediante consorcios con PYMEs innovadoras que permitan la socializaci\u00f3n de la ciencia y su proyecci\u00f3n a nivel nacional e internacional en una clara configuraci\u00f3n bottom-up.<\/li>\n\n\n\n<li>Atender a las propuestas de los programas europeos de desarrollo I+D+I de \u201c<strong>Investigar en las grandes cuestiones que afectan a los ciudadanos europeos\u201d <\/strong>orient\u00e1ndose en \u00e1reas esenciales como la salud, la alimentaci\u00f3n, las materias primas, el medio ambiente, y la sostenibilidad de nuestro sistema productivo. Este es uno de los objetivos m\u00e1s importante para el RENSMA, que persigue desarrollar una ciencia dirigida al avance del conocimiento, pero de forma especial a <strong>resolver problemas concretos de los ciudadanos<\/strong>, como la diagnosis de enfermedades muy agresivas, el envejecimiento, los alimentos saludables, las materias primas, los recursos para las nuevas tecnolog\u00edas, la transformaci\u00f3n de residuos, y el medioambiente sostenible.<\/li>\n\n\n\n<li>Considerar las prioridades cient\u00edfico-t\u00e9cnicas y sociales del Plan Estatal de Investigaci\u00f3n Cient\u00edfico, T\u00e9cnica y de Innovaci\u00f3n del Ministerio de Econom\u00eda y Competitividad (MINECO). Que incorpora como Grandes Retos de nuestra sociedad la salud y el bienestar, la seguridad y calidad alimentarias, los recursos naturales, investigaci\u00f3n marina y mar\u00edtima, el cambio clim\u00e1tico y la eficiencia en la utilizaci\u00f3n de recursos y materias primas.<\/li>\n\n\n\n<li>Tener en cuenta las estrategias de la Comunidad Aut\u00f3noma de Andaluc\u00eda a trav\u00e9s del Plan de Investigaci\u00f3n, Desarrollo e Innovaci\u00f3n 2020 (PAIDI 2020) en cuanto a la excelencia investigadora y el papel de la investigaci\u00f3n para mantener el liderazgo industrial y alcanzar los retos sociales, identificando como prioridades para Andaluc\u00eda entre otras, los recursos end\u00f3genos de base territorial, la salud y bienestar social, la agroindustria y alimentaci\u00f3n saludable y la protecci\u00f3n del medio ambiente.<\/li>\n\n\n\n<li>Considerar, asimismo las distintas estrategias de investigaci\u00f3n, desarrollo e innovaci\u00f3n que contemplan nuestros organismos p\u00fablicos en relaci\u00f3n al apoyo a las personas con talento, la formaci\u00f3n excelente, la financiaci\u00f3n de la investigaci\u00f3n colaborativa, y las iniciativas que fomenten la existencia de infraestructura de investigaci\u00f3n de \u00faltima generaci\u00f3n a disposici\u00f3n de los investigadores excelentes.<\/li>\n<\/ul>\n\n\n\n<p>Esta visi\u00f3n integradora de la ciencia y la tarea investigadora con nuestra sociedad y su desarrollo, que de forma reiterativa establecen las estrategias de I+D+I, desde el \u00e1mbito auton\u00f3mico al europeo, constituye el fundamento y motivo de nuestro Centro, el cual no es fruto de la improvisaci\u00f3n ocasional, sino el resultado \u00faltimo de la actividad que diversos investigadores de la Universidad de Huelva han ido desarrollando a lo largo del tiempo, generando iniciativas de trabajo conjunto, proyectos de investigaci\u00f3n y estudios colaborativos que han propiciado la creaci\u00f3n de un escenario com\u00fan de trabajo. Todo ello aglutinado por las propias estructuras que el sistema de investigaci\u00f3n, europeo, nacional y auton\u00f3mico han ido generando, bajo la vivencia de que la investigaci\u00f3n de alto nivel s\u00f3lo es posible hoy uniendo la excelencia individual, aprovechando las sinergias que permiten el trabajo colectivo, la transversalidad y multidisciplinariedad de campos afines, y el avance que representa las interfaces entre investigadores de distinta formaci\u00f3n.&nbsp; Pero, sobre todo, con una consciencia clara del compromiso que el investigador contrae con la sociedad en donde desarrolla su actividad, que lo nutre y marca sus metas y objetivos, y con la convicci\u00f3n de que la ciencia es una labor colectiva en cuanto a la actividad de los investigadores, pero sobre todo es una labor social, cuyos frutos debe beneficiar a la sociedad y a los ciudadanos.<\/p>\n\n\n\n<div class=\"wp-block-columns is-layout-flex wp-container-4 wp-block-columns-is-layout-flex\">\n<div class=\"wp-block-column is-layout-flow wp-block-column-is-layout-flow\">\n<figure class=\"wp-block-image aligncenter size-full\"><a href=\"https:\/\/www.uhu.es\/rensma\/actualidad-rensma\/\"><img decoding=\"async\" loading=\"lazy\" width=\"263\" height=\"234\" src=\"https:\/\/www.uhu.es\/rensma\/wp-content\/uploads\/2019\/06\/Actualidad.jpg\" alt=\"\" class=\"wp-image-984\"\/><\/a><\/figure>\n<\/div>\n\n\n\n<div class=\"wp-block-column is-layout-flow wp-block-column-is-layout-flow\">\n<figure class=\"wp-block-image aligncenter size-full\"><a href=\"https:\/\/www.uhu.es\/rensma\/proximos-eventos\/\"><img decoding=\"async\" loading=\"lazy\" width=\"263\" height=\"234\" src=\"https:\/\/www.uhu.es\/rensma\/wp-content\/uploads\/2019\/06\/Nuevos-Eventos.jpg\" alt=\"\" class=\"wp-image-989\"\/><\/a><\/figure>\n<\/div>\n<\/div>\n","protected":false},"excerpt":{"rendered":"<p>Objetivos Los objetivos del RENSMA se han configurado considerando la posici\u00f3n de Europa respecto a los programas de I+D+I, especialmente a trav\u00e9s de los objetivos estrat\u00e9gicos del Horizonte 2020. Podr\u00edamos decir que el camino de la investigaci\u00f3n pasa por lograr el desarrollo de una Ciencia de Excelencia que refuerce la posici\u00f3n Europa, y yo a\u00f1adir\u00eda &hellip;<\/p>\n<p class=\"read-more\"> <a class=\"\" href=\"https:\/\/www.uhu.es\/rensma\/objetivos\/\"> <span class=\"screen-reader-text\">Objetivos<\/span> Leer m\u00e1s &raquo;<\/a><\/p>\n","protected":false},"author":2,"featured_media":0,"parent":0,"menu_order":0,"comment_status":"closed","ping_status":"closed","template":"","meta":{"site-sidebar-layout":"default","site-content-layout":"","ast-site-content-layout":"","site-content-style":"default","site-sidebar-style":"default","ast-global-header-display":"","ast-banner-title-visibility":"","ast-main-header-display":"","ast-hfb-above-header-display":"","ast-hfb-below-header-display":"","ast-hfb-mobile-header-display":"","site-post-title":"","ast-breadcrumbs-content":"","ast-featured-img":"","footer-sml-layout":"","theme-transparent-header-meta":"","adv-header-id-meta":"","stick-header-meta":"","header-above-stick-meta":"","header-main-stick-meta":"","header-below-stick-meta":"","astra-migrate-meta-layouts":"","footnotes":""},"_links":{"self":[{"href":"https:\/\/www.uhu.es\/rensma\/wp-json\/wp\/v2\/pages\/190"}],"collection":[{"href":"https:\/\/www.uhu.es\/rensma\/wp-json\/wp\/v2\/pages"}],"about":[{"href":"https:\/\/www.uhu.es\/rensma\/wp-json\/wp\/v2\/types\/page"}],"author":[{"embeddable":true,"href":"https:\/\/www.uhu.es\/rensma\/wp-json\/wp\/v2\/users\/2"}],"replies":[{"embeddable":true,"href":"https:\/\/www.uhu.es\/rensma\/wp-json\/wp\/v2\/comments?post=190"}],"version-history":[{"count":15,"href":"https:\/\/www.uhu.es\/rensma\/wp-json\/wp\/v2\/pages\/190\/revisions"}],"predecessor-version":[{"id":4952,"href":"https:\/\/www.uhu.es\/rensma\/wp-json\/wp\/v2\/pages\/190\/revisions\/4952"}],"wp:attachment":[{"href":"https:\/\/www.uhu.es\/rensma\/wp-json\/wp\/v2\/media?parent=190"}],"curies":[{"name":"wp","href":"https:\/\/api.w.org\/{rel}","templated":true}]}}