{"id":2113,"date":"2020-01-25T19:01:10","date_gmt":"2020-01-25T18:01:10","guid":{"rendered":"http:\/\/www.uhu.es\/rensma\/?page_id=2113"},"modified":"2024-02-22T11:34:58","modified_gmt":"2024-02-22T10:34:58","slug":"master-oficial-en-tecnologia-ambiental","status":"publish","type":"page","link":"https:\/\/www.uhu.es\/rensma\/master-oficial-en-tecnologia-ambiental\/","title":{"rendered":"M\u00e1ster Oficial en Tecnolog\u00eda Ambiental"},"content":{"rendered":"\n<figure class=\"wp-block-image\"><img decoding=\"async\" loading=\"lazy\" width=\"958\" height=\"174\" src=\"https:\/\/www.uhu.es\/rensma\/wp-content\/uploads\/2020\/01\/cab_11.jpg\" alt=\"\" class=\"wp-image-2114\" srcset=\"https:\/\/www.uhu.es\/rensma\/wp-content\/uploads\/2020\/01\/cab_11.jpg 958w, https:\/\/www.uhu.es\/rensma\/wp-content\/uploads\/2020\/01\/cab_11-300x54.jpg 300w, https:\/\/www.uhu.es\/rensma\/wp-content\/uploads\/2020\/01\/cab_11-768x139.jpg 768w\" sizes=\"(max-width: 958px) 100vw, 958px\" \/><\/figure>\n\n\n<ul>\n<li><b>M\u00e1ster interuniversitario:<\/b> Universidad de Huelva (UHU) y Universidad Internacional de Andaluc\u00eda (UNIA)<\/li>\n<li><b>Duraci\u00f3n del m\u00e1ster:<\/b> 60 cr\u00e9ditos ECTS<\/li>\n<li><b>Modalidad de ense\u00f1anza:<\/b> Presencial<\/li>\n<li><b>Lugar donde se imparte:<\/b> La R\u00e1bida (sede Iberoamericana de la UNIA) y Huelva (Facultad de Ciencias Experimentales; Campus El Carmen de UHU).<\/li>\n<li><b>Idioma en que se imparte:<\/b> Castellano<\/li>\n<li><b>N\u00famero de plazas de nuevo ingreso:<\/b> 50 plazas (35 UHU y 15 UNIA)<\/li>\n<\/ul>\n<p>La Ingenier\u00eda Ambiental trata de formar profesionales para la protecci\u00f3n del medio ambiente en una doble vertiente; por un lado, identifica, analiza y eval\u00faa los impactos ambientales; por otro, aplica las mejores tecnolog\u00edas disponibles en cada momento que permitan la restauraci\u00f3n del medio ambiente perturbado por la actividad antr\u00f3pica. El objetivo del M\u00e1ster es proporcionar una formaci\u00f3n acad\u00e9mica especializada, abarcando los aspectos tecnol\u00f3gicos, econ\u00f3micos, legales y medioambientales de esta actividad.<\/p>\n<p>El M\u00e1ster est\u00e1 dirigido a titulados universitarios en ingenier\u00eda, arquitectura y ciencias que est\u00e9n interesados en orientar su actividad profesional hacia a la aplicaci\u00f3n y el desarrollo de tecnolog\u00edas para el diagn\u00f3stico y la resoluci\u00f3n de problemas ambientales.<\/p>\n<p>Salidas Profesionales: El M\u00e1ster est\u00e1 dirigido a titulados universitarios en ingenier\u00eda, arquitectura y ciencias que est\u00e9n interesados en orientar su actividad profesional hacia a la aplicaci\u00f3n y el desarrollo de tecnolog\u00edas para el diagn\u00f3stico y la resoluci\u00f3n de problemas ambientales.<\/p>\n<p><b>Centro responsable:<\/b> Facultad de Ciencias Experimentales \/ <b>Tel\u00e9fono:<\/b> 959 21 94 63 <br \/><b>Director del M\u00e1ster:<\/b> Dr. Juan Pedro Bol\u00edvar Raya \/ <b>Email:<\/b> bolivar@uhu.es<\/p>\n<p>ara m\u00e1s informaci\u00f3n sobre m\u00e1steres oficiales, planes de estudio, requisitos acad\u00e9micos, reconocimiento de cr\u00e9ditos&#8230; <br \/><b>E-mail:<\/b> info.masteres@uhu.es<\/p>\n\n\n<center><iframe loading=\"lazy\" src=\"https:\/\/www.youtube.com\/embed\/Qt6lF9ArOng\" allowfullscreen=\"allowfullscreen\" width=\"560\" height=\"315\" frameborder=\"0\"><\/iframe><\/center>\n\n\n<figure class=\"wp-block-image\"><a href=\"https:\/\/www.uhu.es\/rensma\/wp-content\/uploads\/2020\/01\/MOF_0935_16_Tecnologia_Ambiental.pdf\" target=\"_blank\" rel=\"noopener noreferrer\"><img decoding=\"async\" loading=\"lazy\" class=\"alignright wp-image-2095\" src=\"https:\/\/www.uhu.es\/rensma\/wp-content\/uploads\/2020\/01\/ASIGNATURASROJO-1.jpg\" alt=\"\" width=\"210\" height=\"94\"><\/a><a href=\"https:\/\/mastertecnologiaambiental.com\/\" target=\"_blank\" rel=\"noopener noreferrer\"><img decoding=\"async\" loading=\"lazy\" class=\"alignright wp-image-2095\" src=\"https:\/\/www.uhu.es\/rensma\/wp-content\/uploads\/2020\/01\/web.jpg\" alt=\"\" width=\"210\" height=\"94\"><\/a><\/figure>","protected":false},"excerpt":{"rendered":"<p>M\u00e1ster interuniversitario: Universidad de Huelva (UHU) y Universidad Internacional de Andaluc\u00eda (UNIA) Duraci\u00f3n del m\u00e1ster: 60 cr\u00e9ditos ECTS Modalidad de ense\u00f1anza: Presencial Lugar donde se imparte: La R\u00e1bida (sede Iberoamericana de la UNIA) y Huelva (Facultad de Ciencias Experimentales; Campus El Carmen de UHU). Idioma en que se imparte: Castellano N\u00famero de plazas de nuevo &hellip;<\/p>\n<p class=\"read-more\"> <a class=\"\" href=\"https:\/\/www.uhu.es\/rensma\/master-oficial-en-tecnologia-ambiental\/\"> <span class=\"screen-reader-text\">M\u00e1ster Oficial en Tecnolog\u00eda Ambiental<\/span> Leer m\u00e1s &raquo;<\/a><\/p>\n","protected":false},"author":2,"featured_media":0,"parent":0,"menu_order":0,"comment_status":"closed","ping_status":"closed","template":"","meta":{"site-sidebar-layout":"default","site-content-layout":"","ast-site-content-layout":"","site-content-style":"default","site-sidebar-style":"default","ast-global-header-display":"","ast-banner-title-visibility":"","ast-main-header-display":"","ast-hfb-above-header-display":"","ast-hfb-below-header-display":"","ast-hfb-mobile-header-display":"","site-post-title":"","ast-breadcrumbs-content":"","ast-featured-img":"","footer-sml-layout":"","theme-transparent-header-meta":"","adv-header-id-meta":"","stick-header-meta":"","header-above-stick-meta":"","header-main-stick-meta":"","header-below-stick-meta":"","astra-migrate-meta-layouts":"","footnotes":""},"_links":{"self":[{"href":"https:\/\/www.uhu.es\/rensma\/wp-json\/wp\/v2\/pages\/2113"}],"collection":[{"href":"https:\/\/www.uhu.es\/rensma\/wp-json\/wp\/v2\/pages"}],"about":[{"href":"https:\/\/www.uhu.es\/rensma\/wp-json\/wp\/v2\/types\/page"}],"author":[{"embeddable":true,"href":"https:\/\/www.uhu.es\/rensma\/wp-json\/wp\/v2\/users\/2"}],"replies":[{"embeddable":true,"href":"https:\/\/www.uhu.es\/rensma\/wp-json\/wp\/v2\/comments?post=2113"}],"version-history":[{"count":9,"href":"https:\/\/www.uhu.es\/rensma\/wp-json\/wp\/v2\/pages\/2113\/revisions"}],"predecessor-version":[{"id":4993,"href":"https:\/\/www.uhu.es\/rensma\/wp-json\/wp\/v2\/pages\/2113\/revisions\/4993"}],"wp:attachment":[{"href":"https:\/\/www.uhu.es\/rensma\/wp-json\/wp\/v2\/media?parent=2113"}],"curies":[{"name":"wp","href":"https:\/\/api.w.org\/{rel}","templated":true}]}}

Máster Oficial en Tecnología Ambiental

<figure class="wp-block-image"><img decoding="async" loading="lazy" width="958" height="174" src="https://www.uhu.es/rensma/wp-content/uploads/2020/01/cab_11.jpg" alt="" class="wp-image-2114" srcset="https://www.uhu.es/rensma/wp-content/uploads/2020/01/cab_11.jpg 958w, https://www.uhu.es/rensma/wp-content/uploads/2020/01/cab_11-300x54.jpg 300w, https://www.uhu.es/rensma/wp-content/uploads/2020/01/cab_11-768x139.jpg 768w" sizes="(max-width: 958px) 100vw, 958px" /></figure>


<ul>
<li><b>Máster interuniversitario:</b> Universidad de Huelva (UHU) y Universidad Internacional de Andalucía (UNIA)</li>
<li><b>Duración del máster:</b> 60 créditos ECTS</li>
<li><b>Modalidad de enseñanza:</b> Presencial</li>
<li><b>Lugar donde se imparte:</b> La Rábida (sede Iberoamericana de la UNIA) y Huelva (Facultad de Ciencias Experimentales; Campus El Carmen de UHU).</li>
<li><b>Idioma en que se imparte:</b> Castellano</li>
<li><b>Número de plazas de nuevo ingreso:</b> 50 plazas (35 UHU y 15 UNIA)</li>
</ul>
<p>La Ingeniería Ambiental trata de formar profesionales para la protección del medio ambiente en una doble vertiente; por un lado, identifica, analiza y evalúa los impactos ambientales; por otro, aplica las mejores tecnologías disponibles en cada momento que permitan la restauración del medio ambiente perturbado por la actividad antrópica. El objetivo del Máster es proporcionar una formación académica especializada, abarcando los aspectos tecnológicos, económicos, legales y medioambientales de esta actividad.</p>
<p>El Máster está dirigido a titulados universitarios en ingeniería, arquitectura y ciencias que estén interesados en orientar su actividad profesional hacia a la aplicación y el desarrollo de tecnologías para el diagnóstico y la resolución de problemas ambientales.</p>
<p>Salidas Profesionales: El Máster está dirigido a titulados universitarios en ingeniería, arquitectura y ciencias que estén interesados en orientar su actividad profesional hacia a la aplicación y el desarrollo de tecnologías para el diagnóstico y la resolución de problemas ambientales.</p>
<p><b>Centro responsable:</b> Facultad de Ciencias Experimentales / <b>Teléfono:</b> 959 21 94 63 <br /><b>Director del Máster:</b> Dr. Juan Pedro Bolívar Raya / <b>Email:</b> bolivar@uhu.es</p>
<p>ara más información sobre másteres oficiales, planes de estudio, requisitos académicos, reconocimiento de créditos&#8230; <br /><b>E-mail:</b> info.masteres@uhu.es</p>


<center><iframe loading="lazy" src="https://www.youtube.com/embed/Qt6lF9ArOng" allowfullscreen="allowfullscreen" width="560" height="315" frameborder="0"></iframe></center>


<figure class="wp-block-image"><a href="https://www.uhu.es/rensma/wp-content/uploads/2020/01/MOF_0935_16_Tecnologia_Ambiental.pdf" target="_blank" rel="noopener noreferrer"><img decoding="async" loading="lazy" class="alignright wp-image-2095" src="https://www.uhu.es/rensma/wp-content/uploads/2020/01/ASIGNATURASROJO-1.jpg" alt="" width="210" height="94"></a><a href="https://mastertecnologiaambiental.com/" target="_blank" rel="noopener noreferrer"><img decoding="async" loading="lazy" class="alignright wp-image-2095" src="https://www.uhu.es/rensma/wp-content/uploads/2020/01/web.jpg" alt="" width="210" height="94"></a></figure>

<p>Máster interuniversitario: Universidad de Huelva (UHU) y Universidad Internacional de Andalucía (UNIA) Duración del máster: 60 créditos ECTS Modalidad de enseñanza: Presencial Lugar donde se imparte: La Rábida (sede Iberoamericana de la UNIA) y Huelva (Facultad de Ciencias Experimentales; Campus El Carmen de UHU). Idioma en que se imparte: Castellano Número de plazas de nuevo &hellip;</p>
<p class="read-more"> <a class="" href="https://www.uhu.es/rensma/master-oficial-en-tecnologia-ambiental/"> <span class="screen-reader-text">Máster Oficial en Tecnología Ambiental</span> Leer más &raquo;</a></p>
