{"id":212,"date":"2019-04-04T08:39:01","date_gmt":"2019-04-04T06:39:01","guid":{"rendered":"http:\/\/www.uhu.es\/rensma\/?page_id=212"},"modified":"2023-10-18T12:42:17","modified_gmt":"2023-10-18T10:42:17","slug":"comite-asesor","status":"publish","type":"page","link":"https:\/\/www.uhu.es\/rensma\/comite-asesor\/","title":{"rendered":"Comit\u00e9 Asesor"},"content":{"rendered":"\n<div class=\"wp-block-cover alignfull is-light\"><span aria-hidden=\"true\" class=\"wp-block-cover__background has-background-dim\"><\/span><img decoding=\"async\" loading=\"lazy\" width=\"940\" height=\"300\" class=\"wp-block-cover__image-background wp-image-806\" alt=\"\" src=\"https:\/\/www.uhu.es\/rensma\/wp-content\/uploads\/2019\/06\/Slider.jpg\" data-object-fit=\"cover\" srcset=\"https:\/\/www.uhu.es\/rensma\/wp-content\/uploads\/2019\/06\/Slider.jpg 940w, https:\/\/www.uhu.es\/rensma\/wp-content\/uploads\/2019\/06\/Slider-300x96.jpg 300w, https:\/\/www.uhu.es\/rensma\/wp-content\/uploads\/2019\/06\/Slider-768x245.jpg 768w\" sizes=\"(max-width: 940px) 100vw, 940px\" \/><div class=\"wp-block-cover__inner-container is-layout-constrained wp-block-cover-is-layout-constrained\">\n<p class=\"has-text-align-center has-large-font-size\"><\/p>\n\n\n\n<div style=\"height:100px\" aria-hidden=\"true\" class=\"wp-block-spacer\"><\/div>\n<\/div><\/div>\n\n\n\n<div style=\"height:100px\" aria-hidden=\"true\" class=\"wp-block-spacer\"><\/div>\n\n\n\n<h1 class=\"wp-block-heading has-text-align-center\">Comit\u00e9 Asesor<\/h1>\n\n\n\n<p>El Centro de Investigaci\u00f3n de Recursos Naturales, Salud y Medio Ambiente, cuenta con un Comit\u00e9 Asesor Externo, de car\u00e1cter consultivo y de apoyo al Equipo de Direcci\u00f3n del Centro, para evaluar y asesorar sobre las actividades sustantivas del Centro. Dicho Comit\u00e9 est\u00e1 formado por los siguientes investigadores de reconocido prestigio.<\/p>\n\n\n\n<p><b>Rafael Garc\u00eda\u2010Tenorio Garc\u00eda Balmaseda.<\/b><br>Catedr\u00e1tico de Universidad.<br>Subdirector del Centro Nacional de Aceleradores.<br>Universidad de Sevilla.<\/p>\n\n\n\n<p><b>Juli\u00e1n Blasco Moreno.<\/b><br>Profesor de Investigaci\u00f3n del CSIC.<br>Director del Centro de Investigaci\u00f3n de Ciencias Marinas de Andaluc\u00eda.<\/p>\n\n\n\n<p><b>Carlos Ayora Ib\u00e1\u00f1ez.<\/b><br>Profesor de Investigaci\u00f3n del CSIC.<br>Instituto de Diagn\u00f3stico Ambiental y Estudios del Agua.<\/p>\n\n\n\n<p><b>Jos\u00e9 Mar\u00eda Vega Piqueres.<\/b><br>Catedr\u00e1tico de Universidad.<br>Universidad de Sevilla.<\/p>\n\n\n\n<p><b>Marina Lacasa\u00f1a Navarro.<\/b><br>Investigadora de la Escuela Andaluza de Salud P\u00fablica.<\/p>\n\n\n\n<div class=\"wp-block-columns is-layout-flex wp-container-4 wp-block-columns-is-layout-flex\">\n<div class=\"wp-block-column is-layout-flow wp-block-column-is-layout-flow\">\n<figure class=\"wp-block-image aligncenter size-full\"><a href=\"https:\/\/www.uhu.es\/rensma\/actualidad-rensma\/\"><img decoding=\"async\" loading=\"lazy\" width=\"263\" height=\"234\" src=\"https:\/\/www.uhu.es\/rensma\/wp-content\/uploads\/2019\/06\/Actualidad.jpg\" alt=\"\" class=\"wp-image-984\"\/><\/a><\/figure>\n<\/div>\n\n\n\n<div class=\"wp-block-column is-layout-flow wp-block-column-is-layout-flow\">\n<figure class=\"wp-block-image aligncenter size-full\"><a href=\"https:\/\/www.uhu.es\/rensma\/proximos-eventos\/\"><img decoding=\"async\" loading=\"lazy\" width=\"263\" height=\"234\" src=\"https:\/\/www.uhu.es\/rensma\/wp-content\/uploads\/2019\/06\/Nuevos-Eventos.jpg\" alt=\"\" class=\"wp-image-989\"\/><\/a><\/figure>\n<\/div>\n<\/div>\n","protected":false},"excerpt":{"rendered":"<p>Comit\u00e9 Asesor El Centro de Investigaci\u00f3n de Recursos Naturales, Salud y Medio Ambiente, cuenta con un Comit\u00e9 Asesor Externo, de car\u00e1cter consultivo y de apoyo al Equipo de Direcci\u00f3n del Centro, para evaluar y asesorar sobre las actividades sustantivas del Centro. Dicho Comit\u00e9 est\u00e1 formado por los siguientes investigadores de reconocido prestigio. Rafael Garc\u00eda\u2010Tenorio Garc\u00eda &hellip;<\/p>\n<p class=\"read-more\"> <a class=\"\" href=\"https:\/\/www.uhu.es\/rensma\/comite-asesor\/\"> <span class=\"screen-reader-text\">Comit\u00e9 Asesor<\/span> Leer m\u00e1s &raquo;<\/a><\/p>\n","protected":false},"author":2,"featured_media":0,"parent":0,"menu_order":0,"comment_status":"closed","ping_status":"closed","template":"","meta":{"site-sidebar-layout":"default","site-content-layout":"","ast-site-content-layout":"","site-content-style":"default","site-sidebar-style":"default","ast-global-header-display":"","ast-banner-title-visibility":"","ast-main-header-display":"","ast-hfb-above-header-display":"","ast-hfb-below-header-display":"","ast-hfb-mobile-header-display":"","site-post-title":"","ast-breadcrumbs-content":"","ast-featured-img":"","footer-sml-layout":"","theme-transparent-header-meta":"","adv-header-id-meta":"","stick-header-meta":"","header-above-stick-meta":"","header-main-stick-meta":"","header-below-stick-meta":"","astra-migrate-meta-layouts":"","footnotes":""},"_links":{"self":[{"href":"https:\/\/www.uhu.es\/rensma\/wp-json\/wp\/v2\/pages\/212"}],"collection":[{"href":"https:\/\/www.uhu.es\/rensma\/wp-json\/wp\/v2\/pages"}],"about":[{"href":"https:\/\/www.uhu.es\/rensma\/wp-json\/wp\/v2\/types\/page"}],"author":[{"embeddable":true,"href":"https:\/\/www.uhu.es\/rensma\/wp-json\/wp\/v2\/users\/2"}],"replies":[{"embeddable":true,"href":"https:\/\/www.uhu.es\/rensma\/wp-json\/wp\/v2\/comments?post=212"}],"version-history":[{"count":7,"href":"https:\/\/www.uhu.es\/rensma\/wp-json\/wp\/v2\/pages\/212\/revisions"}],"predecessor-version":[{"id":4334,"href":"https:\/\/www.uhu.es\/rensma\/wp-json\/wp\/v2\/pages\/212\/revisions\/4334"}],"wp:attachment":[{"href":"https:\/\/www.uhu.es\/rensma\/wp-json\/wp\/v2\/media?parent=212"}],"curies":[{"name":"wp","href":"https:\/\/api.w.org\/{rel}","templated":true}]}}