{"id":216,"date":"2019-04-04T08:40:42","date_gmt":"2019-04-04T06:40:42","guid":{"rendered":"http:\/\/www.uhu.es\/rensma\/?page_id=216"},"modified":"2023-10-18T16:16:32","modified_gmt":"2023-10-18T14:16:32","slug":"servicios","status":"publish","type":"page","link":"https:\/\/www.uhu.es\/rensma\/servicios\/","title":{"rendered":"Servicios de Instrumentaci\u00f3n Cient\u00edfica"},"content":{"rendered":"\n<div class=\"wp-block-cover alignfull is-light\"><span aria-hidden=\"true\" class=\"wp-block-cover__background has-background-dim\"><\/span><img decoding=\"async\" loading=\"lazy\" width=\"1700\" height=\"600\" class=\"wp-block-cover__image-background wp-image-2147\" alt=\"\" src=\"https:\/\/www.uhu.es\/rensma\/wp-content\/uploads\/2020\/01\/50189-laboratorio-de-analisis-clinicos-dr-martin-ruiz-banner-3.jpg\" data-object-fit=\"cover\" srcset=\"https:\/\/www.uhu.es\/rensma\/wp-content\/uploads\/2020\/01\/50189-laboratorio-de-analisis-clinicos-dr-martin-ruiz-banner-3.jpg 1700w, https:\/\/www.uhu.es\/rensma\/wp-content\/uploads\/2020\/01\/50189-laboratorio-de-analisis-clinicos-dr-martin-ruiz-banner-3-300x106.jpg 300w, https:\/\/www.uhu.es\/rensma\/wp-content\/uploads\/2020\/01\/50189-laboratorio-de-analisis-clinicos-dr-martin-ruiz-banner-3-768x271.jpg 768w, https:\/\/www.uhu.es\/rensma\/wp-content\/uploads\/2020\/01\/50189-laboratorio-de-analisis-clinicos-dr-martin-ruiz-banner-3-1024x361.jpg 1024w\" sizes=\"(max-width: 1700px) 100vw, 1700px\" \/><div class=\"wp-block-cover__inner-container is-layout-constrained wp-block-cover-is-layout-constrained\">\n<p class=\"has-text-align-center has-large-font-size\"><\/p>\n<\/div><\/div>\n\n\n\n<div style=\"height:100px\" aria-hidden=\"true\" class=\"wp-block-spacer\"><\/div>\n\n\n\n<h1 class=\"wp-block-heading has-text-align-center\"><strong>Servicios de Instrumentaci\u00f3n Cient\u00edfica del Centro de<br>Investigaci\u00f3n en Recursos Naturales Salud y Medio Ambiente<br>(SIC-RENSMA)<\/strong><\/h1>\n\n\n\n<p class=\"has-text-align-center\"><strong>Universidad de Huelva<\/strong><\/p>\n\n\n\n<p>Los Servicios de Instrumentaci\u00f3n Cient\u00edfica del Centro de Investigaci\u00f3n en Recursos Naturales Salud y Medio Ambiente (RENSMA) de la Universidad de Huelva se han creado con el objeto de proporcionar el acceso a diversas t\u00e9cnicas instrumentales del \u00e1mbito a investigadores del propio Centro, de la Universidad de Huelva o de otros Centros de Investigaci\u00f3n y entidades, p\u00fablicas o privadas, que as\u00ed lo soliciten. Se componen de las siguientes unidades:<\/p>\n\n\n\n<ul>\n<li><strong><a href=\"https:\/\/www.uhu.es\/rensma\/wp-content\/uploads\/2021\/10\/SERVICIOTRAZAS.pdf\">Unidad De Trazas Met\u00e1licas, Especiaci\u00f3n Qu\u00edmica, Metal\u00f3mica, Metabol\u00f3mica Y Lipid\u00f3mica<\/a><\/strong>.\n<ul>\n<li><span style=\"color: #ff6600;\"><strong><em><a style=\"color: #ff6600;\" href=\"https:\/\/www.uhu.es\/rensma\/wp-content\/uploads\/2021\/10\/UnidadDeTrazas.pdf\">Tarifas<\/a>.<\/em><\/strong><\/span><\/li>\n\n\n\n<li><span style=\"color: #ff6600;\"><strong><em><a style=\"color: #ff6600;\" href=\"https:\/\/www.uhu.es\/rensma\/wp-content\/uploads\/2021\/10\/SolicitudTRAZAS.pdf\">Formulario de solicitud<\/a>.<\/em><\/strong><\/span><\/li>\n<\/ul>\n<\/li>\n\n\n\n<li><strong><a href=\"https:\/\/www.uhu.es\/rensma\/wp-content\/uploads\/2021\/10\/UNIDADRADIOACTIVIDAD.pdf\">Unidad de Radioactividad Ambiental<\/a><\/strong>.\n<ul>\n<li><span style=\"color: #ff6600;\"><em><strong><a style=\"color: #ff6600;\" href=\"https:\/\/www.uhu.es\/rensma\/wp-content\/uploads\/2021\/10\/UnidaddeRadioactividad.pdf\">Tarifas<\/a>. <\/strong><\/em><\/span><\/li>\n\n\n\n<li><span style=\"color: #ff6600;\"><em><strong><a style=\"color: #ff6600;\" href=\"https:\/\/www.uhu.es\/rensma\/wp-content\/uploads\/2021\/10\/SolicitudRADIOACTIVIDAD.pdf\">Formulario de solicitud<\/a>.<\/strong><\/em><\/span><\/li>\n<\/ul>\n<\/li>\n\n\n\n<li><a href=\"https:\/\/www.uhu.es\/rensma\/wp-content\/uploads\/2021\/10\/SERVICIORESIDUOS.pdf\"><strong>Unidad de Caracterizaci\u00f3n de Residuos<\/strong><\/a>.\n<ul>\n<li><span style=\"color: #ff6600;\"><em><strong><a style=\"color: #ff6600;\" href=\"https:\/\/www.uhu.es\/rensma\/wp-content\/uploads\/2021\/10\/UNIDADDERESIDUOS.pdf\">Tarifas<\/a>. <\/strong><\/em><\/span><\/li>\n\n\n\n<li><span style=\"color: #ff6600;\"><em><strong><a style=\"color: #ff6600;\" href=\"https:\/\/www.uhu.es\/rensma\/wp-content\/uploads\/2021\/10\/SolicitudRESIDUOS.pdf\">Formulario de solicitud<\/a>.&nbsp;<\/strong><\/em><\/span><\/li>\n<\/ul>\n<\/li>\n\n\n\n<li><a href=\"https:\/\/www.uhu.es\/rensma\/wp-content\/uploads\/2021\/10\/SERVICIOMINERALOGICA.pdf\"><strong>Unidad De Mineralog\u00eda y Geoqu\u00edmica Ambiental<\/strong><\/a>.\n<ul>\n<li><span style=\"color: #ff6600;\"><em><strong><a style=\"color: #ff6600;\" href=\"https:\/\/www.uhu.es\/rensma\/wp-content\/uploads\/2021\/10\/UNIDADDEMINERALOGIA.pdf\">Tarifas<\/a>. <\/strong><\/em><\/span><\/li>\n\n\n\n<li><span style=\"color: #ff6600;\"><em><strong><a style=\"color: #ff6600;\" href=\"https:\/\/www.uhu.es\/rensma\/wp-content\/uploads\/2021\/10\/SolicitudMINERALOGIA.pdf\">Formulario de solicitud<\/a>.&nbsp;<\/strong><\/em><\/span><\/li>\n<\/ul>\n<\/li>\n\n\n\n<li><a href=\"https:\/\/www.uhu.es\/rensma\/wp-content\/uploads\/2021\/10\/SERVICIOBIOTECNOLOGICO.pdf\"><strong>Unidad de Potencial Biotecnol\u00f3gico y Escalado de Microalgas<\/strong><\/a>.\n<ul>\n<li><span style=\"color: #ff6600;\"><em><strong><a style=\"color: #ff6600;\" href=\"https:\/\/www.uhu.es\/rensma\/wp-content\/uploads\/2021\/10\/UNIDADDEPOTENCIAL.pdf\">Tarifas<\/a>. <\/strong><\/em><\/span><\/li>\n\n\n\n<li><span style=\"color: #ff6600;\"><em><strong><a style=\"color: #ff6600;\" href=\"https:\/\/www.uhu.es\/rensma\/wp-content\/uploads\/2021\/10\/SolicitudBIOTECNOLOGICO.pdf\">Formulario de solicitud<\/a>.&nbsp;<\/strong><\/em><\/span><\/li>\n<\/ul>\n<\/li>\n\n\n\n<li><strong><a href=\"https:\/\/www.uhu.es\/rensma\/wp-content\/uploads\/2021\/10\/SERVICIOGENOMICA.pdf\">Unidad de Gen\u00f3mica y Biolog\u00eda Molecular<\/a><\/strong>.\n<ul>\n<li><span style=\"color: #ff6600;\"><em><strong><a style=\"color: #ff6600;\" href=\"https:\/\/www.uhu.es\/rensma\/wp-content\/uploads\/2021\/10\/UNIDADDEGENOMICA.pdf\">Tarifas<\/a>.<\/strong><\/em><\/span><\/li>\n\n\n\n<li><span style=\"color: #ff6600;\"><em><strong><a style=\"color: #ff6600;\" href=\"https:\/\/www.uhu.es\/rensma\/wp-content\/uploads\/2021\/10\/SolicitudGENOMICA.pdf\">Formulario de solicitud<\/a>.&nbsp;<\/strong><\/em><\/span><\/li>\n<\/ul>\n<\/li>\n\n\n\n<li><strong>Unidad de Animales de Experimentaci\u00f3n<\/strong>.\n<ul>\n<li><span style=\"color: #ff6600;\"><em><strong>Tarifas pendientes. <\/strong><\/em><\/span><\/li>\n\n\n\n<li><span style=\"color: #ff6600;\"><em><strong>Formulario de solicitud pendiente.&nbsp;<\/strong><\/em><\/span><\/li>\n<\/ul>\n<\/li>\n\n\n\n<li><strong>Unidad de Biomol\u00e9culas y Especiaci\u00f3n<\/strong>.\n<ul>\n<li><span style=\"color: #ff6600;\"><em><strong>Tarifas pendientes. <\/strong><\/em><\/span><\/li>\n\n\n\n<li><span style=\"color: #ff6600;\"><em><strong>Formulario de solicitud pendiente.<\/strong><\/em><\/span><\/li>\n<\/ul>\n<\/li>\n<\/ul>\n\n\n\n<p><strong><a href=\"https:\/\/www.uhu.es\/rensma\/wp-content\/uploads\/2021\/10\/SIC-RENSMA-Reglamento.pdf\">Reglamento del SIC-RENSMA<\/a>.<\/strong><\/p>\n\n\n\n<div class=\"wp-block-columns is-layout-flex wp-container-4 wp-block-columns-is-layout-flex\">\n<div class=\"wp-block-column is-layout-flow wp-block-column-is-layout-flow\">\n<figure class=\"wp-block-image aligncenter size-full\"><a href=\"https:\/\/www.uhu.es\/rensma\/actualidad-rensma\/\"><img decoding=\"async\" loading=\"lazy\" width=\"263\" height=\"234\" src=\"https:\/\/www.uhu.es\/rensma\/wp-content\/uploads\/2019\/06\/Actualidad.jpg\" alt=\"\" class=\"wp-image-984\"\/><\/a><\/figure>\n<\/div>\n\n\n\n<div class=\"wp-block-column is-layout-flow wp-block-column-is-layout-flow\">\n<figure class=\"wp-block-image aligncenter size-full\"><a href=\"https:\/\/www.uhu.es\/rensma\/proximos-eventos\/\"><img decoding=\"async\" loading=\"lazy\" width=\"263\" height=\"234\" src=\"https:\/\/www.uhu.es\/rensma\/wp-content\/uploads\/2019\/06\/Nuevos-Eventos.jpg\" alt=\"\" class=\"wp-image-989\"\/><\/a><\/figure>\n<\/div>\n<\/div>\n","protected":false},"excerpt":{"rendered":"<p>Servicios de Instrumentaci\u00f3n Cient\u00edfica del Centro deInvestigaci\u00f3n en Recursos Naturales Salud y Medio Ambiente(SIC-RENSMA) Universidad de Huelva Los Servicios de Instrumentaci\u00f3n Cient\u00edfica del Centro de Investigaci\u00f3n en Recursos Naturales Salud y Medio Ambiente (RENSMA) de la Universidad de Huelva se han creado con el objeto de proporcionar el acceso a diversas t\u00e9cnicas instrumentales del \u00e1mbito &hellip;<\/p>\n<p class=\"read-more\"> <a class=\"\" href=\"https:\/\/www.uhu.es\/rensma\/servicios\/\"> <span class=\"screen-reader-text\">Servicios de Instrumentaci\u00f3n Cient\u00edfica<\/span> Leer m\u00e1s &raquo;<\/a><\/p>\n","protected":false},"author":2,"featured_media":0,"parent":0,"menu_order":0,"comment_status":"closed","ping_status":"closed","template":"","meta":{"site-sidebar-layout":"default","site-content-layout":"","ast-site-content-layout":"","site-content-style":"default","site-sidebar-style":"default","ast-global-header-display":"","ast-banner-title-visibility":"","ast-main-header-display":"","ast-hfb-above-header-display":"","ast-hfb-below-header-display":"","ast-hfb-mobile-header-display":"","site-post-title":"","ast-breadcrumbs-content":"","ast-featured-img":"","footer-sml-layout":"","theme-transparent-header-meta":"","adv-header-id-meta":"","stick-header-meta":"","header-above-stick-meta":"","header-main-stick-meta":"","header-below-stick-meta":"","astra-migrate-meta-layouts":"","footnotes":""},"_links":{"self":[{"href":"https:\/\/www.uhu.es\/rensma\/wp-json\/wp\/v2\/pages\/216"}],"collection":[{"href":"https:\/\/www.uhu.es\/rensma\/wp-json\/wp\/v2\/pages"}],"about":[{"href":"https:\/\/www.uhu.es\/rensma\/wp-json\/wp\/v2\/types\/page"}],"author":[{"embeddable":true,"href":"https:\/\/www.uhu.es\/rensma\/wp-json\/wp\/v2\/users\/2"}],"replies":[{"embeddable":true,"href":"https:\/\/www.uhu.es\/rensma\/wp-json\/wp\/v2\/comments?post=216"}],"version-history":[{"count":54,"href":"https:\/\/www.uhu.es\/rensma\/wp-json\/wp\/v2\/pages\/216\/revisions"}],"predecessor-version":[{"id":4355,"href":"https:\/\/www.uhu.es\/rensma\/wp-json\/wp\/v2\/pages\/216\/revisions\/4355"}],"wp:attachment":[{"href":"https:\/\/www.uhu.es\/rensma\/wp-json\/wp\/v2\/media?parent=216"}],"curies":[{"name":"wp","href":"https:\/\/api.w.org\/{rel}","templated":true}]}}