{"id":492,"date":"2019-04-10T08:35:14","date_gmt":"2019-04-10T06:35:14","guid":{"rendered":"http:\/\/www.uhu.es\/rensma\/?page_id=492"},"modified":"2025-06-10T08:52:44","modified_gmt":"2025-06-10T06:52:44","slug":"publicaciones-ymac","status":"publish","type":"page","link":"https:\/\/www.uhu.es\/rensma\/publicaciones-ymac\/","title":{"rendered":"Publicaciones"},"content":{"rendered":"\n<div class=\"wp-block-cover alignfull is-light\"><span aria-hidden=\"true\" class=\"wp-block-cover__background has-background-dim\"><\/span><img decoding=\"async\" loading=\"lazy\" width=\"940\" height=\"300\" class=\"wp-block-cover__image-background wp-image-806\" alt=\"\" src=\"https:\/\/www.uhu.es\/rensma\/wp-content\/uploads\/2019\/06\/Slider.jpg\" data-object-fit=\"cover\" srcset=\"https:\/\/www.uhu.es\/rensma\/wp-content\/uploads\/2019\/06\/Slider.jpg 940w, https:\/\/www.uhu.es\/rensma\/wp-content\/uploads\/2019\/06\/Slider-300x96.jpg 300w, https:\/\/www.uhu.es\/rensma\/wp-content\/uploads\/2019\/06\/Slider-768x245.jpg 768w\" sizes=\"(max-width: 940px) 100vw, 940px\" \/><div class=\"wp-block-cover__inner-container is-layout-constrained wp-block-cover-is-layout-constrained\">\n<p class=\"has-text-align-center has-large-font-size\"><\/p>\n\n\n\n<div style=\"height:100px\" aria-hidden=\"true\" class=\"wp-block-spacer\"><\/div>\n<\/div><\/div>\n\n\n\n<h1 class=\"wp-block-heading has-text-align-center\" style=\"margin-top:var(--wp--preset--spacing--70)\">Publicaciones<\/h1>\n\n\n\n<h3 class=\"wp-block-heading has-text-align-center\" style=\"text-transform:uppercase\"><strong>Unidad de Recursos Minerales<\/strong><\/h3>\n\n\n\n<div class=\"wp-block-columns is-layout-flex wp-container-6 wp-block-columns-is-layout-flex\">\n<div class=\"wp-block-column is-layout-flow wp-block-column-is-layout-flow\" style=\"flex-basis:33.33%\">\n<p class=\"has-ast-global-color-5-color has-ast-global-color-0-background-color has-text-color has-background\">Men\u00fa laboratorio<\/p>\n\n\n<nav class=\" is-vertical wp-block-navigation is-layout-flex wp-container-3 wp-block-navigation-is-layout-flex\" aria-label=\"Menu YMAC\"><ul class=\"wp-block-navigation__container  is-vertical wp-block-navigation\"><li class=\" wp-block-navigation-item wp-block-navigation-link\"><a class=\"wp-block-navigation-item__content\"  href=\"https:\/\/www.uhu.es\/rensma\/presentacion-ymac\/\"><span class=\"wp-block-navigation-item__label\">Presentaci\u00f3n<\/span><\/a><\/li><li class=\" wp-block-navigation-item wp-block-navigation-link\"><a class=\"wp-block-navigation-item__content\"  href=\"https:\/\/www.uhu.es\/rensma\/lineas-de-investigacion-ymac\/\"><span class=\"wp-block-navigation-item__label\">L\u00edneas de Investigaci\u00f3n<\/span><\/a><\/li><li class=\" wp-block-navigation-item wp-block-navigation-link\"><a class=\"wp-block-navigation-item__content\"  href=\"https:\/\/www.uhu.es\/rensma\/miembros-ymac\/\"><span class=\"wp-block-navigation-item__label\">Miembros<\/span><\/a><\/li><li class=\" wp-block-navigation-item wp-block-navigation-link\"><a class=\"wp-block-navigation-item__content\"  href=\"https:\/\/www.uhu.es\/rensma\/proyectos-ymac\/\"><span class=\"wp-block-navigation-item__label\">Proyectos<\/span><\/a><\/li><li class=\" wp-block-navigation-item wp-block-navigation-link\"><a class=\"wp-block-navigation-item__content\"  href=\"https:\/\/www.uhu.es\/rensma\/publicaciones-ymac\/\"><span class=\"wp-block-navigation-item__label\">Publicaciones<\/span><\/a><\/li><li class=\" wp-block-navigation-item wp-block-navigation-link\"><a class=\"wp-block-navigation-item__content\"  href=\"https:\/\/www.uhu.es\/rensma\/infraestructuras-ymac\/\"><span class=\"wp-block-navigation-item__label\">Infraestructuras<\/span><\/a><\/li><li class=\" wp-block-navigation-item wp-block-navigation-link\"><a class=\"wp-block-navigation-item__content\"  href=\"https:\/\/www.uhu.es\/rensma\"><span class=\"wp-block-navigation-item__label\">\u226a Volver &#8230;<\/span><\/a><\/li><\/ul><\/nav><\/div>\n\n\n\n<div class=\"wp-block-column is-layout-flow wp-block-column-is-layout-flow\" style=\"flex-basis:66.66%\">\n<h2 class=\"wp-block-heading has-medium-font-size\"><strong>PUBLICACIONES INTERNACIONALES<\/strong><\/h2>\n\n\n\n<hr class=\"wp-block-separator has-alpha-channel-opacity\"\/>\n\n\n\n<h3 class=\"wp-block-heading has-text-align-center\"><strong>2<\/strong>024<\/h3>\n\n\n\n<p><strong>1.<\/strong> S\u00e1ez, R. \/ Gonz\u00e1lez, F. \/ Donaire, T. \/ Toscano, M. \/ Yesares, L. \/ Ruiz de Almod\u00f3var, G.R. \/ Moreno, C. 2024.Updating Geological Information about the metallogenesis of the Iberian Pyrite Belt.Minerals, 14, 860. https:\/\/doi.org\/10.3390\/min14090860<\/p>\n\n\n\n<p><strong>2.<\/strong> C\u00e1ceres, L.M. \/ Donaire, T. \/ Ram\u00edrez-Cruzado, S. \/ Vargas, J.M. \/ Mu\u00f1iz, F. \/ Mart\u00edn, M. \/ Rodr\u00edguez-Vidal, J. \/ Ruiz, F. \/ Sanju\u00e1n, L.G. 2024. From the Mountain and the Sea: Provenance of the Stones of the Prehistoric La Pastora Tholos (Valencina de la Concepci\u00f3n, Seville, Spain).Minerals 2024, 14, 194. https:\/\/doi.org\/10.3390\/min14020194<\/p>\n\n\n\n<hr class=\"wp-block-separator has-alpha-channel-opacity\"\/>\n\n\n\n<h3 class=\"wp-block-heading has-text-align-center\"><strong>2023<\/strong><\/h3>\n\n\n\n<p><strong>1.<\/strong> Linares, J. A., Donaire, T., Mora Molina, C., C\u00e1ceres, L. M. Choosing the site, getting the stones, building the dolmens: lo-cal sourcing of andesites at the El Pozuelo megalithic complex (Huelva, Spain). Archaeological and Anthropological Sciences. DOI: <a href=\"https:\/\/https:\/\/doi.org\/10.1007\/s12520-023-01799-0\">https:\/\/https:\/\/doi.org\/10.1007\/s12520-023-01799-0<\/a> <\/p>\n\n\n\n<p><strong>2.<\/strong> Ram\u00edrez-Cruzado, S., Mu\u00f1iz, F., Ruiz, F., Gonz\u00e1lez-Regalado, M. L., Vargas, J. M. , D\u00edaz-Guardamino, M., Garc\u00eda-Sanju\u00e1n, L., Donaire, T., Rodr\u00edguez-Vidal, J., C\u00e1ceres, L. M. Gastrochaenolites as Palaeoenvironmental Information Traps: The Case of the Tholos of La Pastora (Valencina de la Concepci\u00f3n, SW Spain). Environmental Archaeology. DOI: <a href=\"https:\/\/doi.org\/10.1080\/14614103.2023.2273102\">https:\/\/doi.org\/10.1080\/14614103.2023.2273102<\/a><\/p>\n\n\n\n<p><strong>3.<\/strong> Rodr\u00edguez-Castro, I., Fregenal, M. A., Rodr\u00edguez, S., Gonz\u00e1-lez, F. Taphonomic analysis of the Rosario Mine (Valdeteja Formation, Bashkirian, NW Spain): Evidence of tsunamis or cyclones. Historical Biology. DOI: <a href=\"https:\/\/doi.org\/10.1080\/08912963.2023.2221298\">https:\/\/doi.org\/10.1080\/08912963.2023.2221298<\/a><\/p>\n\n\n\n<p><strong>4.<\/strong> Yesares, L., Pi\u00f1a, R., Gonz\u00e1lez Jim\u00e9nez, J.M., S\u00e1ez, R., Almo-d\u00f3var, G.R., Fanlo, I., Pons, J.M., Vega, R. Distribution of critical metals in evolving pyrite from massive sulfide ores of the Iberian Pyrite Belt. Ore Geology Reviews 153 (2023) 105275. DOI: <a href=\"https:\/\/doi.org\/10.1016\/j.oregeorev.2022.105275\">https:\/\/doi.org\/10.1016\/j.oregeorev.2022.105275<\/a><\/p>\n\n\n\n<hr class=\"wp-block-separator has-alpha-channel-opacity\"\/>\n\n\n\n<h3 class=\"wp-block-heading has-text-align-center\"><strong>2022<\/strong><\/h3>\n\n\n\n<p><strong>1.<\/strong> Gonz\u00e1lez-Jim\u00e9nez, J.M., Yesares, L., Pi\u00f1a, R., S\u00e1ez, R., Almod\u00f3var, G.R., Nieto, F., Tenorio, S. (2022) Polimetallic nanoparticle sin pyrite from massive and stockwork ores of VMS deposits of the Iberian Pyrite Belt. Ore Geology Reviews, 145: 104875 <a href=\"https:\/\/doi.org\/10.1016\/j.oregeorev.2022.104875\">https:\/\/doi.org\/10.1016\/j.oregeorev.2022.104875<\/a><\/p>\n\n\n\n<p><strong>2.<\/strong> G\u00f3mez-Arias, A., Yesares, L., D\u00edaz, J., Caraballo, M.A., Maleke, l., S\u00e1ez, R., van Heerden, E., Vermeulen, D., Nieto, J.M., Castillo, J. (2022) Mine waste from carbonatite deposits as potential rare earth resource: Insight into the Phalaborwa (Palabora) Complex. Journal of Geochemical Exploration, 232: 106884 <a href=\"https:\/\/doi.org\/10.1016\/j.gexplo.2021.106884\">https:\/\/doi.org\/10.1016\/j.gexplo.2021.106884<\/a><\/p>\n\n\n\n<p><strong>3.<\/strong> Linares-Catela, J. A., Mora, C., Adara L\u00f3pez A., Donaire, T., Vera-Rodr\u00edguez, J. C., Bueno Ram\u00edrez, P. (2022) El sitio megal\u00edtico de La Torre-La Janera (Huelva): monumentalidades prehist\u00f3ricas del Bajo Guadiana. Trabajos de Prehistoria, 79: 115-130.&nbsp; ISSN: 0082-5638 <a href=\"https:\/\/doi.org\/10.3989\/tp.2022.12290\">https:\/\/doi.org\/10.3989\/tp.2022.12290<\/a><\/p>\n\n\n\n<hr class=\"wp-block-separator has-alpha-channel-opacity\"\/>\n\n\n\n<h3 class=\"wp-block-heading has-text-align-center\"><strong>2021<\/strong><\/h3>\n\n\n\n<p><strong>1.<\/strong> S\u00e1ez R., Nocete F., Gil Ibarguchi J.I., Rodr\u00edguez-Bayona M., Inacio N., Quispe, D., Rodr\u00edguez J., Zalduegui J.F.S. (2021) A lead isotope database for copper mineralization along the Guadalquivir River Valley and surrounding \u00e1reas [Una base de datos de is\u00f3topos de plomo para mineralizaciones de cobre en el Valle del Guadalquivir y \u00e1reas adyacentes]. Journal of Iberian Geology, 47: 411-427 <a href=\"https:\/\/doi.org\/10.1007\/s41513-020-00151-y\">https:\/\/doi.org\/10.1007\/s41513-020-00151-y<\/a><\/p>\n\n\n\n<p><strong>2.<\/strong> Rivera Jim\u00e9nez, T., Garc\u00eda Sanju\u00e1n, L., D\u00edaz-Guardamino, M., Donaire, T., Morales, J. A., Lozano, J. A., Rogerio, M. A., Bermejo, J., Aguilera Collado, E. (2021) The Ca\u00f1averal de Le\u00f3n stela (Huelva, Spain). A monumental sculpture in a landscape of settlements and pathways. Journal of Archaeological Science: Reports 103251) <a href=\"https:\/\/doi.org\/10.1016\/j.jasrep.2021.103251\">https:\/\/doi.org\/10.1016\/j.jasrep.2021.103251<\/a><\/p>\n\n\n\n<p><strong>3.<\/strong> Pascual, E., Donaire, T., Toscano, M., Mac\u00edas, G., Pin, Ch., Hamilton, M.A. (2021) Geochemical and Volcanological Criteria in Assessing the Links between Volcanism and VMS Deposits: A Case on the Iberian Pyrite Belt, Spain\u201d. Minerals 11: 826. (2021) <a href=\"https:\/\/doi.org\/10.3390\/min11080826\">https:\/\/doi.org\/10.3390\/min11080826<\/a><\/p>\n\n\n\n<p><strong>4.<\/strong> Mu\u00f1iz, F., C\u00e1ceres; L. M., D\u00edaz-Zorita, M., Vargas, J. M., Bocherens, H., Nebelsick, J. H., Donaire, T., Rodr\u00edguez-Vidal, J. (2021) Environmental Implications and Chalcolithic Ornamental Use of Marine Barnacle Shells Present in the Tholos of \u2018La Pastora\u2019 (Valencina de la Concepci\u00f3n, Sevilla, Spain). Environmental Archaeology. 27: 496-507 <a href=\"https:\/\/doi.org\/10.1080\/14614103.2021.1891813\">https:\/\/doi.org\/10.1080\/14614103.2021.1891813<\/a><\/p>\n\n\n\n<hr class=\"wp-block-separator has-alpha-channel-opacity\"\/>\n\n\n\n<h3 class=\"wp-block-heading has-text-align-center\"><strong>2020<\/strong><\/h3>\n\n\n\n<p><strong>1.<\/strong> Donaire, T., Pascual, E., S\u00e1ez, R., Pin, C., Hamilton, M.A., Toscano, M. (2020) Geochemical and Nd isotopic signature of felsic volcanic rocks as a proxy of volcanic-hosted massive sulphide deposits in the Iberian Pyrite Belt (SW, Spain): The Paymogo Volcano-Sedimentary Alignment. Ore Geology Reviews, 120:103408 <a href=\"https:\/\/doi.org\/10.1016\/j.oregeorev.2020.103408\">https:\/\/doi.org\/10.1016\/j.oregeorev.2020.103408<\/a><\/p>\n\n\n\n<p><strong>2.<\/strong> Donaire, T., Pascual, E., S\u00e1ez, R., Toscano, M. (2020) Facies architecture and palaeoenvironmental constraints of subaqueous felsic volcanism in the Iberian Pyrite Belt: The Paymogo Volcano-Sedimentary Alignment. Journal of Volcanology and Geothermal Research, 405, 107045. <a href=\"https:\/\/doi.org\/10.1016\/j.jvolgeores.2020.107045\">https:\/\/doi.org\/10.1016\/j.jvolgeores.2020.107045<\/a><\/p>\n\n\n\n<hr class=\"wp-block-separator has-alpha-channel-opacity\"\/>\n\n\n\n<h3 class=\"wp-block-heading has-text-align-center\"><strong>2019<\/strong><\/h3>\n\n\n\n<p><strong>1.<\/strong> Moreno, C., Gonz\u00e1lez, F., S\u00e1ez, R. (2019) Basin evolution and massive sulfide deposition at Rammelsberg (Germany): Updating the subsidence analysis. Minerals, 9: 45 <a href=\"https:\/\/doi:10.3390\/min9010045\">https:\/\/doi:10.3390\/min9010045<\/a><\/p>\n\n\n\n<p><strong>2.<\/strong> Almod\u00f3var, G.R., Yesares, L., S\u00e1ez, R., Toscano, M., Gonz\u00e1lez, F., Pons, J.M. (2019) Massive Sulfide Ores in the Iberian Pyrite Belt: Mineralogical and Textural Evolution. Minerals, 9: 653 <a href=\"https:\/\/doi.org\/10.3390\/min9110653\">https:\/\/doi:10.3390\/min9110653<\/a><\/p>\n\n\n\n<p><strong>3.<\/strong> C\u00e1ceres, L. M., Vargas, J. M., Mu\u00f1iz, F., Donaire, T., Garc\u00eda San Juan, L., Odriozola, C., Rodr\u00edguez-Vidal, J. (2019) Natural \u201cmegalithic art\u201d at Valencina (Seville): a geoarchaeological approach to stone, architecture, and cultural choice in Copper Age Iberia. Archaeological and Anthropological Sciences, 11: 4621\u20134641 <a href=\"https:\/\/doi.org\/10.1007\/s12520-019-00870-z\">https:\/\/doi.org\/10.1007\/s12520-019-00870-z<\/a><\/p>\n\n\n\n<hr class=\"wp-block-separator has-alpha-channel-opacity\"\/>\n\n\n\n<h3 class=\"wp-block-heading has-text-align-center\"><strong>2018<\/strong><\/h3>\n\n\n\n<p><strong>1.<\/strong> MORENO, C., GONZ\u00c1LEZ, F., S\u00c1EZ, R., MELGAREJO, JC, SU\u00c1REZ-RUIZ, I. (2018) The Upper Devonian Kellwasser event recorded in a regressive sequence from inner shelf to lagoonal pond, Catalan Coastal Ranges, Spain. (en l\u00ednea) <a href=\"https:\/\/doi.org\/10.1111\/sed.12457\">doi.org\/10.1111\/sed.12457<\/a><\/p>\n\n\n\n<p><strong>2.<\/strong> NOCETE, F., S\u00c1EZ, R., NAVARRO, A.D., SAN MART\u00cdN, C., GIL-IBARGUCHI, J.I., (2018) The gold of the Carambolo Treasure: New data on its origin by elemental (LA-ICP-MS) and lead isotope (MC-ICP-MS) analysis. Journal of Archaeological Science, 92: 87-102 <a href=\"https:\/\/doi.org\/10.1016\/j.jas.2018.02.011\">doi.org\/10.1016\/j.jas.2018.02.011<\/a><\/p>\n\n\n\n<hr class=\"wp-block-separator has-alpha-channel-opacity\"\/>\n\n\n\n<h3 class=\"wp-block-heading has-text-align-center\"><strong>2017<\/strong><\/h3>\n\n\n\n<p><strong>1.<\/strong> YESARES, L., S\u00c1EZ, R., ALMOD\u00d3VAR, GR, NIETO, JM, G\u00d3MEZ, C., OVEJERO, G. (2017) Mineralogical evolution of the Las Cruces gossan cap (Iberian Pyrite Belt): From subaerial to underground conditions. Ore Geology Reviews, 80: 377-405 <a href=\"https:\/\/doi.org\/10.1016\/j.oregeorev.2016.05.018\">doi.org\/10.1016\/j.oregeorev.2016.05.018<\/a><\/p>\n\n\n\n<p><strong>2.<\/strong> LORENZO, E., BORREGO, AG, M\u00c1RQUEZ, G., GONZ\u00c1LEZ, F. MORENO, C. (2017) Petrography, biomarker composition, mineralogy, inorganic geochemistry and paleodepositional environment of coals from La Ballesta mine, Pe\u00f1arroya Basin, Spain . Journal of Iberian Geology, 43:&nbsp; 13\u201332 <a href=\"https:\/\/link.springer.com\/article\/10.1007\/s41513-017-0002-x\">doi.org\/10.1007\/s41513-017-0002-x<\/a><\/p>\n\n\n\n<hr class=\"wp-block-separator has-alpha-channel-opacity\"\/>\n\n\n\n<h3 class=\"wp-block-heading has-text-align-center\"><strong>2016<\/strong><\/h3>\n\n\n\n<p><strong>1.<\/strong> GONZ\u00c1LEZ, F., MORENO, C., LORENZO, E., M\u00c1RQUEZ, G. (2016) Factors controlling the vegetation distribution and coal-forming environments in a strike-slip basin. The Pennsylvanian Pe\u00f1arroya-Belmez-Espiel Basin, southern Spain. Terra Nova, 28: 171-180, <a href=\"https:\/\/doi.org\/10.1111\/ter.12205\">doi.org\/10.1111\/ter.12205<\/a><\/p>\n\n\n\n<hr class=\"wp-block-separator has-alpha-channel-opacity\"\/>\n\n\n\n<h3 class=\"wp-block-heading has-text-align-center\"><strong>2015<\/strong><\/h3>\n\n\n\n<p><strong>1.<\/strong> YESARES, L., S\u00c1EZ, R., NIETO, J.M., ALMOD\u00d3VAR, G.R., G\u00d3MEZ, C., ESCOBAR, J.M. (2015) The Las Cruces deposit, Iberian Pyrite Belt, Spain. Ore Geology Reviews, 66: 25-46 <a href=\"https:\/\/doi.org\/10.1016\/j.oregeorev.2014.10.019\">https:\/\/doi.org\/10.1016\/j.oregeorev.2014.10.019<\/a><\/p>\n\n\n\n<p><strong>2.<\/strong> YESARES L., T. AIGLSPERGER, R. S\u00c1EZ, G. R. ALMOD\u00d3VAR, J.M. NIETO, J.A. PROENZA, C. G\u00d3MEZ, J.M. ESCOBAR. (2015) Gold behavior in supergene profiles under changing redox conditions : the example of the Las Cruces Deposit, Iberian Pyrite Belt. Society of Economic Geologists, 110, 2109-2126 <a href=\"https:\/\/doi.org\/10.2113\/econgeo.110.8.2109\">https:\/\/doi.org\/10.2113\/econgeo.110.8.2109<\/a><\/p>\n\n\n\n<p><strong>3.<\/strong> GONZ\u00c1LEZ, F., MORENO, C., MELGAREJO, J.C., S\u00c1EZ, R. (2015) Palynological age constraint of Les Vilelles unit, Catalan Coastal Chain, Spain. Geologica Acta, 13: 345-361 doi: 10.1344 \/ 2015.13.4.7.<\/p>\n\n\n\n<hr class=\"wp-block-separator has-alpha-channel-opacity\"\/>\n\n\n\n<h3 class=\"wp-block-heading has-text-align-center\"><strong>2014<\/strong><\/h3>\n\n\n\n<p><strong>1.<\/strong> YESARES, L., S\u00c1EZ, R., NIETO, JM, ALMOD\u00d3VAR, GR, COOPER, S. (2014) Supergene enrichment of precious metals by natural amalgamation in the Las Cruces weathering profile (Iberian Pyrite Belt, SW Spain). Ore Geology Reviews, 58: 14-26 <a href=\"https:\/\/doi.org\/10.1016\/j.oregeorev.2013.10.004\">https:\/\/doi.org\/10.1016\/j.oregeorev.2013.10.004<\/a><\/p>\n\n\n\n<p><strong>2.<\/strong> NOCETE, F., S\u00c1EZ, R., BAYONA, M.R., NIETO, J.M., PERAMO, A., L\u00d3PEZ, P., GIL-IBARGUCHI, J.I., IN\u00c1CIO, N., GARC\u00cdA, A, S. RODR\u00cdGUEZ D, J. (2014) Gold in the Southwest of the Iberian Peninsula during the 3rd Millennium BC. Journal of Archaeological Science, 41: 691-704 <a href=\"https:\/\/doi.org\/10.1016\/j.jas.2013.10.006\">https:\/\/doi.org\/10.1016\/j.jas.2013.10.006<\/a><\/p>\n\n\n\n<p><strong>3.<\/strong> TOSCANO, M., PASCUAL, E., NESBITT, R.W., ALMOD\u00d3VAR, G.R., S\u00c1EZ, R., DONAIRE, T. (2014). Geochemical discrimination of hydrothermal and igneous zircon in the Iberian Pyrite Belt, Spain. Ore Geology Reviews, 56: 301-311 <a href=\"https:\/\/doi.org\/10.1016\/j.oregeorev.2013.06.007\">https:\/\/doi.org\/10.1016\/j.oregeorev.2013.06.007<\/a><\/p>\n\n\n\n<p><strong>4.<\/strong> C\u00c1CERES, LM \/ MU\u00d1IZ, F. \/ RODR\u00cdGUEZ-VIDAL, J. \/ VARGAS, JM \/ DONAIRE, T. (2014) Marine bioerosion in rocks of the prehistoric tholos of La Pastora (Valencina de la Concepci\u00f3n, Seville, Spain): archaeological and palaeoenvironmental implications. Journal of Archaeological Science, 41: 435-446 <a href=\"https:\/\/doi.org\/10.1016\/j.jas.2013.09.001\">https:\/\/doi.org\/10.1016\/j.jas.2013.09.001<\/a><\/p>\n\n\n\n<p><strong>5.<\/strong> ARMAS, P., MORENO, C., SANCHEZ, L. y GONZ\u00c1LEZ, F. (2014) Sedimentary palaeoenvironment, petrography, provenance and diagenetic inference of the Anacleto Formation in the Neuqu\u00e9n Basin, Late Cretaceous, Argentina. Journal of South American Earth Sciences, 53: 1-18 <a href=\"_wp_link_placeholder\" data-wplink-edit=\"true\">https:\/\/doi.org\/10.1016\/j.jsames.2014.03.004<\/a><\/p>\n<\/div>\n<\/div>\n","protected":false},"excerpt":{"rendered":"<p>Publicaciones Unidad de Recursos Minerales PUBLICACIONES INTERNACIONALES 2024 1. S\u00e1ez, R. \/ Gonz\u00e1lez, F. \/ Donaire, T. \/ Toscano, M. \/ Yesares, L. \/ Ruiz de Almod\u00f3var, G.R. \/ Moreno, C. 2024.Updating Geological Information about the metallogenesis of the Iberian Pyrite Belt.Minerals, 14, 860. https:\/\/doi.org\/10.3390\/min14090860 2. C\u00e1ceres, L.M. \/ Donaire, T. \/ Ram\u00edrez-Cruzado, S. \/ &hellip;<\/p>\n<p class=\"read-more\"> <a class=\"\" href=\"https:\/\/www.uhu.es\/rensma\/publicaciones-ymac\/\"> <span class=\"screen-reader-text\">Publicaciones<\/span> Leer m\u00e1s &raquo;<\/a><\/p>\n","protected":false},"author":2,"featured_media":0,"parent":0,"menu_order":0,"comment_status":"closed","ping_status":"closed","template":"","meta":{"site-sidebar-layout":"default","site-content-layout":"","ast-site-content-layout":"","site-content-style":"default","site-sidebar-style":"default","ast-global-header-display":"","ast-banner-title-visibility":"","ast-main-header-display":"","ast-hfb-above-header-display":"","ast-hfb-below-header-display":"","ast-hfb-mobile-header-display":"","site-post-title":"","ast-breadcrumbs-content":"","ast-featured-img":"","footer-sml-layout":"","theme-transparent-header-meta":"","adv-header-id-meta":"","stick-header-meta":"","header-above-stick-meta":"","header-main-stick-meta":"","header-below-stick-meta":"","astra-migrate-meta-layouts":"","footnotes":""},"_links":{"self":[{"href":"https:\/\/www.uhu.es\/rensma\/wp-json\/wp\/v2\/pages\/492"}],"collection":[{"href":"https:\/\/www.uhu.es\/rensma\/wp-json\/wp\/v2\/pages"}],"about":[{"href":"https:\/\/www.uhu.es\/rensma\/wp-json\/wp\/v2\/types\/page"}],"author":[{"embeddable":true,"href":"https:\/\/www.uhu.es\/rensma\/wp-json\/wp\/v2\/users\/2"}],"replies":[{"embeddable":true,"href":"https:\/\/www.uhu.es\/rensma\/wp-json\/wp\/v2\/comments?post=492"}],"version-history":[{"count":14,"href":"https:\/\/www.uhu.es\/rensma\/wp-json\/wp\/v2\/pages\/492\/revisions"}],"predecessor-version":[{"id":6106,"href":"https:\/\/www.uhu.es\/rensma\/wp-json\/wp\/v2\/pages\/492\/revisions\/6106"}],"wp:attachment":[{"href":"https:\/\/www.uhu.es\/rensma\/wp-json\/wp\/v2\/media?parent=492"}],"curies":[{"name":"wp","href":"https:\/\/api.w.org\/{rel}","templated":true}]}}