{"id":511,"date":"2019-04-10T10:26:33","date_gmt":"2019-04-10T08:26:33","guid":{"rendered":"http:\/\/www.uhu.es\/rensma\/?page_id=511"},"modified":"2025-06-10T08:54:52","modified_gmt":"2025-06-10T06:54:52","slug":"proyectos-ldps","status":"publish","type":"page","link":"https:\/\/www.uhu.es\/rensma\/proyectos-ldps\/","title":{"rendered":"Proyectos"},"content":{"rendered":"\n<div class=\"wp-block-cover alignfull is-light\"><span aria-hidden=\"true\" class=\"wp-block-cover__background has-background-dim\"><\/span><img decoding=\"async\" loading=\"lazy\" width=\"940\" height=\"300\" class=\"wp-block-cover__image-background wp-image-806\" alt=\"\" src=\"https:\/\/www.uhu.es\/rensma\/wp-content\/uploads\/2019\/06\/Slider.jpg\" data-object-fit=\"cover\" srcset=\"https:\/\/www.uhu.es\/rensma\/wp-content\/uploads\/2019\/06\/Slider.jpg 940w, https:\/\/www.uhu.es\/rensma\/wp-content\/uploads\/2019\/06\/Slider-300x96.jpg 300w, https:\/\/www.uhu.es\/rensma\/wp-content\/uploads\/2019\/06\/Slider-768x245.jpg 768w\" sizes=\"(max-width: 940px) 100vw, 940px\" \/><div class=\"wp-block-cover__inner-container is-layout-constrained wp-block-cover-is-layout-constrained\">\n<p class=\"has-text-align-center has-large-font-size\"><\/p>\n\n\n\n<div style=\"height:100px\" aria-hidden=\"true\" class=\"wp-block-spacer\"><\/div>\n<\/div><\/div>\n\n\n\n<h1 class=\"wp-block-heading has-text-align-center\" style=\"margin-top:var(--wp--preset--spacing--70)\">Proyectos<\/h1>\n\n\n\n<h3 class=\"wp-block-heading has-text-align-center\" style=\"text-transform:uppercase\"><strong>Salud mental y consumo de drogas: Determinantes y medici\u00f3n psicol\u00f3gica<\/strong><\/h3>\n\n\n\n<div class=\"wp-block-columns is-layout-flex wp-container-6 wp-block-columns-is-layout-flex\">\n<div class=\"wp-block-column is-layout-flow wp-block-column-is-layout-flow\" style=\"flex-basis:33.33%\">\n<p class=\"has-ast-global-color-5-color has-ast-global-color-0-background-color has-text-color has-background\">Men\u00fa laboratorio<\/p>\n\n\n<nav class=\" is-vertical wp-block-navigation is-layout-flex wp-container-3 wp-block-navigation-is-layout-flex\" aria-label=\"Menu LDPS\"><ul class=\"wp-block-navigation__container  is-vertical wp-block-navigation\"><li class=\" wp-block-navigation-item wp-block-navigation-link\"><a class=\"wp-block-navigation-item__content\"  href=\"https:\/\/www.uhu.es\/rensma\/presentacion-ldps\/\"><span class=\"wp-block-navigation-item__label\">Presentaci\u00f3n<\/span><\/a><\/li><li class=\" wp-block-navigation-item wp-block-navigation-link\"><a class=\"wp-block-navigation-item__content\"  href=\"https:\/\/www.uhu.es\/rensma\/lineas-de-investigacion-ldps\/\"><span class=\"wp-block-navigation-item__label\">L\u00edneas de Investigaci\u00f3n<\/span><\/a><\/li><li class=\" wp-block-navigation-item wp-block-navigation-link\"><a class=\"wp-block-navigation-item__content\"  href=\"https:\/\/www.uhu.es\/rensma\/miembros-ldps\/\"><span class=\"wp-block-navigation-item__label\">Miembros<\/span><\/a><\/li><li class=\" wp-block-navigation-item wp-block-navigation-link\"><a class=\"wp-block-navigation-item__content\"  href=\"https:\/\/www.uhu.es\/rensma\/proyectos-ldps\/\"><span class=\"wp-block-navigation-item__label\">Proyectos<\/span><\/a><\/li><li class=\" wp-block-navigation-item wp-block-navigation-link\"><a class=\"wp-block-navigation-item__content\"  href=\"https:\/\/www.uhu.es\/rensma\/publicaciones-ldps\/\"><span class=\"wp-block-navigation-item__label\">Publicaciones<\/span><\/a><\/li><li class=\" wp-block-navigation-item wp-block-navigation-link\"><a class=\"wp-block-navigation-item__content\"  href=\"https:\/\/www.uhu.es\/rensma\/tesis-doctorales-ldps\/\"><span class=\"wp-block-navigation-item__label\">Tesis Doctorales<\/span><\/a><\/li><li class=\" wp-block-navigation-item wp-block-navigation-link\"><a class=\"wp-block-navigation-item__content\"  href=\"https:\/\/www.uhu.es\/rensma\/tests-psicometricos\/\"><span class=\"wp-block-navigation-item__label\">Tests psicom\u00e9tricos<\/span><\/a><\/li><li class=\" wp-block-navigation-item wp-block-navigation-link\"><a class=\"wp-block-navigation-item__content\"  href=\"https:\/\/www.uhu.es\/rensma\/infraestructuras-ldps\/\"><span class=\"wp-block-navigation-item__label\">Infraestructuras<\/span><\/a><\/li><li class=\" wp-block-navigation-item wp-block-navigation-link\"><a class=\"wp-block-navigation-item__content\"  href=\"https:\/\/www.uhu.es\/rensma\/colaboraciones-ldps\/\"><span class=\"wp-block-navigation-item__label\">Colaboraciones<\/span><\/a><\/li><li class=\" wp-block-navigation-item wp-block-navigation-link\"><a class=\"wp-block-navigation-item__content\"  href=\"https:\/\/www.uhu.es\/rensma\"><span class=\"wp-block-navigation-item__label\">\u226a Volver &#8230;<\/span><\/a><\/li><\/ul><\/nav><\/div>\n\n\n\n<div class=\"wp-block-column is-layout-flow wp-block-column-is-layout-flow\" style=\"flex-basis:66.66%\">\n<h2 class=\"wp-block-heading\"><strong>P<\/strong>royectos activos<\/h2>\n\n\n\n<div class=\"wp-block-pb-accordion-item c-accordion__item js-accordion-item no-js\" data-initially-open=\"false\" data-click-to-close=\"true\" data-auto-close=\"true\" data-scroll=\"false\" data-scroll-offset=\"0\"><h3 id=\"at-5110\" class=\"c-accordion__title js-accordion-controller\" role=\"button\">1. COMPARA: Comorbilidad Psiqui\u00e1trica en Adicciones y Resultados en Andaluc\u00eda. Modelizaci\u00f3n a trav\u00e9s de Big Data. (P20-007325)<\/h3><div id=\"ac-5110\" class=\"c-accordion__content\">\n<p><strong>Programa financiador:<\/strong>&nbsp;Ayudas Proyectos I+D+I de Entidades P\u00fablicas<br><strong>\u00c1mbito del proyecto:<\/strong>&nbsp;Auton\u00f3mico<br><strong>Entidad financiadora:<\/strong>&nbsp;Junta de Andaluc\u00eda<br><strong>Responsable:<\/strong>&nbsp;Oscar M. Lozano Rojas<br><strong>Fecha inicio:<\/strong>&nbsp;10\/10\/2021;&nbsp;<strong>Fecha fin:<\/strong>31\/12\/2022<br><strong>Cuant\u00eda total:<\/strong>&nbsp;59.700,00 \u20ac<\/p>\n<\/div><\/div>\n\n\n\n<div class=\"wp-block-pb-accordion-item c-accordion__item js-accordion-item no-js\" data-initially-open=\"false\" data-click-to-close=\"true\" data-auto-close=\"true\" data-scroll=\"false\" data-scroll-offset=\"0\"><h3 id=\"at-5111\" class=\"c-accordion__title js-accordion-controller\" role=\"button\">2. Cambio fiable y cl\u00ednicamente relevante Del Inventory of Depression and Anxiety Symptoms II: Un estudio Longitudinal sobre su utilidad cl\u00ednica (PID2020-116187RB-I00)<\/h3><div id=\"ac-5111\" class=\"c-accordion__content\">\n<p><strong>Programa financiador:<\/strong>&nbsp;Retos 2020<br><strong>\u00c1mbito del proyecto:<\/strong>&nbsp;Nacional<br><strong>Entidad financiadora:<\/strong>&nbsp;Ministerio de Ciencia e Innovaci\u00f3n<br><strong>Responsable:<\/strong>&nbsp;Carmen D\u00edaz Batanero<br><strong>Fecha inicio:<\/strong>&nbsp;1\/09\/2021;&nbsp;<strong>Fecha fin:<\/strong>&nbsp;31\/08\/2025<br><strong>Cuant\u00eda total:<\/strong>&nbsp;42.350,00 \u20ac<\/p>\n<\/div><\/div>\n\n\n\n<div class=\"wp-block-pb-accordion-item c-accordion__item js-accordion-item no-js\" data-initially-open=\"false\" data-click-to-close=\"true\" data-auto-close=\"true\" data-scroll=\"false\" data-scroll-offset=\"0\"><h3 id=\"at-5112\" class=\"c-accordion__title js-accordion-controller\" role=\"button\">3. Reducci\u00f3n del uso de cannabis y sus consecuencias en j\u00f3venes: un estudio psicosocial longitudinal desde la Teor\u00eda de la Conducta Planificada y las estrategias de protecci\u00f3n (PID 2020-118229RB-100)<\/h3><div id=\"ac-5112\" class=\"c-accordion__content\">\n<p><strong>Programa financiador:<\/strong>&nbsp;Retos 2020<br><strong>\u00c1mbito del proyecto:<\/strong>&nbsp;Nacional<br><strong>Entidad financiadora:<\/strong>&nbsp;Ministerio de Ciencia e Innovaci\u00f3n<br><strong>Responsable:<\/strong>&nbsp;Ferm\u00edn Fern\u00e1ndez Calder\u00f3n<br><strong>Fecha inicio:<\/strong>&nbsp;1\/09\/2021;&nbsp;<strong>Fecha fin:<\/strong>&nbsp;31\/08\/2025<\/p>\n<\/div><\/div>\n\n\n\n<div class=\"wp-block-pb-accordion-item c-accordion__item js-accordion-item no-js\" data-initially-open=\"false\" data-click-to-close=\"true\" data-auto-close=\"true\" data-scroll=\"false\" data-scroll-offset=\"0\"><h3 id=\"at-5113\" class=\"c-accordion__title js-accordion-controller\" role=\"button\">4. Network-Psyco: Modelling through empirical networks of connections between psychological facets and traits.<\/h3><div id=\"ac-5113\" class=\"c-accordion__content\">\n<p><strong>Programa financiador:<\/strong>&nbsp;Programa Operativo FEDER-Andalucia<br><strong>\u00c1mbito del proyecto:<\/strong>&nbsp;Local<br><strong>Responsable:<\/strong>&nbsp;Carmen D\u00edaz Batanero<br><strong>Fecha inicio:<\/strong>&nbsp;1\/01\/2020;&nbsp;<strong>Fecha fin:<\/strong>&nbsp;31\/12\/2022<\/p>\n<\/div><\/div>\n\n\n\n<div style=\"height:100px\" aria-hidden=\"true\" class=\"wp-block-spacer\"><\/div>\n\n\n\n<h2 class=\"wp-block-heading has-text-align-left\"><strong>P<\/strong>royectos anteriores<\/h2>\n\n\n\n<div class=\"wp-block-pb-accordion-item c-accordion__item js-accordion-item no-js\" data-initially-open=\"false\" data-click-to-close=\"true\" data-auto-close=\"true\" data-scroll=\"false\" data-scroll-offset=\"0\"><h3 id=\"at-5114\" class=\"c-accordion__title js-accordion-controller\" role=\"button\">1. Impacto de las estrategias conductuales de protecci\u00f3n sobre la salud ante el consumo abusivo de alcohol en j\u00f3venes: un estudio longitudinal en el marco dela Teor\u00eda de Acci\u00f3n Planificada. PI-0503-2018.<\/h3><div id=\"ac-5114\" class=\"c-accordion__content\">\n<p><strong>Programa financiador:<\/strong>&nbsp;Proyectos de Investigaci\u00f3n en Salud<br><strong>\u00c1mbito del proyecto:<\/strong>&nbsp;Auton\u00f3mico<br><strong>Entidad financiadora:<\/strong>&nbsp;Fundaci\u00f3n Progreso y Salud<br><strong>Responsable:<\/strong>&nbsp;Ferm\u00edn Fern\u00e1ndez Calder\u00f3n<br><strong>Fecha inicio:<\/strong>&nbsp;01\/01\/2019;&nbsp;<strong>Fecha fin:<\/strong>&nbsp;31\/12\/2020<br><strong>Cuant\u00eda total:<\/strong>&nbsp;10.476,79 \u20ac<\/p>\n<\/div><\/div>\n\n\n\n<div class=\"wp-block-pb-accordion-item c-accordion__item js-accordion-item no-js\" data-initially-open=\"false\" data-click-to-close=\"true\" data-auto-close=\"true\" data-scroll=\"false\" data-scroll-offset=\"0\"><h3 id=\"at-5115\" class=\"c-accordion__title js-accordion-controller\" role=\"button\">2. Estudio longitudinal de una nueva bater\u00eda neuropsicol\u00f3gica para la prevenci\u00f3n de reca\u00eddas de pacientes con trastorno por consumo de alcohol y coca\u00edna: estudio de precisi\u00f3n y evidencias de validez. PSI2016-79368-R.<\/h3><div id=\"ac-5115\" class=\"c-accordion__content\">\n<p><strong>Programa financiador:<\/strong>&nbsp;PROGRAMA RETOS I+D+I<br><strong>\u00c1mbito del proyecto:<\/strong>&nbsp;Nacional<br><strong>Entidad financiadora:<\/strong>&nbsp;Ministerio de Econom\u00eda y Competitividad<br><strong>Responsable:<\/strong>&nbsp;Oscar M. Lozano Rojas<br><strong>Fecha inicio:<\/strong>&nbsp;01\/01\/2017;&nbsp;<strong>Fecha fin:<\/strong>&nbsp;31\/12\/2019<br><strong>Cuant\u00eda total:<\/strong>&nbsp;27.830,00 \u20ac<\/p>\n<\/div><\/div>\n\n\n\n<div class=\"wp-block-pb-accordion-item c-accordion__item js-accordion-item no-js\" data-initially-open=\"false\" data-click-to-close=\"true\" data-auto-close=\"true\" data-scroll=\"false\" data-scroll-offset=\"0\"><h3 id=\"at-5116\" class=\"c-accordion__title js-accordion-controller\" role=\"button\">3. Estudio longitudinal del efecto del tratamiento sobre la recuperaci\u00f3n de las funciones ejecutivas en pacientes con dependencia a coca\u00edna y alcohol: implicaciones sobre los resultados terap\u00e9uticos. Q7150008F PSI2016-79368-R.<\/h3><div id=\"ac-5116\" class=\"c-accordion__content\">\n<p><strong>Programa financiador:<\/strong>&nbsp;Plan Nacional sobre Drogas<br><strong>\u00c1mbito del proyecto:<\/strong>&nbsp;Nacional<br><strong>Entidad financiadora:<\/strong>&nbsp;Ministerio de Sanidad, Pol\u00edtica Social e Igualdad<br><strong>Responsable:<\/strong>&nbsp;Oscar M. Lozano Rojas<br><strong>Fecha inicio:<\/strong>&nbsp;01\/01\/2017;&nbsp;<strong>Fecha fin:<\/strong>&nbsp;31\/12\/2019<br><strong>Cuant\u00eda total:<\/strong>&nbsp;22.769,00 \u20ac<\/p>\n<\/div><\/div>\n\n\n\n<div class=\"wp-block-pb-accordion-item c-accordion__item js-accordion-item no-js\" data-initially-open=\"false\" data-click-to-close=\"true\" data-auto-close=\"true\" data-scroll=\"false\" data-scroll-offset=\"0\"><h3 id=\"at-5117\" class=\"c-accordion__title js-accordion-controller\" role=\"button\">4. An\u00e1lisis de la Intervenci\u00f3n de Los Pacientes Con Patolog\u00eda Dual: Estudio Longitudinal Sobre Los Factores Que Intervienen en la Estabilidad Psicopatol\u00f3gica y la Calidad de Vida. PI-0287-2014.<\/h3><div id=\"ac-5117\" class=\"c-accordion__content\">\n<p><strong>Programa financiador:<\/strong>&nbsp;Proyectos de Investigaci\u00f3n Biom\u00e9dica y Ciencias de la Salud<br><strong>\u00c1mbito del proyecto:<\/strong>&nbsp;Auton\u00f3mica<br><strong>Entidad financiadora:<\/strong>&nbsp;Junta de Andaluc\u00eda<br><strong>Responsable:<\/strong>&nbsp;Oscar M. Lozano Rojas<br><strong>Fecha inicio:<\/strong>&nbsp;31\/07\/2015;&nbsp;<strong>Fecha fin:<\/strong>&nbsp;30\/07\/2017<br><strong>Cuant\u00eda total:<\/strong>&nbsp;38.118,97 \u20ac<\/p>\n<\/div><\/div>\n\n\n\n<div class=\"wp-block-pb-accordion-item c-accordion__item js-accordion-item no-js\" data-initially-open=\"false\" data-click-to-close=\"true\" data-auto-close=\"true\" data-scroll=\"false\" data-scroll-offset=\"0\"><h3 id=\"at-5118\" class=\"c-accordion__title js-accordion-controller\" role=\"button\">5. Diagn\u00f3stico de gravedad de dependencia a sustancias psicoactivas seg\u00fan criterios DSM-IV. Adaptaci\u00f3n al espa\u00f1ol de la entrevista cl\u00ednica Substance Dependence Severity Scale.<\/h3><div id=\"ac-5118\" class=\"c-accordion__content\">\n<p><strong>C\u00f3digo:<\/strong>&nbsp;PI10\/01155<br><strong>Programa financiador:<\/strong>&nbsp;Proyectos de Investigaci\u00f3n en Salud<br><strong>\u00c1mbito del proyecto:<\/strong>&nbsp;Nacional<br><strong>Entidad financiadora:<\/strong>&nbsp;Ministerio de Ciencia e Innovaci\u00f3n<br><strong>Responsable:<\/strong>&nbsp;Oscar M. Lozano Rojas<br><strong>Fecha inicio:<\/strong>&nbsp;01\/01\/2011;&nbsp;<strong>Fecha fin:<\/strong>&nbsp;30\/06\/2014<br><strong>Cuant\u00eda total:<\/strong>&nbsp;30.613,00 \u20ac<\/p>\n<\/div><\/div>\n<\/div>\n<\/div>\n","protected":false},"excerpt":{"rendered":"<p>Proyectos Salud mental y consumo de drogas: Determinantes y medici\u00f3n psicol\u00f3gica Proyectos activos Proyectos anteriores<\/p>\n","protected":false},"author":2,"featured_media":0,"parent":0,"menu_order":0,"comment_status":"closed","ping_status":"closed","template":"","meta":{"site-sidebar-layout":"default","site-content-layout":"","ast-site-content-layout":"","site-content-style":"default","site-sidebar-style":"default","ast-global-header-display":"","ast-banner-title-visibility":"","ast-main-header-display":"","ast-hfb-above-header-display":"","ast-hfb-below-header-display":"","ast-hfb-mobile-header-display":"","site-post-title":"","ast-breadcrumbs-content":"","ast-featured-img":"","footer-sml-layout":"","theme-transparent-header-meta":"","adv-header-id-meta":"","stick-header-meta":"","header-above-stick-meta":"","header-main-stick-meta":"","header-below-stick-meta":"","astra-migrate-meta-layouts":"","footnotes":""},"_links":{"self":[{"href":"https:\/\/www.uhu.es\/rensma\/wp-json\/wp\/v2\/pages\/511"}],"collection":[{"href":"https:\/\/www.uhu.es\/rensma\/wp-json\/wp\/v2\/pages"}],"about":[{"href":"https:\/\/www.uhu.es\/rensma\/wp-json\/wp\/v2\/types\/page"}],"author":[{"embeddable":true,"href":"https:\/\/www.uhu.es\/rensma\/wp-json\/wp\/v2\/users\/2"}],"replies":[{"embeddable":true,"href":"https:\/\/www.uhu.es\/rensma\/wp-json\/wp\/v2\/comments?post=511"}],"version-history":[{"count":12,"href":"https:\/\/www.uhu.es\/rensma\/wp-json\/wp\/v2\/pages\/511\/revisions"}],"predecessor-version":[{"id":6119,"href":"https:\/\/www.uhu.es\/rensma\/wp-json\/wp\/v2\/pages\/511\/revisions\/6119"}],"wp:attachment":[{"href":"https:\/\/www.uhu.es\/rensma\/wp-json\/wp\/v2\/media?parent=511"}],"curies":[{"name":"wp","href":"https:\/\/api.w.org\/{rel}","templated":true}]}}