{"id":185,"date":"2024-08-28T02:25:32","date_gmt":"2024-08-28T00:25:32","guid":{"rendered":"https:\/\/www.uhu.es\/rutaodsuhu\/?page_id=185"},"modified":"2024-09-19T23:53:23","modified_gmt":"2024-09-19T21:53:23","slug":"huertos-universitarios","status":"publish","type":"page","link":"https:\/\/www.uhu.es\/rutaodsuhu\/huertos-universitarios\/","title":{"rendered":"Huertos Universitarios"},"content":{"rendered":"\n[et_pb_section fb_built=\u00bb1&#8243; _builder_version=\u00bb4.22.1&#8243; _module_preset=\u00bbdefault\u00bb custom_padding=\u00bb4px|||||\u00bb global_colors_info=\u00bb{}\u00bb][et_pb_row _builder_version=\u00bb4.22.1&#8243; _module_preset=\u00bbdefault\u00bb global_colors_info=\u00bb{}\u00bb][et_pb_column type=\u00bb4_4&#8243; _builder_version=\u00bb4.22.1&#8243; _module_preset=\u00bbdefault\u00bb global_colors_info=\u00bb{}\u00bb][et_pb_text _builder_version=\u00bb4.22.1&#8243; _module_preset=\u00bbdefault\u00bb animation_style=\u00bbfade\u00bb global_colors_info=\u00bb{}\u00bb]<h1 style=\"text-align: center;\"><span style=\"color: #0000ff;\">Huertos Universitarios<\/span><\/h1>\n<p><span style=\"color: #0000ff;\"><\/span><\/p>\n<p><span style=\"color: #000000;\">El huerto universitario es un recurso valioso que combina la teor\u00eda con la pr\u00e1ctica, promoviendo la sostenibilidad y la conexi\u00f3n con la naturaleza.<\/span><\/p>\n<p><span><\/span><\/p>\n[\/et_pb_text][et_pb_video src=\u00bbhttps:\/\/www.uhu.es\/rutaodsuhu\/wp-content\/uploads\/2024\/09\/Video-Huertos-Universitarios.mp4&#8243; play_icon_color=\u00bbRGBA(255,255,255,0)\u00bb font_icon=\u00bb&#x49;||divi||400&#8243; _builder_version=\u00bb4.22.1&#8243; _module_preset=\u00bbdefault\u00bb animation_style=\u00bbfade\u00bb hover_enabled=\u00bb0&#8243; border_radii=\u00bbon|1px|1px|1px|1px\u00bb border_width_all=\u00bb1px\u00bb global_colors_info=\u00bb{}\u00bb title_text=\u00bbVideo-Huertos-Universitarios\u00bb sticky_enabled=\u00bb0&#8243;][\/et_pb_video][\/et_pb_column][\/et_pb_row][et_pb_row column_structure=\u00bb1_2,1_2&#8243; _builder_version=\u00bb4.22.1&#8243; _module_preset=\u00bbdefault\u00bb custom_padding=\u00bb33px|||||\u00bb box_shadow_style=\u00bbpreset2&#8243; global_colors_info=\u00bb{}\u00bb][et_pb_column type=\u00bb1_2&#8243; _builder_version=\u00bb4.22.1&#8243; _module_preset=\u00bbdefault\u00bb global_colors_info=\u00bb{}\u00bb][et_pb_gallery gallery_ids=\u00bb225,226,227,229&#8243; fullwidth=\u00bbon\u00bb _builder_version=\u00bb4.22.1&#8243; _module_preset=\u00bbdefault\u00bb custom_margin=\u00bb|||35px|false|false\u00bb hover_transition_duration=\u00bb100ms\u00bb global_colors_info=\u00bb{}\u00bb][\/et_pb_gallery][\/et_pb_column][et_pb_column type=\u00bb1_2&#8243; _builder_version=\u00bb4.22.1&#8243; _module_preset=\u00bbdefault\u00bb global_colors_info=\u00bb{}\u00bb][et_pb_text _builder_version=\u00bb4.22.1&#8243; _module_preset=\u00bbdefault\u00bb custom_padding=\u00bb|20px|||false|false\u00bb global_colors_info=\u00bb{}\u00bb]<p style=\"text-align: justify;\">El huerto universitario es un recurso valioso que combina la teor\u00eda con la pr\u00e1ctica, promoviendo la sostenibilidad y la conexi\u00f3n con la naturaleza.<br \/><span><\/span><\/p>\n<p><img loading=\"lazy\" decoding=\"async\" src=\"https:\/\/www.uhu.es\/rutaodsuhu\/wp-content\/uploads\/2024\/08\/ods2-300x300.png\" width=\"100\" height=\"100\" alt=\"\" class=\"wp-image-216 alignnone size-medium\" srcset=\"https:\/\/www.uhu.es\/rutaodsuhu\/wp-content\/uploads\/2024\/08\/ods2-300x300.png 300w, https:\/\/www.uhu.es\/rutaodsuhu\/wp-content\/uploads\/2024\/08\/ods2-1024x1024.png 1024w, https:\/\/www.uhu.es\/rutaodsuhu\/wp-content\/uploads\/2024\/08\/ods2-150x150.png 150w, https:\/\/www.uhu.es\/rutaodsuhu\/wp-content\/uploads\/2024\/08\/ods2-768x768.png 768w, https:\/\/www.uhu.es\/rutaodsuhu\/wp-content\/uploads\/2024\/08\/ods2-1080x1080.png 1080w, https:\/\/www.uhu.es\/rutaodsuhu\/wp-content\/uploads\/2024\/08\/ods2.png 1500w\" sizes=\"(max-width: 100px) 100vw, 100px\" \/> <img loading=\"lazy\" decoding=\"async\" src=\"https:\/\/www.uhu.es\/rutaodsuhu\/wp-content\/uploads\/2024\/08\/ODS3-300x300.png\" width=\"102\" height=\"102\" alt=\"\" class=\"wp-image-201 alignnone size-medium\" srcset=\"https:\/\/www.uhu.es\/rutaodsuhu\/wp-content\/uploads\/2024\/08\/ODS3-300x300.png 300w, https:\/\/www.uhu.es\/rutaodsuhu\/wp-content\/uploads\/2024\/08\/ODS3-150x150.png 150w, https:\/\/www.uhu.es\/rutaodsuhu\/wp-content\/uploads\/2024\/08\/ODS3.png 379w\" sizes=\"(max-width: 102px) 100vw, 102px\" \/> <img loading=\"lazy\" decoding=\"async\" src=\"https:\/\/www.uhu.es\/rutaodsuhu\/wp-content\/uploads\/2024\/08\/ods4-300x300.png\" width=\"102\" height=\"102\" alt=\"\" class=\"wp-image-202 alignnone size-medium\" srcset=\"https:\/\/www.uhu.es\/rutaodsuhu\/wp-content\/uploads\/2024\/08\/ods4-300x300.png 300w, https:\/\/www.uhu.es\/rutaodsuhu\/wp-content\/uploads\/2024\/08\/ods4-150x150.png 150w, https:\/\/www.uhu.es\/rutaodsuhu\/wp-content\/uploads\/2024\/08\/ods4.png 379w\" sizes=\"(max-width: 102px) 100vw, 102px\" \/> <img loading=\"lazy\" decoding=\"async\" src=\"https:\/\/www.uhu.es\/rutaodsuhu\/wp-content\/uploads\/2024\/07\/ods11-300x300.png\" width=\"102\" height=\"102\" alt=\"\" class=\"wp-image-56 alignnone size-medium\" srcset=\"https:\/\/www.uhu.es\/rutaodsuhu\/wp-content\/uploads\/2024\/07\/ods11-300x300.png 300w, https:\/\/www.uhu.es\/rutaodsuhu\/wp-content\/uploads\/2024\/07\/ods11-150x150.png 150w, https:\/\/www.uhu.es\/rutaodsuhu\/wp-content\/uploads\/2024\/07\/ods11.png 382w\" sizes=\"(max-width: 102px) 100vw, 102px\" \/> <img loading=\"lazy\" decoding=\"async\" src=\"https:\/\/www.uhu.es\/rutaodsuhu\/wp-content\/uploads\/2024\/08\/ods12-1-300x300.png\" width=\"102\" height=\"102\" alt=\"\" class=\"wp-image-220 alignnone size-medium\" srcset=\"https:\/\/www.uhu.es\/rutaodsuhu\/wp-content\/uploads\/2024\/08\/ods12-1-300x300.png 300w, https:\/\/www.uhu.es\/rutaodsuhu\/wp-content\/uploads\/2024\/08\/ods12-1-150x150.png 150w, https:\/\/www.uhu.es\/rutaodsuhu\/wp-content\/uploads\/2024\/08\/ods12-1.png 769w\" sizes=\"(max-width: 102px) 100vw, 102px\" \/> <img loading=\"lazy\" decoding=\"async\" src=\"https:\/\/www.uhu.es\/rutaodsuhu\/wp-content\/uploads\/2024\/08\/ods13-298x300.png\" width=\"102\" height=\"103\" alt=\"\" class=\"wp-image-221 alignnone size-medium\" srcset=\"https:\/\/www.uhu.es\/rutaodsuhu\/wp-content\/uploads\/2024\/08\/ods13-298x300.png 298w, https:\/\/www.uhu.es\/rutaodsuhu\/wp-content\/uploads\/2024\/08\/ods13-150x150.png 150w, https:\/\/www.uhu.es\/rutaodsuhu\/wp-content\/uploads\/2024\/08\/ods13.png 375w\" sizes=\"(max-width: 102px) 100vw, 102px\" \/><\/p>\n[\/et_pb_text][\/et_pb_column][\/et_pb_row][et_pb_row _builder_version=\u00bb4.22.1&#8243; _module_preset=\u00bbdefault\u00bb global_colors_info=\u00bb{}\u00bb][et_pb_column type=\u00bb4_4&#8243; _builder_version=\u00bb4.22.1&#8243; _module_preset=\u00bbdefault\u00bb global_colors_info=\u00bb{}\u00bb][et_pb_accordion _builder_version=\u00bb4.22.1&#8243; _module_preset=\u00bbdefault\u00bb animation_style=\u00bbfade\u00bb box_shadow_style=\u00bbpreset3&#8243; box_shadow_vertical=\u00bb5px\u00bb global_colors_info=\u00bb{}\u00bb][et_pb_accordion_item title=\u00bbUbicaci\u00f3n\u00bb _builder_version=\u00bb4.22.1&#8243; _module_preset=\u00bbdefault\u00bb global_colors_info=\u00bb{}\u00bb open=\u00bbon\u00bb]<p style=\"text-align: justify;\">El huerto universitario se encuentra frente a la Facultad de Ciencias del Trabajo, en el Campus del Carmen de la Universidad de Huelva.<\/p>\n[\/et_pb_accordion_item][et_pb_accordion_item title=\u00bbInauguraci\u00f3n\u00bb open=\u00bboff\u00bb _builder_version=\u00bb4.22.1&#8243; _module_preset=\u00bbdefault\u00bb global_colors_info=\u00bb{}\u00bb]<p style=\"text-align: justify;\">El huerto fue inaugurado como un espacio educativo y de investigaci\u00f3n para estudiantes, personal de la UHU y ciudadanos. Su objetivo es promover pr\u00e1cticas sostenibles y de agricultura ecol\u00f3gica.<\/p>\n[\/et_pb_accordion_item][et_pb_accordion_item title=\u00bbMotivaci\u00f3n y Contexto\u00bb _builder_version=\u00bb4.22.1&#8243; _module_preset=\u00bbdefault\u00bb global_colors_info=\u00bb{}\u00bb open=\u00bboff\u00bb]<p style=\"text-align: justify;\">Pr\u00e1cticas Sostenibles: Este espacio ofrece un entorno pr\u00e1ctico para aprender t\u00e9cnicas de cultivo, manejo de biodiversidad y estudio de impactos ambientales.<\/p>\n<p style=\"text-align: justify;\">Concienciaci\u00f3n Alimentaria: Fomenta la concienciaci\u00f3n sobre la importancia de la alimentaci\u00f3n saludable y el respeto por el medio ambiente.<\/p>\n<p style=\"text-align: justify;\">Formaci\u00f3n Acad\u00e9mica: Adem\u00e1s de servir como espacio para pr\u00e1cticas agr\u00edcolas, el huerto enriquece la formaci\u00f3n acad\u00e9mica de los estudiantes en biolog\u00eda, ecolog\u00eda y sostenibilidad.<\/p>\n<p style=\"text-align: justify;\">Cultivos Tradicionales: El huerto busca revitalizar cultivos tradicionales de Huelva, como tomates y pimientos, mediante la distribuci\u00f3n de semillas aut\u00f3ctonas.<\/p>\n<p style=\"text-align: justify;\">Parcelas Individuales: El espacio se ha dividido en 24 parcelas individuales, cada una con un punto de agua y unos 20 metros cuadrados de superficie.<\/p>\n<p style=\"text-align: justify;\">Instalaciones Adicionales: Adem\u00e1s de las parcelas, el huerto cuenta con una casa de aperos y una zona de esparcimiento para actividades comunitarias.<\/p>\n[\/et_pb_accordion_item][et_pb_accordion_item title=\u00bbInvestigaci\u00f3n sobre Agricultura Sostenible\u00bb _builder_version=\u00bb4.22.1&#8243; _module_preset=\u00bbdefault\u00bb global_colors_info=\u00bb{}\u00bb open=\u00bboff\u00bb]<p style=\"text-align: justify;\">En el Campus de la R\u00e1bida de la Universidad de Huelva se llevan a cabo proyectos innovadores sobre agricultura sostenible,\u00a0 en un contexto de creciente preocupaci\u00f3n por la sostenibilidad que que promueve la b\u00fasqueda activa de m\u00e9todos m\u00e1s ecol\u00f3gicos y respetuosos con el medio ambiente. Podemos destacar un proyecto que utiliza un producto biol\u00f3gico como las <strong>\u00a0Microalgas en Producci\u00f3n Integrada<\/strong>, para evaluar el impacto de su aplicaci\u00f3n en el crecimiento y calidad de las plantas de fresa; o <strong>el Proyecto Europeo AgroMIS<\/strong> que busca la <strong>biofortificaci\u00f3n del cultivo de fresa<\/strong> mediante microorganismos y reducci\u00f3n de requerimientos h\u00eddricos.<\/p>\n[\/et_pb_accordion_item][\/et_pb_accordion][\/et_pb_column][\/et_pb_row][\/et_pb_section]\n","protected":false},"excerpt":{"rendered":"<p>Huertos Universitarios El huerto universitario es un&#8230;<\/p>\n","protected":false},"author":1,"featured_media":0,"parent":0,"menu_order":0,"comment_status":"closed","ping_status":"closed","template":"","meta":{"_et_pb_use_builder":"on","_et_pb_old_content":"","_et_gb_content_width":"","footnotes":""},"class_list":["post-185","page","type-page","status-publish","hentry"],"_links":{"self":[{"href":"https:\/\/www.uhu.es\/rutaodsuhu\/wp-json\/wp\/v2\/pages\/185"}],"collection":[{"href":"https:\/\/www.uhu.es\/rutaodsuhu\/wp-json\/wp\/v2\/pages"}],"about":[{"href":"https:\/\/www.uhu.es\/rutaodsuhu\/wp-json\/wp\/v2\/types\/page"}],"author":[{"embeddable":true,"href":"https:\/\/www.uhu.es\/rutaodsuhu\/wp-json\/wp\/v2\/users\/1"}],"replies":[{"embeddable":true,"href":"https:\/\/www.uhu.es\/rutaodsuhu\/wp-json\/wp\/v2\/comments?post=185"}],"version-history":[{"count":12,"href":"https:\/\/www.uhu.es\/rutaodsuhu\/wp-json\/wp\/v2\/pages\/185\/revisions"}],"predecessor-version":[{"id":369,"href":"https:\/\/www.uhu.es\/rutaodsuhu\/wp-json\/wp\/v2\/pages\/185\/revisions\/369"}],"wp:attachment":[{"href":"https:\/\/www.uhu.es\/rutaodsuhu\/wp-json\/wp\/v2\/media?parent=185"}],"curies":[{"name":"wp","href":"https:\/\/api.w.org\/{rel}","templated":true}]}}