{"id":188,"date":"2024-08-28T02:30:32","date_gmt":"2024-08-28T00:30:32","guid":{"rendered":"https:\/\/www.uhu.es\/rutaodsuhu\/?page_id=188"},"modified":"2024-09-19T18:30:23","modified_gmt":"2024-09-19T16:30:23","slug":"energia-y-movilidad-sostenible","status":"publish","type":"page","link":"https:\/\/www.uhu.es\/rutaodsuhu\/energia-y-movilidad-sostenible\/","title":{"rendered":"Energ\u00eda y Movilidad Sostenible"},"content":{"rendered":"\n[et_pb_section fb_built=\u00bb1&#8243; _builder_version=\u00bb4.22.1&#8243; _module_preset=\u00bbdefault\u00bb custom_padding=\u00bb4px|||||\u00bb global_colors_info=\u00bb{}\u00bb][et_pb_row _builder_version=\u00bb4.22.1&#8243; _module_preset=\u00bbdefault\u00bb global_colors_info=\u00bb{}\u00bb][et_pb_column type=\u00bb4_4&#8243; _builder_version=\u00bb4.22.1&#8243; _module_preset=\u00bbdefault\u00bb global_colors_info=\u00bb{}\u00bb][et_pb_text _builder_version=\u00bb4.22.1&#8243; _module_preset=\u00bbdefault\u00bb animation_style=\u00bbfade\u00bb global_colors_info=\u00bb{}\u00bb]<h1 style=\"text-align: center;\"><span style=\"color: #00ff00;\">Energ\u00eda y Movilidad Sostenible<\/span><\/h1>\n<p><span><\/span><\/p>\n<p style=\"text-align: justify;\">La estrategia energ\u00e9tica de la Universidad pasa por incrementar en los pr\u00f3ximos a\u00f1os la producci\u00f3n el\u00e9ctrica para autoconsumo. Para ello ya se ha iniciado una obra para la construcci\u00f3n de marquesinas fotovoltaicas en varios aparcamientos del campus El Carmen: trasera de la Facultad de Derecho, Facultad de Ciencias Experimentales y Servicio de Infraestructura. Con esta inversi\u00f3n se prev\u00e9 cubrir el 16% de la demanda el\u00e9ctrica anual de este campus, lo que va a suponer un ahorro sustancial en la factura el\u00e9ctrica universitaria a la vez que reduciremos la huella de carbono universitaria. Se prev\u00e9 que la obra finalice en diciembre de 2024. En el medio plazo, el objetivo es instalar nuevas plantas de producci\u00f3n, ya sea en cubiertas o en nuevas marquesinas de forma que se reduzca la dependencia del suministro externo. Estas iniciativas contribuyen al cumplimiento de los Objetivos de Desarrollo Sostenible y reflejan el compromiso de la universidad con la sostenibilidad y la energ\u00eda limpia.<\/p>\n[\/et_pb_text][et_pb_video src=\u00bbhttps:\/\/www.uhu.es\/rutaodsuhu\/wp-content\/uploads\/2024\/09\/Video-Energia-y-movilidad-sostenible.mp4&#8243; play_icon_color=\u00bbRGBA(255,255,255,0)\u00bb font_icon=\u00bb&#x49;||divi||400&#8243; _builder_version=\u00bb4.22.1&#8243; _module_preset=\u00bbdefault\u00bb animation_style=\u00bbfade\u00bb hover_enabled=\u00bb0&#8243; border_radii=\u00bbon|1px|1px|1px|1px\u00bb border_width_all=\u00bb1px\u00bb global_colors_info=\u00bb{}\u00bb title_text=\u00bbVideo-Energia-y-movilidad-sostenible\u00bb sticky_enabled=\u00bb0&#8243;][\/et_pb_video][\/et_pb_column][\/et_pb_row][et_pb_row column_structure=\u00bb1_2,1_2&#8243; _builder_version=\u00bb4.22.1&#8243; _module_preset=\u00bbdefault\u00bb custom_padding=\u00bb33px|||||\u00bb box_shadow_style=\u00bbpreset2&#8243; global_colors_info=\u00bb{}\u00bb][et_pb_column type=\u00bb1_2&#8243; _builder_version=\u00bb4.22.1&#8243; _module_preset=\u00bbdefault\u00bb global_colors_info=\u00bb{}\u00bb][et_pb_gallery gallery_ids=\u00bb241,239,240&#8243; fullwidth=\u00bbon\u00bb _builder_version=\u00bb4.22.1&#8243; _module_preset=\u00bbdefault\u00bb custom_margin=\u00bb|||35px|false|false\u00bb hover_transition_duration=\u00bb100ms\u00bb global_colors_info=\u00bb{}\u00bb][\/et_pb_gallery][\/et_pb_column][et_pb_column type=\u00bb1_2&#8243; _builder_version=\u00bb4.22.1&#8243; _module_preset=\u00bbdefault\u00bb global_colors_info=\u00bb{}\u00bb][et_pb_text _builder_version=\u00bb4.22.1&#8243; _module_preset=\u00bbdefault\u00bb custom_padding=\u00bb|20px|||false|false\u00bb global_colors_info=\u00bb{}\u00bb]<p style=\"text-align: justify;\">El Aulario Isidoro Morales result\u00f3 seleccionado para la exposici\u00f3n del XX Premio de Arquitectura del Colegio Oficial de Arquitectos de Huelva y galardonado en los premios internacionales de eficiencia energ\u00e9tica Isover Energy Efficiency Best of Awards (Viena 2009).<\/p>\n<p><span><\/span><\/p>\n<p><img loading=\"lazy\" decoding=\"async\" src=\"https:\/\/www.uhu.es\/rutaodsuhu\/wp-content\/uploads\/2024\/08\/ODS3-300x300.png\" width=\"102\" height=\"102\" alt=\"\" class=\"wp-image-201 alignnone size-medium\" srcset=\"https:\/\/www.uhu.es\/rutaodsuhu\/wp-content\/uploads\/2024\/08\/ODS3-300x300.png 300w, https:\/\/www.uhu.es\/rutaodsuhu\/wp-content\/uploads\/2024\/08\/ODS3-150x150.png 150w, https:\/\/www.uhu.es\/rutaodsuhu\/wp-content\/uploads\/2024\/08\/ODS3.png 379w\" sizes=\"(max-width: 102px) 100vw, 102px\" \/> <img loading=\"lazy\" decoding=\"async\" src=\"https:\/\/www.uhu.es\/rutaodsuhu\/wp-content\/uploads\/2024\/08\/ods7-300x298.png\" width=\"102\" height=\"101\" alt=\"\" class=\"wp-image-236 alignnone size-medium\" srcset=\"https:\/\/www.uhu.es\/rutaodsuhu\/wp-content\/uploads\/2024\/08\/ods7-300x298.png 300w, https:\/\/www.uhu.es\/rutaodsuhu\/wp-content\/uploads\/2024\/08\/ods7-150x150.png 150w, https:\/\/www.uhu.es\/rutaodsuhu\/wp-content\/uploads\/2024\/08\/ods7.png 375w\" sizes=\"(max-width: 102px) 100vw, 102px\" \/> <img loading=\"lazy\" decoding=\"async\" src=\"https:\/\/www.uhu.es\/rutaodsuhu\/wp-content\/uploads\/2024\/08\/ods9-300x300.png\" width=\"102\" height=\"102\" alt=\"\" class=\"wp-image-237 alignnone size-medium\" srcset=\"https:\/\/www.uhu.es\/rutaodsuhu\/wp-content\/uploads\/2024\/08\/ods9-300x300.png 300w, https:\/\/www.uhu.es\/rutaodsuhu\/wp-content\/uploads\/2024\/08\/ods9-150x150.png 150w, https:\/\/www.uhu.es\/rutaodsuhu\/wp-content\/uploads\/2024\/08\/ods9.png 379w\" sizes=\"(max-width: 102px) 100vw, 102px\" \/> <img loading=\"lazy\" decoding=\"async\" src=\"https:\/\/www.uhu.es\/rutaodsuhu\/wp-content\/uploads\/2024\/07\/ods11-300x300.png\" width=\"102\" height=\"102\" alt=\"\" class=\"wp-image-56 alignnone size-medium\" srcset=\"https:\/\/www.uhu.es\/rutaodsuhu\/wp-content\/uploads\/2024\/07\/ods11-300x300.png 300w, https:\/\/www.uhu.es\/rutaodsuhu\/wp-content\/uploads\/2024\/07\/ods11-150x150.png 150w, https:\/\/www.uhu.es\/rutaodsuhu\/wp-content\/uploads\/2024\/07\/ods11.png 382w\" sizes=\"(max-width: 102px) 100vw, 102px\" \/> <img loading=\"lazy\" decoding=\"async\" src=\"https:\/\/www.uhu.es\/rutaodsuhu\/wp-content\/uploads\/2024\/08\/ods13-298x300.png\" width=\"102\" height=\"103\" alt=\"\" class=\"wp-image-221 alignnone size-medium\" srcset=\"https:\/\/www.uhu.es\/rutaodsuhu\/wp-content\/uploads\/2024\/08\/ods13-298x300.png 298w, https:\/\/www.uhu.es\/rutaodsuhu\/wp-content\/uploads\/2024\/08\/ods13-150x150.png 150w, https:\/\/www.uhu.es\/rutaodsuhu\/wp-content\/uploads\/2024\/08\/ods13.png 375w\" sizes=\"(max-width: 102px) 100vw, 102px\" \/><\/p>\n[\/et_pb_text][\/et_pb_column][\/et_pb_row][et_pb_row _builder_version=\u00bb4.22.1&#8243; _module_preset=\u00bbdefault\u00bb global_colors_info=\u00bb{}\u00bb][et_pb_column type=\u00bb4_4&#8243; _builder_version=\u00bb4.22.1&#8243; _module_preset=\u00bbdefault\u00bb global_colors_info=\u00bb{}\u00bb][et_pb_toggle title=\u00bbAparcamientos para Bicicletas \u00bb _builder_version=\u00bb4.22.1&#8243; _module_preset=\u00bbdefault\u00bb global_colors_info=\u00bb{}\u00bb]<p style=\"text-align: justify;\"><strong>Ubicaci\u00f3n: <\/strong>Campus del Carmen, Universidad de Huelva, Espa\u00f1a. Tres m\u00f3dulos de aparcamientos; uno frente al Edificio Jos\u00e9 Isidoro Morales y otro frente a la Facultad de Experimentales y un tercero junto al Paulo Freire.<\/p>\n<p style=\"text-align: justify;\"><strong>Inauguraci\u00f3n: <\/strong>Aparcamientos protegidos para bicicletas\u00a0desde el a\u00f1o 2021.<\/p>\n<p style=\"text-align: justify;\"><strong>Motivaci\u00f3n y Contexto: <\/strong>Este espacio fue inaugurado para fomentar el uso de la bicicleta como medio de transporte, esta iniciativa contribuye a\u00a0eliminar el tr\u00e1fico de veh\u00edculos dentro del campus. Estos aparcamientos fueron posibles gracias a un convenio entre la universidad y la\u00a0Fundaci\u00f3n Atlantic Copper, que aport\u00f3 la financiaci\u00f3n. Cada m\u00f3dulo tiene capacidad para\u00a032 bicicletas. Los m\u00f3dulos de aparcamiento est\u00e1n protegidos con acceso restringido mediante\u00a0tarjeta de ingreso\u00a0para la comunidad universitaria.<\/p>\n[\/et_pb_toggle][et_pb_toggle title=\u00bbCargadores El\u00e9ctricos de Coches  \u00bb _builder_version=\u00bb4.22.1&#8243; _module_preset=\u00bbdefault\u00bb global_colors_info=\u00bb{}\u00bb]<p style=\"text-align: justify;\"><strong>Ubicaci\u00f3n:<\/strong>\u00a0Campus del Carmen, Universidad de Huelva, Espa\u00f1a. Se cuentan con tres estaciones de carga para veh\u00edculos el\u00e9ctricos ubicadas en el\u00a0edificio Jos\u00e9 Isidoro Morales\u00a0y en los\u00a0aparcamientos de la Facultad de Ciencias Experimentales y en la parte trasera del Comedor Universitario, adem\u00e1s de dos estaciones dobles de carga r\u00e1pida. ESt\u00e1 en marcha la ampliaci\u00f3n de 6 dobles m\u00e1s en la Facultad de Derecho y 10 dobles junto a la Residencia Universitaria, todos ellos de carga r\u00e1pida.<\/p>\n<p style=\"text-align: justify;\"><strong>Motivaci\u00f3n y contexto:<\/strong> Las estaciones de carga para veh\u00edculos el\u00e9ctricos ofrecen\u00a0carga doble: una r\u00e1pida y otra lenta, especialmente pensada para veh\u00edculos el\u00e9ctricos ligeros como motocicletas o patinetes. El uso est\u00e1 abierto tanto a la comunidad universitaria (docentes, estudiantes o personal administrativo)\u00a0 como a la ciudadan\u00eda.<\/p>\n[\/et_pb_toggle][et_pb_toggle title=\u00bbPaneles Fotovoltaicos   \u00bb _builder_version=\u00bb4.22.1&#8243; _module_preset=\u00bbdefault\u00bb global_colors_info=\u00bb{}\u00bb]<p style=\"text-align: justify;\"><strong>Ubicaci\u00f3n: <\/strong>Campus del Carmen, Universidad de Huelva, Espa\u00f1a. Instalaci\u00f3n de paneles fotovoltaicos en la fachada del edificio Jos\u00e9 Isidoro Morales.<\/p>\n<p style=\"text-align: justify;\"><strong>Motivaci\u00f3n y contexto:<\/strong> La Universidad de Huelva ha dado un impulso estrat\u00e9gico hacia la sostenibilidad y la eficiencia energ\u00e9tica mediante la instalaci\u00f3n de placas fotovoltaicas en diferentes edificios del campus. Por ejemplo, gran parte de la fachada del edificio Jos\u00e9 Isidoro Morales est\u00e1 cubierta con paneles fotovoltaicos. La fachada fotovoltaica del edificio Jos\u00e9 Isidoro Morales, perfectamente integrada arquitect\u00f3nicamente es capaz de producir hasta 72 kWp. Tambi\u00e9n se han instalado estos paneles en las cubiertas del Comedor Universitario y del edificio Juan Agust\u00edn de Mora. Las tres plantas fotovoltaicas que existen en la actualidad en la universidad producen un total de 92,5 kWp.<\/p>\n[\/et_pb_toggle][\/et_pb_column][\/et_pb_row][\/et_pb_section]\n","protected":false},"excerpt":{"rendered":"<p>Energ\u00eda y Movilidad Sostenible La estrategia&#8230;<\/p>\n","protected":false},"author":1,"featured_media":0,"parent":0,"menu_order":0,"comment_status":"closed","ping_status":"closed","template":"","meta":{"_et_pb_use_builder":"on","_et_pb_old_content":"","_et_gb_content_width":"","footnotes":""},"class_list":["post-188","page","type-page","status-publish","hentry"],"_links":{"self":[{"href":"https:\/\/www.uhu.es\/rutaodsuhu\/wp-json\/wp\/v2\/pages\/188"}],"collection":[{"href":"https:\/\/www.uhu.es\/rutaodsuhu\/wp-json\/wp\/v2\/pages"}],"about":[{"href":"https:\/\/www.uhu.es\/rutaodsuhu\/wp-json\/wp\/v2\/types\/page"}],"author":[{"embeddable":true,"href":"https:\/\/www.uhu.es\/rutaodsuhu\/wp-json\/wp\/v2\/users\/1"}],"replies":[{"embeddable":true,"href":"https:\/\/www.uhu.es\/rutaodsuhu\/wp-json\/wp\/v2\/comments?post=188"}],"version-history":[{"count":8,"href":"https:\/\/www.uhu.es\/rutaodsuhu\/wp-json\/wp\/v2\/pages\/188\/revisions"}],"predecessor-version":[{"id":358,"href":"https:\/\/www.uhu.es\/rutaodsuhu\/wp-json\/wp\/v2\/pages\/188\/revisions\/358"}],"wp:attachment":[{"href":"https:\/\/www.uhu.es\/rutaodsuhu\/wp-json\/wp\/v2\/media?parent=188"}],"curies":[{"name":"wp","href":"https:\/\/api.w.org\/{rel}","templated":true}]}}

Energía y Movilidad Sostenible

[et_pb_section fb_built=»1&#8243; _builder_version=»4.22.1&#8243; _module_preset=»default» custom_padding=»4px|||||» global_colors_info=»{}»][et_pb_row _builder_version=»4.22.1&#8243; _module_preset=»default» global_colors_info=»{}»][et_pb_column type=»4_4&#8243; _builder_version=»4.22.1&#8243; _module_preset=»default» global_colors_info=»{}»][et_pb_text _builder_version=»4.22.1&#8243; _module_preset=»default» animation_style=»fade» global_colors_info=»{}»]<h1 style="text-align: center;"><span style="color: #00ff00;">Energía y Movilidad Sostenible</span></h1>
<p><span></span></p>
<p style="text-align: justify;">La estrategia energética de la Universidad pasa por incrementar en los próximos años la producción eléctrica para autoconsumo. Para ello ya se ha iniciado una obra para la construcción de marquesinas fotovoltaicas en varios aparcamientos del campus El Carmen: trasera de la Facultad de Derecho, Facultad de Ciencias Experimentales y Servicio de Infraestructura. Con esta inversión se prevé cubrir el 16% de la demanda eléctrica anual de este campus, lo que va a suponer un ahorro sustancial en la factura eléctrica universitaria a la vez que reduciremos la huella de carbono universitaria. Se prevé que la obra finalice en diciembre de 2024. En el medio plazo, el objetivo es instalar nuevas plantas de producción, ya sea en cubiertas o en nuevas marquesinas de forma que se reduzca la dependencia del suministro externo. Estas iniciativas contribuyen al cumplimiento de los Objetivos de Desarrollo Sostenible y reflejan el compromiso de la universidad con la sostenibilidad y la energía limpia.</p>
[/et_pb_text][et_pb_video src=»https://www.uhu.es/rutaodsuhu/wp-content/uploads/2024/09/Video-Energia-y-movilidad-sostenible.mp4&#8243; play_icon_color=»RGBA(255,255,255,0)» font_icon=»&#x49;||divi||400&#8243; _builder_version=»4.22.1&#8243; _module_preset=»default» animation_style=»fade» hover_enabled=»0&#8243; border_radii=»on|1px|1px|1px|1px» border_width_all=»1px» global_colors_info=»{}» title_text=»Video-Energia-y-movilidad-sostenible» sticky_enabled=»0&#8243;][/et_pb_video][/et_pb_column][/et_pb_row][et_pb_row column_structure=»1_2,1_2&#8243; _builder_version=»4.22.1&#8243; _module_preset=»default» custom_padding=»33px|||||» box_shadow_style=»preset2&#8243; global_colors_info=»{}»][et_pb_column type=»1_2&#8243; _builder_version=»4.22.1&#8243; _module_preset=»default» global_colors_info=»{}»][et_pb_gallery gallery_ids=»241,239,240&#8243; fullwidth=»on» _builder_version=»4.22.1&#8243; _module_preset=»default» custom_margin=»|||35px|false|false» hover_transition_duration=»100ms» global_colors_info=»{}»][/et_pb_gallery][/et_pb_column][et_pb_column type=»1_2&#8243; _builder_version=»4.22.1&#8243; _module_preset=»default» global_colors_info=»{}»][et_pb_text _builder_version=»4.22.1&#8243; _module_preset=»default» custom_padding=»|20px|||false|false» global_colors_info=»{}»]<p style="text-align: justify;">El Aulario Isidoro Morales resultó seleccionado para la exposición del XX Premio de Arquitectura del Colegio Oficial de Arquitectos de Huelva y galardonado en los premios internacionales de eficiencia energética Isover Energy Efficiency Best of Awards (Viena 2009).</p>
<p><span></span></p>
<p><img loading="lazy" decoding="async" src="https://www.uhu.es/rutaodsuhu/wp-content/uploads/2024/08/ODS3-300x300.png" width="102" height="102" alt="" class="wp-image-201 alignnone size-medium" srcset="https://www.uhu.es/rutaodsuhu/wp-content/uploads/2024/08/ODS3-300x300.png 300w, https://www.uhu.es/rutaodsuhu/wp-content/uploads/2024/08/ODS3-150x150.png 150w, https://www.uhu.es/rutaodsuhu/wp-content/uploads/2024/08/ODS3.png 379w" sizes="(max-width: 102px) 100vw, 102px" /> <img loading="lazy" decoding="async" src="https://www.uhu.es/rutaodsuhu/wp-content/uploads/2024/08/ods7-300x298.png" width="102" height="101" alt="" class="wp-image-236 alignnone size-medium" srcset="https://www.uhu.es/rutaodsuhu/wp-content/uploads/2024/08/ods7-300x298.png 300w, https://www.uhu.es/rutaodsuhu/wp-content/uploads/2024/08/ods7-150x150.png 150w, https://www.uhu.es/rutaodsuhu/wp-content/uploads/2024/08/ods7.png 375w" sizes="(max-width: 102px) 100vw, 102px" /> <img loading="lazy" decoding="async" src="https://www.uhu.es/rutaodsuhu/wp-content/uploads/2024/08/ods9-300x300.png" width="102" height="102" alt="" class="wp-image-237 alignnone size-medium" srcset="https://www.uhu.es/rutaodsuhu/wp-content/uploads/2024/08/ods9-300x300.png 300w, https://www.uhu.es/rutaodsuhu/wp-content/uploads/2024/08/ods9-150x150.png 150w, https://www.uhu.es/rutaodsuhu/wp-content/uploads/2024/08/ods9.png 379w" sizes="(max-width: 102px) 100vw, 102px" /> <img loading="lazy" decoding="async" src="https://www.uhu.es/rutaodsuhu/wp-content/uploads/2024/07/ods11-300x300.png" width="102" height="102" alt="" class="wp-image-56 alignnone size-medium" srcset="https://www.uhu.es/rutaodsuhu/wp-content/uploads/2024/07/ods11-300x300.png 300w, https://www.uhu.es/rutaodsuhu/wp-content/uploads/2024/07/ods11-150x150.png 150w, https://www.uhu.es/rutaodsuhu/wp-content/uploads/2024/07/ods11.png 382w" sizes="(max-width: 102px) 100vw, 102px" /> <img loading="lazy" decoding="async" src="https://www.uhu.es/rutaodsuhu/wp-content/uploads/2024/08/ods13-298x300.png" width="102" height="103" alt="" class="wp-image-221 alignnone size-medium" srcset="https://www.uhu.es/rutaodsuhu/wp-content/uploads/2024/08/ods13-298x300.png 298w, https://www.uhu.es/rutaodsuhu/wp-content/uploads/2024/08/ods13-150x150.png 150w, https://www.uhu.es/rutaodsuhu/wp-content/uploads/2024/08/ods13.png 375w" sizes="(max-width: 102px) 100vw, 102px" /></p>
[/et_pb_text][/et_pb_column][/et_pb_row][et_pb_row _builder_version=»4.22.1&#8243; _module_preset=»default» global_colors_info=»{}»][et_pb_column type=»4_4&#8243; _builder_version=»4.22.1&#8243; _module_preset=»default» global_colors_info=»{}»][et_pb_toggle title=»Aparcamientos para Bicicletas » _builder_version=»4.22.1&#8243; _module_preset=»default» global_colors_info=»{}»]<p style="text-align: justify;"><strong>Ubicación: </strong>Campus del Carmen, Universidad de Huelva, España. Tres módulos de aparcamientos; uno frente al Edificio José Isidoro Morales y otro frente a la Facultad de Experimentales y un tercero junto al Paulo Freire.</p>
<p style="text-align: justify;"><strong>Inauguración: </strong>Aparcamientos protegidos para bicicletas desde el año 2021.</p>
<p style="text-align: justify;"><strong>Motivación y Contexto: </strong>Este espacio fue inaugurado para fomentar el uso de la bicicleta como medio de transporte, esta iniciativa contribuye a eliminar el tráfico de vehículos dentro del campus. Estos aparcamientos fueron posibles gracias a un convenio entre la universidad y la Fundación Atlantic Copper, que aportó la financiación. Cada módulo tiene capacidad para 32 bicicletas. Los módulos de aparcamiento están protegidos con acceso restringido mediante tarjeta de ingreso para la comunidad universitaria.</p>
[/et_pb_toggle][et_pb_toggle title=»Cargadores Eléctricos de Coches  » _builder_version=»4.22.1&#8243; _module_preset=»default» global_colors_info=»{}»]<p style="text-align: justify;"><strong>Ubicación:</strong> Campus del Carmen, Universidad de Huelva, España. Se cuentan con tres estaciones de carga para vehículos eléctricos ubicadas en el edificio José Isidoro Morales y en los aparcamientos de la Facultad de Ciencias Experimentales y en la parte trasera del Comedor Universitario, además de dos estaciones dobles de carga rápida. EStá en marcha la ampliación de 6 dobles más en la Facultad de Derecho y 10 dobles junto a la Residencia Universitaria, todos ellos de carga rápida.</p>
<p style="text-align: justify;"><strong>Motivación y contexto:</strong> Las estaciones de carga para vehículos eléctricos ofrecen carga doble: una rápida y otra lenta, especialmente pensada para vehículos eléctricos ligeros como motocicletas o patinetes. El uso está abierto tanto a la comunidad universitaria (docentes, estudiantes o personal administrativo)  como a la ciudadanía.</p>
[/et_pb_toggle][et_pb_toggle title=»Paneles Fotovoltaicos   » _builder_version=»4.22.1&#8243; _module_preset=»default» global_colors_info=»{}»]<p style="text-align: justify;"><strong>Ubicación: </strong>Campus del Carmen, Universidad de Huelva, España. Instalación de paneles fotovoltaicos en la fachada del edificio José Isidoro Morales.</p>
<p style="text-align: justify;"><strong>Motivación y contexto:</strong> La Universidad de Huelva ha dado un impulso estratégico hacia la sostenibilidad y la eficiencia energética mediante la instalación de placas fotovoltaicas en diferentes edificios del campus. Por ejemplo, gran parte de la fachada del edificio José Isidoro Morales está cubierta con paneles fotovoltaicos. La fachada fotovoltaica del edificio José Isidoro Morales, perfectamente integrada arquitectónicamente es capaz de producir hasta 72 kWp. También se han instalado estos paneles en las cubiertas del Comedor Universitario y del edificio Juan Agustín de Mora. Las tres plantas fotovoltaicas que existen en la actualidad en la universidad producen un total de 92,5 kWp.</p>
[/et_pb_toggle][/et_pb_column][/et_pb_row][/et_pb_section]

<p>Energía y Movilidad Sostenible La estrategia&#8230;</p>
