{"id":265,"date":"2024-08-29T09:32:38","date_gmt":"2024-08-29T07:32:38","guid":{"rendered":"https:\/\/www.uhu.es\/rutaodsuhu\/?page_id=265"},"modified":"2024-08-29T12:50:39","modified_gmt":"2024-08-29T10:50:39","slug":"el-jardin-de-las-ausentes","status":"publish","type":"page","link":"https:\/\/www.uhu.es\/rutaodsuhu\/el-jardin-de-las-ausentes\/","title":{"rendered":"Jard\u00edn de las Ausentes"},"content":{"rendered":"<p>[et_pb_section fb_built=\u00bb1&#8243; _builder_version=\u00bb4.22.1&#8243; _module_preset=\u00bbdefault\u00bb custom_padding=\u00bb4px|||||\u00bb global_colors_info=\u00bb{}\u00bb][et_pb_row _builder_version=\u00bb4.22.1&#8243; _module_preset=\u00bbdefault\u00bb global_colors_info=\u00bb{}\u00bb][et_pb_column type=\u00bb4_4&#8243; _builder_version=\u00bb4.22.1&#8243; _module_preset=\u00bbdefault\u00bb global_colors_info=\u00bb{}\u00bb][et_pb_text _builder_version=\u00bb4.22.1&#8243; _module_preset=\u00bbdefault\u00bb animation_style=\u00bbfade\u00bb global_colors_info=\u00bb{}\u00bb]<\/p>\n<h1 style=\"text-align: center;\"><span style=\"color: #cc99ff;\">Jard\u00edn de las Ausentes<\/span><\/h1>\n<p><span style=\"color: #cc99ff;\"><\/span><\/p>\n<p style=\"text-align: justify;\">El <strong>Jard\u00edn de las Ausentes<\/strong> en el Campus de El Carmen de la Universidad de Huelva es un poderoso homenaje a las v\u00edctimas mortales de violencia machista. Con 43 rosas, una por cada mujer asesinada en 2020 por sus parejas, este espacio simb\u00f3lico nos recuerda la urgente necesidad de erradicar la violencia de g\u00e9nero. El arte y el feminismo se entrelazan en esta obra conmovedora, que refleja el compromiso continuo de la Universidad de Huelva con la igualdad de g\u00e9nero.<\/p>\n<ul style=\"text-align: justify;\"><\/ul>\n<p>[\/et_pb_text][et_pb_video src=\u00bbhttps:\/\/www.uhu.es\/rutaodsuhu\/wp-content\/uploads\/2024\/08\/Jardin-de-las-Ausentes.mp4&#8243; play_icon_color=\u00bbRGBA(255,255,255,0)\u00bb font_icon=\u00bb&#x49;||divi||400&#8243; _builder_version=\u00bb4.22.1&#8243; _module_preset=\u00bbdefault\u00bb hover_enabled=\u00bb0&#8243; border_radii=\u00bbon|1px|1px|1px|1px\u00bb border_width_all=\u00bb1px\u00bb global_colors_info=\u00bb{}\u00bb animation_style=\u00bbfade\u00bb sticky_enabled=\u00bb0&#8243;][\/et_pb_video][\/et_pb_column][\/et_pb_row][et_pb_row column_structure=\u00bb1_2,1_2&#8243; _builder_version=\u00bb4.22.1&#8243; _module_preset=\u00bbdefault\u00bb custom_padding=\u00bb33px|||||\u00bb box_shadow_style=\u00bbpreset2&#8243; global_colors_info=\u00bb{}\u00bb][et_pb_column type=\u00bb1_2&#8243; _builder_version=\u00bb4.22.1&#8243; _module_preset=\u00bbdefault\u00bb global_colors_info=\u00bb{}\u00bb][et_pb_gallery gallery_ids=\u00bb287,288,289,290,291&#8243; fullwidth=\u00bbon\u00bb _builder_version=\u00bb4.22.1&#8243; _module_preset=\u00bbdefault\u00bb custom_margin=\u00bb|||35px|false|false\u00bb hover_transition_duration=\u00bb100ms\u00bb global_colors_info=\u00bb{}\u00bb][\/et_pb_gallery][\/et_pb_column][et_pb_column type=\u00bb1_2&#8243; _builder_version=\u00bb4.22.1&#8243; _module_preset=\u00bbdefault\u00bb global_colors_info=\u00bb{}\u00bb][et_pb_text _builder_version=\u00bb4.22.1&#8243; _module_preset=\u00bbdefault\u00bb custom_padding=\u00bb|20px|||false|false\u00bb global_colors_info=\u00bb{}\u00bb]<\/p>\n<p style=\"text-align: justify;\">El arte y el feminismo se entrelazan en esta obra conmovedora, que refleja el compromiso continuo de la Universidad de Huelva con la igualdad de g\u00e9nero.<br \/><span><\/span><\/p>\n<p style=\"text-align: justify;\"><strong><\/strong><\/p>\n<p>\u00a0 \u00a0 \u00a0 \u00a0 \u00a0 \u00a0 \u00a0 \u00a0 \u00a0 \u00a0 \u00a0 \u00a0 \u00a0<img loading=\"lazy\" decoding=\"async\" src=\"https:\/\/www.uhu.es\/rutaodsuhu\/wp-content\/uploads\/2024\/08\/ods5-300x300.png\" width=\"102\" height=\"102\" alt=\"\" class=\"wp-image-261 alignnone size-medium\" srcset=\"https:\/\/www.uhu.es\/rutaodsuhu\/wp-content\/uploads\/2024\/08\/ods5-300x300.png 300w, https:\/\/www.uhu.es\/rutaodsuhu\/wp-content\/uploads\/2024\/08\/ods5-150x150.png 150w, https:\/\/www.uhu.es\/rutaodsuhu\/wp-content\/uploads\/2024\/08\/ods5.png 376w\" sizes=\"(max-width: 102px) 100vw, 102px\" \/>\u00a0<img loading=\"lazy\" decoding=\"async\" src=\"https:\/\/www.uhu.es\/rutaodsuhu\/wp-content\/uploads\/2024\/08\/ods10-297x300.png\" width=\"101\" height=\"102\" alt=\"\" class=\"wp-image-262 alignnone size-medium\" srcset=\"https:\/\/www.uhu.es\/rutaodsuhu\/wp-content\/uploads\/2024\/08\/ods10-297x300.png 297w, https:\/\/www.uhu.es\/rutaodsuhu\/wp-content\/uploads\/2024\/08\/ods10-150x150.png 150w, https:\/\/www.uhu.es\/rutaodsuhu\/wp-content\/uploads\/2024\/08\/ods10.png 375w\" sizes=\"(max-width: 101px) 100vw, 101px\" \/>\u00a0<\/p>\n<p>[\/et_pb_text][\/et_pb_column][\/et_pb_row][et_pb_row _builder_version=\u00bb4.22.1&#8243; _module_preset=\u00bbdefault\u00bb global_colors_info=\u00bb{}\u00bb][et_pb_column type=\u00bb4_4&#8243; _builder_version=\u00bb4.22.1&#8243; _module_preset=\u00bbdefault\u00bb global_colors_info=\u00bb{}\u00bb][et_pb_accordion _builder_version=\u00bb4.22.1&#8243; _module_preset=\u00bbdefault\u00bb animation_style=\u00bbfade\u00bb box_shadow_style=\u00bbpreset3&#8243; box_shadow_vertical=\u00bb5px\u00bb global_colors_info=\u00bb{}\u00bb][et_pb_accordion_item title=\u00bbUbicaci\u00f3n\u00bb open=\u00bboff\u00bb _builder_version=\u00bb4.22.1&#8243; _module_preset=\u00bbdefault\u00bb global_colors_info=\u00bb{}\u00bb]<\/p>\n<p style=\"text-align: justify;\">Campus de El Carmen, Universidad de Huelva.<\/p>\n<p>[\/et_pb_accordion_item][et_pb_accordion_item title=\u00bbInauguraci\u00f3n\u00bb _builder_version=\u00bb4.22.1&#8243; _module_preset=\u00bbdefault\u00bb global_colors_info=\u00bb{}\u00bb open=\u00bboff\u00bb]<\/p>\n<p style=\"text-align: justify;\">Este espacio, inaugurado en 2019, forma parte de la renovada estructura del edificio Juan Agust\u00edn de Mora y Garrocho de la UHU. Su creaci\u00f3n tiene como objetivo principal hacer m\u00e1s acogedora y atractiva la universidad para los estudiantes internacionales.<\/p>\n<p>[\/et_pb_accordion_item][et_pb_accordion_item title=\u00bbMensaje y Significado\u00bb _builder_version=\u00bb4.22.1&#8243; _module_preset=\u00bbdefault\u00bb global_colors_info=\u00bb{}\u00bb open=\u00bbon\u00bb]<\/p>\n<p style=\"text-align: justify;\">Este jard\u00edn simb\u00f3lico rinde homenaje a las v\u00edctimas mortales de violencia machista. En \u00e9l, se han plantado 43 rosas, una por cada mujer que fue asesinada en el a\u00f1o 2020 por sus parejas.<\/p>\n<p>[\/et_pb_accordion_item][et_pb_accordion_item title=\u00bbEscultura Central\u00bb _builder_version=\u00bb4.22.1&#8243; _module_preset=\u00bbdefault\u00bb global_colors_info=\u00bb{}\u00bb open=\u00bboff\u00bb]<\/p>\n<p style=\"text-align: justify;\">En el coraz\u00f3n del jard\u00edn, se encuentra una escultura realizada en una sola pieza de piedra artificial blanca. El rostro esculpido de una mujer con expresi\u00f3n de dolor domina la escena. La leyenda grabada en la escultura dice: \u201cYo soy una de las 43 mujeres que perdimos la vida en 2020 por violencia de g\u00e9nero en Espa\u00f1a\u201d.<\/p>\n<p>[\/et_pb_accordion_item][et_pb_accordion_item title=\u00bbImpacto y Reflexi\u00f3n\u00bb _builder_version=\u00bb4.22.1&#8243; _module_preset=\u00bbdefault\u00bb global_colors_info=\u00bb{}\u00bb open=\u00bboff\u00bb]<\/p>\n<p style=\"text-align: justify;\">La obra es directa y conmovedora. Quienes se acerquen a contemplarla no quedar\u00e1n indiferentes. La artista Mar\u00eda JL Hierro y el escultor Mart\u00edn Lagares subrayaron la responsabilidad de abordar un tema tan delicado y urgente. El Jard\u00edn de las Ausentes es un recordatorio poderoso de la necesidad de erradicar la violencia de g\u00e9nero.<\/p>\n<p>[\/et_pb_accordion_item][et_pb_accordion_item title=\u00bbEntrevista y Creaci\u00f3n\u00bb _builder_version=\u00bb4.22.1&#8243; _module_preset=\u00bbdefault\u00bb global_colors_info=\u00bb{}\u00bb open=\u00bboff\u00bb]<\/p>\n<p style=\"text-align: justify;\">Mar\u00eda JL Hierro, ex alumna de la Universidad de Huelva, explic\u00f3 que originalmente se hab\u00eda previsto una placa informativa en lugar de una escultura, pero consideraron que era insuficiente para transmitir el mensaje. La escultura, al hablar en primera persona, impacta profundamente y nos conecta con la realidad de las v\u00edctimas.<\/p>\n<p>[\/et_pb_accordion_item][et_pb_accordion_item title=\u00bbFeminismo y Arte\u00bb _builder_version=\u00bb4.22.1&#8243; _module_preset=\u00bbdefault\u00bb global_colors_info=\u00bb{}\u00bb open=\u00bboff\u00bb]<\/p>\n<p style=\"text-align: justify;\">La creaci\u00f3n art\u00edstica tiene el poder de crear conciencia social. El Jard\u00edn de las Ausentes es un ejemplo de c\u00f3mo el arte puede reflejar y abordar los problemas de nuestra sociedad. La presencia del feminismo en la creaci\u00f3n art\u00edstica es incontestable.<\/p>\n<p style=\"text-align: justify;\">Durante la celebraci\u00f3n del 8 de Marzo, D\u00eda Internacional de la Mujer, el Jard\u00edn de las Ausentes adquiere protagonismo. En \u00e9l por ejemplo, se procedi\u00f3 a la lectura del Manifiesto Institucional de la Red de Unidades de Igualdad de G\u00e9nero de las Universidades Espa\u00f1olas para la Excelencia Universitaria (RUIGEU). Esto demuestra el compromiso continuo de la Universidad de Huelva con la igualdad de g\u00e9nero.<\/p>\n<p style=\"text-align: justify;\">Adem\u00e1s, es alentador saber que la Universidad de Huelva cuenta con un\u00a0<strong>Master de G\u00e9nero, Identidades y Ciudadan\u00eda<\/strong>\u00a0desde 2004, que ha recibido premios y contribuye a la formaci\u00f3n y sensibilizaci\u00f3n en temas de g\u00e9nero. Asimismo, el\u00a0<strong>II Plan de Igualdad efectiva entre hombres y mujeres 2020-2024<\/strong>\u00a0es una herramienta importante para avanzar hacia la eliminaci\u00f3n de las desigualdades de g\u00e9nero en la instituci\u00f3n y en la sociedad.<\/p>\n<p>[\/et_pb_accordion_item][et_pb_accordion_item title=\u00bbInformaci\u00f3n adicional\u00bb _builder_version=\u00bb4.22.1&#8243; _module_preset=\u00bbdefault\u00bb global_colors_info=\u00bb{}\u00bb open=\u00bboff\u00bb]<\/p>\n<p><a href=\"https:\/\/www.youtube.com\/watch?app=desktop&amp;v=--bODtgUs9Y\">https:\/\/www.youtube.com\/watch?app=desktop&amp;v=&#8211;bODtgUs9Y<\/a> <a href=\"https:\/\/www.youtube.com\/watch?v=NrkydKCD4g0&amp;t=31s\">https:\/\/www.youtube.com\/watch?v=NrkydKCD4g0&amp;t=31s<\/a><\/p>\n<p>[\/et_pb_accordion_item][\/et_pb_accordion][\/et_pb_column][\/et_pb_row][\/et_pb_section]<\/p>\n","protected":false},"excerpt":{"rendered":"<p>Jard\u00edn de las Ausentes El Jard\u00edn de las Ausentes en&#8230;<\/p>\n","protected":false},"author":1,"featured_media":0,"parent":0,"menu_order":0,"comment_status":"closed","ping_status":"closed","template":"","meta":{"_et_pb_use_builder":"on","_et_pb_old_content":"","_et_gb_content_width":"","footnotes":""},"class_list":["post-265","page","type-page","status-publish","hentry"],"_links":{"self":[{"href":"https:\/\/www.uhu.es\/rutaodsuhu\/wp-json\/wp\/v2\/pages\/265"}],"collection":[{"href":"https:\/\/www.uhu.es\/rutaodsuhu\/wp-json\/wp\/v2\/pages"}],"about":[{"href":"https:\/\/www.uhu.es\/rutaodsuhu\/wp-json\/wp\/v2\/types\/page"}],"author":[{"embeddable":true,"href":"https:\/\/www.uhu.es\/rutaodsuhu\/wp-json\/wp\/v2\/users\/1"}],"replies":[{"embeddable":true,"href":"https:\/\/www.uhu.es\/rutaodsuhu\/wp-json\/wp\/v2\/comments?post=265"}],"version-history":[{"count":6,"href":"https:\/\/www.uhu.es\/rutaodsuhu\/wp-json\/wp\/v2\/pages\/265\/revisions"}],"predecessor-version":[{"id":348,"href":"https:\/\/www.uhu.es\/rutaodsuhu\/wp-json\/wp\/v2\/pages\/265\/revisions\/348"}],"wp:attachment":[{"href":"https:\/\/www.uhu.es\/rutaodsuhu\/wp-json\/wp\/v2\/media?parent=265"}],"curies":[{"name":"wp","href":"https:\/\/api.w.org\/{rel}","templated":true}]}}

Jardín de las Ausentes

<p>[et_pb_section fb_built=»1&#8243; _builder_version=»4.22.1&#8243; _module_preset=»default» custom_padding=»4px|||||» global_colors_info=»{}»][et_pb_row _builder_version=»4.22.1&#8243; _module_preset=»default» global_colors_info=»{}»][et_pb_column type=»4_4&#8243; _builder_version=»4.22.1&#8243; _module_preset=»default» global_colors_info=»{}»][et_pb_text _builder_version=»4.22.1&#8243; _module_preset=»default» animation_style=»fade» global_colors_info=»{}»]</p>
<h1 style="text-align: center;"><span style="color: #cc99ff;">Jardín de las Ausentes</span></h1>
<p><span style="color: #cc99ff;"></span></p>
<p style="text-align: justify;">El <strong>Jardín de las Ausentes</strong> en el Campus de El Carmen de la Universidad de Huelva es un poderoso homenaje a las víctimas mortales de violencia machista. Con 43 rosas, una por cada mujer asesinada en 2020 por sus parejas, este espacio simbólico nos recuerda la urgente necesidad de erradicar la violencia de género. El arte y el feminismo se entrelazan en esta obra conmovedora, que refleja el compromiso continuo de la Universidad de Huelva con la igualdad de género.</p>
<ul style="text-align: justify;"></ul>
<p>[/et_pb_text][et_pb_video src=»https://www.uhu.es/rutaodsuhu/wp-content/uploads/2024/08/Jardin-de-las-Ausentes.mp4&#8243; play_icon_color=»RGBA(255,255,255,0)» font_icon=»&#x49;||divi||400&#8243; _builder_version=»4.22.1&#8243; _module_preset=»default» hover_enabled=»0&#8243; border_radii=»on|1px|1px|1px|1px» border_width_all=»1px» global_colors_info=»{}» animation_style=»fade» sticky_enabled=»0&#8243;][/et_pb_video][/et_pb_column][/et_pb_row][et_pb_row column_structure=»1_2,1_2&#8243; _builder_version=»4.22.1&#8243; _module_preset=»default» custom_padding=»33px|||||» box_shadow_style=»preset2&#8243; global_colors_info=»{}»][et_pb_column type=»1_2&#8243; _builder_version=»4.22.1&#8243; _module_preset=»default» global_colors_info=»{}»][et_pb_gallery gallery_ids=»287,288,289,290,291&#8243; fullwidth=»on» _builder_version=»4.22.1&#8243; _module_preset=»default» custom_margin=»|||35px|false|false» hover_transition_duration=»100ms» global_colors_info=»{}»][/et_pb_gallery][/et_pb_column][et_pb_column type=»1_2&#8243; _builder_version=»4.22.1&#8243; _module_preset=»default» global_colors_info=»{}»][et_pb_text _builder_version=»4.22.1&#8243; _module_preset=»default» custom_padding=»|20px|||false|false» global_colors_info=»{}»]</p>
<p style="text-align: justify;">El arte y el feminismo se entrelazan en esta obra conmovedora, que refleja el compromiso continuo de la Universidad de Huelva con la igualdad de género.<br /><span></span></p>
<p style="text-align: justify;"><strong></strong></p>
<p>                         <img loading="lazy" decoding="async" src="https://www.uhu.es/rutaodsuhu/wp-content/uploads/2024/08/ods5-300x300.png" width="102" height="102" alt="" class="wp-image-261 alignnone size-medium" srcset="https://www.uhu.es/rutaodsuhu/wp-content/uploads/2024/08/ods5-300x300.png 300w, https://www.uhu.es/rutaodsuhu/wp-content/uploads/2024/08/ods5-150x150.png 150w, https://www.uhu.es/rutaodsuhu/wp-content/uploads/2024/08/ods5.png 376w" sizes="(max-width: 102px) 100vw, 102px" /> <img loading="lazy" decoding="async" src="https://www.uhu.es/rutaodsuhu/wp-content/uploads/2024/08/ods10-297x300.png" width="101" height="102" alt="" class="wp-image-262 alignnone size-medium" srcset="https://www.uhu.es/rutaodsuhu/wp-content/uploads/2024/08/ods10-297x300.png 297w, https://www.uhu.es/rutaodsuhu/wp-content/uploads/2024/08/ods10-150x150.png 150w, https://www.uhu.es/rutaodsuhu/wp-content/uploads/2024/08/ods10.png 375w" sizes="(max-width: 101px) 100vw, 101px" /> </p>
<p>[/et_pb_text][/et_pb_column][/et_pb_row][et_pb_row _builder_version=»4.22.1&#8243; _module_preset=»default» global_colors_info=»{}»][et_pb_column type=»4_4&#8243; _builder_version=»4.22.1&#8243; _module_preset=»default» global_colors_info=»{}»][et_pb_accordion _builder_version=»4.22.1&#8243; _module_preset=»default» animation_style=»fade» box_shadow_style=»preset3&#8243; box_shadow_vertical=»5px» global_colors_info=»{}»][et_pb_accordion_item title=»Ubicación» open=»off» _builder_version=»4.22.1&#8243; _module_preset=»default» global_colors_info=»{}»]</p>
<p style="text-align: justify;">Campus de El Carmen, Universidad de Huelva.</p>
<p>[/et_pb_accordion_item][et_pb_accordion_item title=»Inauguración» _builder_version=»4.22.1&#8243; _module_preset=»default» global_colors_info=»{}» open=»off»]</p>
<p style="text-align: justify;">Este espacio, inaugurado en 2019, forma parte de la renovada estructura del edificio Juan Agustín de Mora y Garrocho de la UHU. Su creación tiene como objetivo principal hacer más acogedora y atractiva la universidad para los estudiantes internacionales.</p>
<p>[/et_pb_accordion_item][et_pb_accordion_item title=»Mensaje y Significado» _builder_version=»4.22.1&#8243; _module_preset=»default» global_colors_info=»{}» open=»on»]</p>
<p style="text-align: justify;">Este jardín simbólico rinde homenaje a las víctimas mortales de violencia machista. En él, se han plantado 43 rosas, una por cada mujer que fue asesinada en el año 2020 por sus parejas.</p>
<p>[/et_pb_accordion_item][et_pb_accordion_item title=»Escultura Central» _builder_version=»4.22.1&#8243; _module_preset=»default» global_colors_info=»{}» open=»off»]</p>
<p style="text-align: justify;">En el corazón del jardín, se encuentra una escultura realizada en una sola pieza de piedra artificial blanca. El rostro esculpido de una mujer con expresión de dolor domina la escena. La leyenda grabada en la escultura dice: “Yo soy una de las 43 mujeres que perdimos la vida en 2020 por violencia de género en España”.</p>
<p>[/et_pb_accordion_item][et_pb_accordion_item title=»Impacto y Reflexión» _builder_version=»4.22.1&#8243; _module_preset=»default» global_colors_info=»{}» open=»off»]</p>
<p style="text-align: justify;">La obra es directa y conmovedora. Quienes se acerquen a contemplarla no quedarán indiferentes. La artista María JL Hierro y el escultor Martín Lagares subrayaron la responsabilidad de abordar un tema tan delicado y urgente. El Jardín de las Ausentes es un recordatorio poderoso de la necesidad de erradicar la violencia de género.</p>
<p>[/et_pb_accordion_item][et_pb_accordion_item title=»Entrevista y Creación» _builder_version=»4.22.1&#8243; _module_preset=»default» global_colors_info=»{}» open=»off»]</p>
<p style="text-align: justify;">María JL Hierro, ex alumna de la Universidad de Huelva, explicó que originalmente se había previsto una placa informativa en lugar de una escultura, pero consideraron que era insuficiente para transmitir el mensaje. La escultura, al hablar en primera persona, impacta profundamente y nos conecta con la realidad de las víctimas.</p>
<p>[/et_pb_accordion_item][et_pb_accordion_item title=»Feminismo y Arte» _builder_version=»4.22.1&#8243; _module_preset=»default» global_colors_info=»{}» open=»off»]</p>
<p style="text-align: justify;">La creación artística tiene el poder de crear conciencia social. El Jardín de las Ausentes es un ejemplo de cómo el arte puede reflejar y abordar los problemas de nuestra sociedad. La presencia del feminismo en la creación artística es incontestable.</p>
<p style="text-align: justify;">Durante la celebración del 8 de Marzo, Día Internacional de la Mujer, el Jardín de las Ausentes adquiere protagonismo. En él por ejemplo, se procedió a la lectura del Manifiesto Institucional de la Red de Unidades de Igualdad de Género de las Universidades Españolas para la Excelencia Universitaria (RUIGEU). Esto demuestra el compromiso continuo de la Universidad de Huelva con la igualdad de género.</p>
<p style="text-align: justify;">Además, es alentador saber que la Universidad de Huelva cuenta con un <strong>Master de Género, Identidades y Ciudadanía</strong> desde 2004, que ha recibido premios y contribuye a la formación y sensibilización en temas de género. Asimismo, el <strong>II Plan de Igualdad efectiva entre hombres y mujeres 2020-2024</strong> es una herramienta importante para avanzar hacia la eliminación de las desigualdades de género en la institución y en la sociedad.</p>
<p>[/et_pb_accordion_item][et_pb_accordion_item title=»Información adicional» _builder_version=»4.22.1&#8243; _module_preset=»default» global_colors_info=»{}» open=»off»]</p>
<p><a href="https://www.youtube.com/watch?app=desktop&amp;v=--bODtgUs9Y">https://www.youtube.com/watch?app=desktop&amp;v=&#8211;bODtgUs9Y</a> <a href="https://www.youtube.com/watch?v=NrkydKCD4g0&amp;t=31s">https://www.youtube.com/watch?v=NrkydKCD4g0&amp;t=31s</a></p>
<p>[/et_pb_accordion_item][/et_pb_accordion][/et_pb_column][/et_pb_row][/et_pb_section]</p>

<p>Jardín de las Ausentes El Jardín de las Ausentes en&#8230;</p>
